{"id":5824,"date":"2019-10-08T16:20:54","date_gmt":"2019-10-08T14:20:54","guid":{"rendered":"https:\/\/us.edu.pl\/student\/?page_id=5824"},"modified":"2020-03-11T13:37:28","modified_gmt":"2020-03-11T12:37:28","slug":"lukasz-pieszczek","status":"publish","type":"page","link":"https:\/\/us.edu.pl\/student\/dzialalnosc-studencka\/wyroznienia-jm-rektora-us\/laureaci-poprzednich-edycji\/laureaci-2019\/doktoranci\/lukasz-pieszczek\/","title":{"rendered":"\u0141ukasz Pieszczek"},"content":{"rendered":"<p>[vc_row][vc_column]\r\n                <div class=\"text-modules reverse\">\r\n                    <div class=\"container\">\r\n                        <h3 class=\"section-title section-title_border-bottom\">\u0141ukasz Pieszczek<\/h3> \r\n                        <div class=\"row m-0\">\r\n                            <div class=\"text-modules__content\">\r\n                                <\/p>\n<p class=\"rtejustify\">Doktorant IV roku nauk chemicznych na Wydziale Matematyki Fizyki i Chemii, Instytut Chemii. Od 2016 roku przewodnicz\u0105cy Wydzia\u0142owej Rady Samorz\u0105du Doktorant\u00f3w, a od 2017 roku przewodnicz\u0105cy Uczelnianej Rady Samorz\u0105du Doktorant\u00f3w. Dzia\u0142a r\u00f3wnie\u017c w Niezale\u017cnej Grupie Popularyzator\u00f3w Nauki Eksperymentatorzy. Jest g\u0142\u00f3wnym moderatorem tre\u015bci na profilu Instytutu Chemii Uniwersytetu \u015al\u0105skiego.\u00a0 By\u0142 przedstawicielem doktorant\u00f3w i cz\u0142onkiem zespo\u0142u ds. analizy kszta\u0142cenia i ds. analizy potencja\u0142u naukowego w projekcie ProspectUS. Prowadzi\u0142 zaj\u0119cia w ramach Uniwersytetu \u015al\u0105skiego Maturzyst\u00f3w. Jest autorem artyku\u0142\u00f3w naukowych, organizowa\u0142 i bra\u0142 udzia\u0142 w konferencjach, m.in. konferencji \u201ePomi\u0119dzy Naukami\u201d (Science Beyond Disciplines), kt\u00f3rej rozwini\u0119ciem jest pomys\u0142odawc\u0105. Kieruje w\u0142asnymi projektami naukowymi, np. \u201eHiperspektrogramy \u2013 nowy spos\u00f3b opisu, wizualizacji i interpretacji chemicznej niehomogeniczno\u015bci pr\u00f3bek sta\u0142ych\u201d, na kt\u00f3ry otrzyma\u0142 grant z Narodowego Centrum Nauki. Otrzyma\u0142 nagrod\u0119 za najlepsz\u0105 prezentacj\u0119 m\u0142odego badacza w ramach sympozjum \u201eChromatographic Methods of Investigating Organic Compounds\u201d.<br \/>\nZainteresowania i pasje: ogl\u0105danie starych radzieckich film\u00f3w propagandowych.<\/p>\n<p class=\"rtejustify\"><span style=\"font-size: 10pt\">Powy\u017csze informacje nie obejmuj\u0105 ca\u0142ej dzia\u0142alno\u015bci danej osoby i zosta\u0142y opublikowane w ramach konkursu JM Rektora Uniwersytetu \u015al\u0105skiego. Dane pochodz\u0105 z czerwca 2019 r.<\/span><\/p>\n<div class=\"mt-3\"><\/div>\r\n                            <\/div>\r\n                            \r\n                            <div class=\"text-modules__img\"><img src=\"https:\/\/us.edu.pl\/student\/wp-content\/uploads\/sites\/3\/Nieprzypisane\/pieszczek_lukasz_3.jpg\" alt=\"img\"><\/div>\r\n                        <\/div>\r\n                    <\/div>\r\n                <\/div>[myprefix_functional_icons print_icon=&#8221;yes&#8221;][\/vc_column][\/vc_row]<\/p>","protected":false},"excerpt":{"rendered":"<p>[vc_row][vc_column][myprefix_functional_icons print_icon=&#8221;yes&#8221;][\/vc_column][\/vc_row] [&#8230;]<\/p>\n<p><a class=\"btn btn-secondary understrap-read-more-link\" href=\"https:\/\/us.edu.pl\/student\/dzialalnosc-studencka\/wyroznienia-jm-rektora-us\/laureaci-poprzednich-edycji\/laureaci-2019\/doktoranci\/lukasz-pieszczek\/\">Read More&#8230;<\/a><\/p>\n","protected":false},"author":1,"featured_media":5825,"parent":19685,"menu_order":0,"comment_status":"closed","ping_status":"closed","template":"","meta":{"_expiration-date-status":"saved","_expiration-date":0,"_expiration-date-type":"","_expiration-date-categories":[],"_expiration-date-options":[]},"acf":[],"_links":{"self":[{"href":"https:\/\/us.edu.pl\/student\/wp-json\/wp\/v2\/pages\/5824"}],"collection":[{"href":"https:\/\/us.edu.pl\/student\/wp-json\/wp\/v2\/pages"}],"about":[{"href":"https:\/\/us.edu.pl\/student\/wp-json\/wp\/v2\/types\/page"}],"author":[{"embeddable":true,"href":"https:\/\/us.edu.pl\/student\/wp-json\/wp\/v2\/users\/1"}],"replies":[{"embeddable":true,"href":"https:\/\/us.edu.pl\/student\/wp-json\/wp\/v2\/comments?post=5824"}],"version-history":[{"count":0,"href":"https:\/\/us.edu.pl\/student\/wp-json\/wp\/v2\/pages\/5824\/revisions"}],"up":[{"embeddable":true,"href":"https:\/\/us.edu.pl\/student\/wp-json\/wp\/v2\/pages\/19685"}],"wp:featuredmedia":[{"embeddable":true,"href":"https:\/\/us.edu.pl\/student\/wp-json\/wp\/v2\/media\/5825"}],"wp:attachment":[{"href":"https:\/\/us.edu.pl\/student\/wp-json\/wp\/v2\/media?parent=5824"}],"curies":[{"name":"wp","href":"https:\/\/api.w.org\/{rel}","templated":true}]}}