{"id":5828,"date":"2019-10-08T16:23:18","date_gmt":"2019-10-08T14:23:18","guid":{"rendered":"https:\/\/us.edu.pl\/student\/?page_id=5828"},"modified":"2020-03-11T13:37:30","modified_gmt":"2020-03-11T12:37:30","slug":"grzegorz-tomasiak","status":"publish","type":"page","link":"https:\/\/us.edu.pl\/student\/dzialalnosc-studencka\/wyroznienia-jm-rektora-us\/laureaci-poprzednich-edycji\/laureaci-2019\/doktoranci\/grzegorz-tomasiak\/","title":{"rendered":"Grzegorz Tomasiak"},"content":{"rendered":"<p>[vc_row el_class=&#8221;container&#8221;][vc_column el_class=&#8221;container&#8221;]\r\n                <div class=\"text-modules reverse\">\r\n                    <div class=\"container\">\r\n                        <h3 class=\"section-title section-title_border-bottom\">Grzegorz Tomasiak<\/h3> \r\n                        <div class=\"row m-0\">\r\n                            <div class=\"text-modules__content\">\r\n                                <\/p>\n<p class=\"rtejustify\">Doktorant IV roku sztuk pi\u0119knych na Wydziale Artystycznym. Od 2012 roku kurator wystaw w Galerii Sztuki w Starym Opactwie w Rudach. Koordynator projektu \u201eNoc w Starym Opactwie\u201d. Realizator autorskiego programu warsztat\u00f3w na \u201ecysterskim szlaku\u201d dla dzieci i m\u0142odzie\u017cy w Pocysterskim Zespole Klasztorno-Pa\u0142acowym w Rudach. Inicjator powo\u0142ania Uniwersytetu Trzeciego Wieku w Rudach. Autor licznych wystaw og\u00f3lnopolskich i mi\u0119dzynarodowych, np. Kwadraty w ikonie, Galeria 33, Ostr\u00f3w Wielkopolski (2019); SZTUKA TERAZ, Gmach G\u0142\u00f3wny, Muzeum Narodowe w Krakowie, Krak\u00f3w (2019, 2018); Przenikanie, Galeria Sztuki w Starym Opactwie (2018); Wymiar do<sup>2<\/sup>\u00a0w malarstwie tablicowym, Filharmonia Opolska im. J\u00f3zefa Elsnera, Opole (2017); Ikony, Oddzia\u0142 Grafiki im. Paw\u0142a Stellera Muzeum Historii Katowic, w ramach M\u0142odzi Arty\u015bci w \u201eKr\u0119gach Sztuki\u201d. 8. EDYCJA FESTIWALU EUROPEJSKICH SZK\u00d3\u0141 ARTYSTYCZNYCH I TW\u00d3RCZO\u015aCI \u201eKR\u0118GI SZTUKI\u201d, Katowice (2017);\u00a0 Wok\u00f3\u0142 malarstwa tablicowego, Teatr Ziemi Rybnickiej, Rybnik (2016). Bra\u0142 czynny udzia\u0142 w konferencjach, m.in. I Mi\u0119dzynarodowe Sympozjum Malarsko-Rze\u017abiarskiego ,,Barwy Wolno\u015bci\u201d, gdzie wyg\u0142osi\u0142 wyk\u0142ad \u201eKodowanie ikon\u201d. Jego najwi\u0119ksze osi\u0105gni\u0119cia to ikona w Zbiorach Watyka\u0144skich (2004) i zdobycie najwa\u017cniejszych szczyt\u00f3w Polskich Tatr.<\/p>\n<p><span style=\"font-size: 10pt\">Powy\u017csze informacje nie obejmuj\u0105 ca\u0142ej dzia\u0142alno\u015bci danej osoby i zosta\u0142y opublikowane w ramach konkursu JM Rektora Uniwersytetu \u015al\u0105skiego. Dane pochodz\u0105 z czerwca 2019 r.<\/span> \r\n                                <div class=\"mt-3\"><\/div>\r\n                            <\/div>\r\n                            \r\n                            <div class=\"text-modules__img\"><img src=\"https:\/\/us.edu.pl\/student\/wp-content\/uploads\/sites\/3\/Nieprzypisane\/tomasiak_grzegorz_3-e1642505792282.jpg\" alt=\"img\"><\/div>\r\n                        <\/div>\r\n                    <\/div>\r\n                <\/div>[myprefix_functional_icons print_icon=&#8221;yes&#8221;][\/vc_column][\/vc_row]<\/p>","protected":false},"excerpt":{"rendered":"<p>[vc_row el_class=&#8221;container&#8221;][vc_column el_class=&#8221;container&#8221;][myprefix_functional_icons print_icon=&#8221;yes&#8221;][\/vc_column][\/vc_row] [&#8230;]<\/p>\n<p><a class=\"btn btn-secondary understrap-read-more-link\" href=\"https:\/\/us.edu.pl\/student\/dzialalnosc-studencka\/wyroznienia-jm-rektora-us\/laureaci-poprzednich-edycji\/laureaci-2019\/doktoranci\/grzegorz-tomasiak\/\">Read More&#8230;<\/a><\/p>\n","protected":false},"author":1,"featured_media":5829,"parent":19685,"menu_order":0,"comment_status":"closed","ping_status":"closed","template":"","meta":{"_expiration-date-status":"saved","_expiration-date":0,"_expiration-date-type":"","_expiration-date-categories":[],"_expiration-date-options":[]},"acf":[],"_links":{"self":[{"href":"https:\/\/us.edu.pl\/student\/wp-json\/wp\/v2\/pages\/5828"}],"collection":[{"href":"https:\/\/us.edu.pl\/student\/wp-json\/wp\/v2\/pages"}],"about":[{"href":"https:\/\/us.edu.pl\/student\/wp-json\/wp\/v2\/types\/page"}],"author":[{"embeddable":true,"href":"https:\/\/us.edu.pl\/student\/wp-json\/wp\/v2\/users\/1"}],"replies":[{"embeddable":true,"href":"https:\/\/us.edu.pl\/student\/wp-json\/wp\/v2\/comments?post=5828"}],"version-history":[{"count":0,"href":"https:\/\/us.edu.pl\/student\/wp-json\/wp\/v2\/pages\/5828\/revisions"}],"up":[{"embeddable":true,"href":"https:\/\/us.edu.pl\/student\/wp-json\/wp\/v2\/pages\/19685"}],"wp:featuredmedia":[{"embeddable":true,"href":"https:\/\/us.edu.pl\/student\/wp-json\/wp\/v2\/media\/5829"}],"wp:attachment":[{"href":"https:\/\/us.edu.pl\/student\/wp-json\/wp\/v2\/media?parent=5828"}],"curies":[{"name":"wp","href":"https:\/\/api.w.org\/{rel}","templated":true}]}}