{"id":5837,"date":"2019-10-08T16:31:32","date_gmt":"2019-10-08T14:31:32","guid":{"rendered":"https:\/\/us.edu.pl\/student\/?page_id=5837"},"modified":"2020-03-11T13:43:24","modified_gmt":"2020-03-11T12:43:24","slug":"ewa-domagala","status":"publish","type":"page","link":"https:\/\/us.edu.pl\/student\/dzialalnosc-studencka\/wyroznienia-jm-rektora-us\/laureaci-poprzednich-edycji\/laureaci-2019\/uniwersytet-slaski-dzieci\/ewa-domagala\/","title":{"rendered":"Ewa Domaga\u0142a"},"content":{"rendered":"<p>[vc_row el_class=&#8221;container&#8221;][vc_column el_class=&#8221;container&#8221;]\r\n                <div class=\"text-modules reverse\">\r\n                    <div class=\"container\">\r\n                        <h3 class=\"section-title section-title_border-bottom\">Ewa Domaga\u0142a<\/h3> <h3 class=\"subtitle text-modules__subtitle\">(M\u0142odzi Naukowcy)<\/h3>\r\n                        <div class=\"row m-0\">\r\n                            <div class=\"text-modules__content\">\r\n                                <\/p>\n<p class=\"rtejustify\">Uniwersytet \u015al\u0105ski jest dla Ewy miejscem, gdzie poznaje ciekawe, pe\u0142ne\u00a0 pasji osoby, zdobywa cenne informacje oraz odkrywa swoje talenty.\u00a0 W\u015br\u00f3d swoich osi\u0105gni\u0119\u0107 wymienia zostanie laureatk\u0105 Og\u00f3lnopolskiego Konkursu Przedmiotowego ALBUS z przyrody (maj 2019), 40 miejsce w wojew\u00f3dztwie w konkursie \u201eAlfik matematyczny\u201d (listopad 2018), III miejsce w XIV Mi\u0119dzyszkolnym Konkursie \u201ePiku\u015b Matematyczny\u201d (maj 2017), 54 miejsce w wojew\u00f3dztwie w\u00a0 III edycji konkursu \u201eMaks Matematyczny\u201d (marzec 2017), uczestnictwo w p\u00f3\u0142fina\u0142ach XXV\u00a0 konkursu \u201eNudna Matematyka\u201d (pa\u017adziernik 2016), 12. miejsce w og\u00f3lnopolskim konkursie \u201eDyktando (nie tylko) dla mistrz\u00f3w\u201d (grudzie\u0144 2015). Jej\u00a0zainteresowania i pasje to fotografia, muzyka, jazda na \u0142y\u017cwach i rolkach. Ulubionym cytatem uczyni\u0142a ten, kt\u00f3ry m\u00f3wi, \u017ce \u201eka\u017cdy jest panem w\u0142asnego losu\u201d.<\/p>\n<p class=\"rtejustify\"><span style=\"font-size: 10pt\">Powy\u017csze informacje nie obejmuj\u0105 ca\u0142ej dzia\u0142alno\u015bci danej osoby i zosta\u0142y opublikowane w ramach konkursu JM Rektora Uniwersytetu \u015al\u0105skiego. Dane pochodz\u0105 z czerwca 2019 r.<\/span><\/p>\n<div class=\"mt-3\"><\/div>\r\n                            <\/div>\r\n                            \r\n                            <div class=\"text-modules__img\"><img src=\"https:\/\/us.edu.pl\/student\/wp-content\/uploads\/sites\/3\/Nieprzypisane\/domagala_ewa_2.jpg\" alt=\"img\"><\/div>\r\n                        <\/div>\r\n                    <\/div>\r\n                <\/div>[myprefix_functional_icons print_icon=&#8221;yes&#8221;][\/vc_column][\/vc_row]<\/p>","protected":false},"excerpt":{"rendered":"<p>[vc_row el_class=&#8221;container&#8221;][vc_column el_class=&#8221;container&#8221;][myprefix_functional_icons print_icon=&#8221;yes&#8221;][\/vc_column][\/vc_row] [&#8230;]<\/p>\n<p><a class=\"btn btn-secondary understrap-read-more-link\" href=\"https:\/\/us.edu.pl\/student\/dzialalnosc-studencka\/wyroznienia-jm-rektora-us\/laureaci-poprzednich-edycji\/laureaci-2019\/uniwersytet-slaski-dzieci\/ewa-domagala\/\">Read More&#8230;<\/a><\/p>\n","protected":false},"author":1,"featured_media":5838,"parent":19689,"menu_order":0,"comment_status":"closed","ping_status":"closed","template":"","meta":{"_expiration-date-status":"saved","_expiration-date":0,"_expiration-date-type":"","_expiration-date-categories":[],"_expiration-date-options":[]},"acf":[],"_links":{"self":[{"href":"https:\/\/us.edu.pl\/student\/wp-json\/wp\/v2\/pages\/5837"}],"collection":[{"href":"https:\/\/us.edu.pl\/student\/wp-json\/wp\/v2\/pages"}],"about":[{"href":"https:\/\/us.edu.pl\/student\/wp-json\/wp\/v2\/types\/page"}],"author":[{"embeddable":true,"href":"https:\/\/us.edu.pl\/student\/wp-json\/wp\/v2\/users\/1"}],"replies":[{"embeddable":true,"href":"https:\/\/us.edu.pl\/student\/wp-json\/wp\/v2\/comments?post=5837"}],"version-history":[{"count":0,"href":"https:\/\/us.edu.pl\/student\/wp-json\/wp\/v2\/pages\/5837\/revisions"}],"up":[{"embeddable":true,"href":"https:\/\/us.edu.pl\/student\/wp-json\/wp\/v2\/pages\/19689"}],"wp:featuredmedia":[{"embeddable":true,"href":"https:\/\/us.edu.pl\/student\/wp-json\/wp\/v2\/media\/5838"}],"wp:attachment":[{"href":"https:\/\/us.edu.pl\/student\/wp-json\/wp\/v2\/media?parent=5837"}],"curies":[{"name":"wp","href":"https:\/\/api.w.org\/{rel}","templated":true}]}}

Ewa Domagała

<p>[vc_row el_class=&#8221;container&#8221;][vc_column el_class=&#8221;container&#8221;]
                <div class="text-modules reverse">
                    <div class="container">
                        <h3 class="section-title section-title_border-bottom">Ewa Domagała</h3> <h3 class="subtitle text-modules__subtitle">(Młodzi Naukowcy)</h3>
                        <div class="row m-0">
                            <div class="text-modules__content">
                                </p>
<p class="rtejustify">Uniwersytet Śląski jest dla Ewy miejscem, gdzie poznaje ciekawe, pełne  pasji osoby, zdobywa cenne informacje oraz odkrywa swoje talenty.  Wśród swoich osiągnięć wymienia zostanie laureatką Ogólnopolskiego Konkursu Przedmiotowego ALBUS z przyrody (maj 2019), 40 miejsce w województwie w konkursie „Alfik matematyczny” (listopad 2018), III miejsce w XIV Międzyszkolnym Konkursie „Pikuś Matematyczny” (maj 2017), 54 miejsce w województwie w  III edycji konkursu „Maks Matematyczny” (marzec 2017), uczestnictwo w półfinałach XXV  konkursu „Nudna Matematyka” (październik 2016), 12. miejsce w ogólnopolskim konkursie „Dyktando (nie tylko) dla mistrzów” (grudzień 2015). Jej zainteresowania i pasje to fotografia, muzyka, jazda na łyżwach i rolkach. Ulubionym cytatem uczyniła ten, który mówi, że „każdy jest panem własnego losu”.</p>
<p class="rtejustify"><span style="font-size: 10pt">Powyższe informacje nie obejmują całej działalności danej osoby i zostały opublikowane w ramach konkursu JM Rektora Uniwersytetu Śląskiego. Dane pochodzą z czerwca 2019 r.</span></p>
<div class="mt-3"></div>
                            </div>
                            
                            <div class="text-modules__img"><img src="https://us.edu.pl/student/wp-content/uploads/sites/3/Nieprzypisane/domagala_ewa_2.jpg" alt="img"></div>
                        </div>
                    </div>
                </div>[myprefix_functional_icons print_icon=&#8221;yes&#8221;][/vc_column][/vc_row]</p>
