{"id":58577,"date":"2025-08-25T09:40:19","date_gmt":"2025-08-25T07:40:19","guid":{"rendered":"https:\/\/us.edu.pl\/student\/?page_id=58577"},"modified":"2025-08-25T10:53:24","modified_gmt":"2025-08-25T08:53:24","slug":"chorzow","status":"publish","type":"page","link":"https:\/\/us.edu.pl\/student\/nowy-student\/nowy-student-pierwsze-kroki\/chorzow\/","title":{"rendered":"CHORZ\u00d3W"},"content":{"rendered":"<p>[vc_row][vc_column]\r\n                <div class=\"text-modules\">\r\n                    <div class=\"container\">\r\n                        <h3 class=\"page-title text__title\">Chorz\u00f3w:<\/h3>\r\n                        <div class=\"text-modules__content\"><p><span style=\"font-weight: 400;\">Lista przystank\u00f3w:<\/span><a href=\"https:\/\/rj.metropoliaztm.pl\/przystanki\/chorzow\/\"><span style=\"font-weight: 400;\">https:\/\/rj.metropoliaztm.pl\/przystanki\/chorzow\/<\/span><\/a><\/p>\n<p><span style=\"font-weight: 400;\">Wyszukiwarka po\u0142\u0105cze\u0144: <\/span><a href=\"https:\/\/rj.metropoliaztm.pl\/mapa\/\"><span style=\"font-weight: 400;\">https:\/\/rj.metropoliaztm.pl\/mapa\/<\/span><\/a><\/p>\n<p><span style=\"font-weight: 400;\">Mapa stacji Metroroweru: <\/span><a href=\"https:\/\/metrorower.transportgzm.pl\/jak-to-dziala\/\"><span style=\"font-weight: 400;\">https:\/\/metrorower.transportgzm.pl\/jak-to-dziala\/<\/span><\/a><\/p>\n<p>&nbsp;<\/p>\n<h3><b>Wydzia\u0142 Nauk \u015acis\u0142ych i Technicznych \u2013 budynek g\u0142\u00f3wny<\/b><\/h3>\n<p><span style=\"font-weight: 400;\">Adres: 75 Pu\u0142ku Piechoty 1A, 41-500 Chorz\u00f3w<\/span><\/p>\n<p><b>Dojazd samochodem:<\/b><span style=\"font-weight: 400;\"> Dost\u0119pne parkingi uczelniane wewn\u0105trz kampusu.<\/span><\/p>\n<p><b>Rower:<\/b><span style=\"font-weight: 400;\"> Stojaki rowerowe przy wej\u015bciu. Brak stacji roweru miejskiego w promieniu 500m.<\/span><\/p>\n<p><b>Przystanki autobusowe (\u2264\u202f1\u202fkm):<\/b><span style=\"font-weight: 400;\"> Chorz\u00f3w Wojskowe Centrum Rekrutacji, Chorz\u00f3w Szko\u0142a 38, Chorz\u00f3w Gwarecka, Chorz\u00f3w Centrum Edukacji, Chorz\u00f3w Nomiarki,\u00a0 Chorz\u00f3w Uniwersytet PKP<\/span><\/p>\n<p><b>Dworzec kolejowy:<\/b><span style=\"font-weight: 400;\"> Chorz\u00f3w Uniwersytet &#8211; 700m (ok. 10 min pieszo)<\/span><\/p>\n<p>&nbsp;<\/p>\n<h3><b>Budynek H<\/b><\/h3>\n<p><b>Adres:<\/b><span style=\"font-weight: 400;\"> 75 Pu\u0142ku Piechoty 1, 41-500 Chorz\u00f3w<\/span><\/p>\n<p><b>Dojazd samochodem:<\/b><span style=\"font-weight: 400;\"> Dost\u0119pne parkingi uczelniane wewn\u0105trz kampusu.<\/span><\/p>\n<p><b>Rower:<\/b><span style=\"font-weight: 400;\"> Stojaki rowerowe przy wej\u015bciu. Brak stacji roweru miejskiego w promieniu 500m.<\/span><\/p>\n<p><b>Przystanki autobusowe (\u2264\u202f1\u202fkm):<\/b><span style=\"font-weight: 400;\"> Chorz\u00f3w Wojskowe Centrum Rekrutacji, Chorz\u00f3w Szko\u0142a 38, Chorz\u00f3w Gwarecka, Chorz\u00f3w Centrum Edukacji, Chorz\u00f3w Nomiarki, Chorz\u00f3w Uniwersytet PKP<\/span><\/p>\n<p><b>Dworzec kolejowy:<\/b><span style=\"font-weight: 400;\"> Chorz\u00f3w Uniwersytet &#8211; 700m (ok. 10 min pieszo)<\/span><\/p>\n<p>&nbsp;<\/p>\n<h3><b>Budynek L<\/b><\/h3>\n<p><b>Adres:<\/b><span style=\"font-weight: 400;\"> 75 Pu\u0142ku Piechoty 1, 41-500 Chorz\u00f3w<\/span><\/p>\n<p><b>Dojazd samochodem:<\/b><span style=\"font-weight: 400;\">\u00a0 Dost\u0119pne parkingi uczelniane wewn\u0105trz kampusu.<\/span><\/p>\n<p><b>Rower:<\/b><span style=\"font-weight: 400;\"> Stojaki rowerowe przy wej\u015bciu. Brak stacji roweru miejskiego w promieniu 500m.<\/span><\/p>\n<p><b>Przystanki autobusowe (\u2264\u202f1\u202fkm):<\/b><span style=\"font-weight: 400;\"> Chorz\u00f3w Wojskowe Centrum Rekrutacji, Chorz\u00f3w Szko\u0142a 38, Chorz\u00f3w Gwarecka, Chorz\u00f3w Centrum Edukacji, Chorz\u00f3w Nomiarki, Chorz\u00f3w Uniwersytet PKP<\/span><\/p>\n<p><b>Dworzec kolejowy:<\/b><span style=\"font-weight: 400;\"> Chorz\u00f3w Uniwersytet &#8211; 700m (ok. 10 min pieszo)<\/span><\/p>\n<\/div>\r\n                    <\/div>\r\n                <\/div>[\/vc_column][vc_column width=&#8221;1\/3&#8243;][\/vc_column][\/vc_row]<\/p>","protected":false},"excerpt":{"rendered":"<p>[vc_row][vc_column][\/vc_column][vc_column width=&#8221;1\/3&#8243;][\/vc_column][\/vc_row] [&#8230;]<\/p>\n<p><a class=\"btn btn-secondary understrap-read-more-link\" href=\"https:\/\/us.edu.pl\/student\/nowy-student\/nowy-student-pierwsze-kroki\/chorzow\/\">Read More&#8230;<\/a><\/p>\n","protected":false},"author":7205,"featured_media":0,"parent":4377,"menu_order":0,"comment_status":"closed","ping_status":"closed","template":"","meta":{"_expiration-date-status":"","_expiration-date":0,"_expiration-date-type":"","_expiration-date-categories":[],"_expiration-date-options":[]},"acf":[],"_links":{"self":[{"href":"https:\/\/us.edu.pl\/student\/wp-json\/wp\/v2\/pages\/58577"}],"collection":[{"href":"https:\/\/us.edu.pl\/student\/wp-json\/wp\/v2\/pages"}],"about":[{"href":"https:\/\/us.edu.pl\/student\/wp-json\/wp\/v2\/types\/page"}],"author":[{"embeddable":true,"href":"https:\/\/us.edu.pl\/student\/wp-json\/wp\/v2\/users\/7205"}],"replies":[{"embeddable":true,"href":"https:\/\/us.edu.pl\/student\/wp-json\/wp\/v2\/comments?post=58577"}],"version-history":[{"count":5,"href":"https:\/\/us.edu.pl\/student\/wp-json\/wp\/v2\/pages\/58577\/revisions"}],"predecessor-version":[{"id":58685,"href":"https:\/\/us.edu.pl\/student\/wp-json\/wp\/v2\/pages\/58577\/revisions\/58685"}],"up":[{"embeddable":true,"href":"https:\/\/us.edu.pl\/student\/wp-json\/wp\/v2\/pages\/4377"}],"wp:attachment":[{"href":"https:\/\/us.edu.pl\/student\/wp-json\/wp\/v2\/media?parent=58577"}],"curies":[{"name":"wp","href":"https:\/\/api.w.org\/{rel}","templated":true}]}}