{"id":59048,"date":"2025-09-17T11:41:34","date_gmt":"2025-09-17T09:41:34","guid":{"rendered":"https:\/\/us.edu.pl\/student\/?page_id=59048"},"modified":"2025-09-19T10:29:33","modified_gmt":"2025-09-19T08:29:33","slug":"jak-umowic-sie-na-spotkanie-z-psychologiem","status":"publish","type":"page","link":"https:\/\/us.edu.pl\/student\/wsparcie-i-fundusze\/pomoc-psychologiczna\/jak-umowic-sie-na-spotkanie-z-psychologiem\/","title":{"rendered":"Jak um\u00f3wi\u0107 si\u0119 na spotkanie z psychologiem?"},"content":{"rendered":"<p>[vc_row][vc_column]\r\n                <div class=\"text-modules\">\r\n                    <div class=\"container\">\r\n                        <h3 class=\"page-title text__title\">Jak um\u00f3wi\u0107 si\u0119 na spotkanie z psychologiem?<\/h3>\r\n                        <div class=\"text-modules__content\"><p>Ze wzgl\u0119du na charakter pracy psycholog\u00f3w i psychoterapeut\u00f3w um\u00f3wienie si\u0119 na konsultacje jest mo\u017cliwe tylko drog\u0105 mailow\u0105. Przerywanie spotka\u0144 w celu ustalenia termin\u00f3w innych wizyt by\u0142oby bardzo niekorzystne dla os\u00f3b korzystaj\u0105cych z konsultacji.<\/p>\n<\/div>\r\n                    <\/div>\r\n                <\/div>[\/vc_column][\/vc_row][vc_row el_class=&#8221;container&#8221;][vc_column width=&#8221;2\/3&#8243;]\r\n                <div class=\"text-modules\">\r\n                    <div class=\"container\">\r\n                        \r\n                        <div class=\"text-modules__content\"><\/p>\n<h4><strong>Jak um\u00f3wi\u0107 si\u0119 na spotkanie w Katowicach?<\/strong><\/h4>\n<p>Napisz wiadomo\u015b\u0107 na adres: <a href=\"mailto:psycholog@us.edu.pl\"><strong>psycholog@us.edu.pl<\/strong><\/a>.<\/p>\n<p>Wiadomo\u015b\u0107 nie musi zawiera\u0107 szczeg\u00f3\u0142owego opisu Twojej sytuacji \u2013 wystarczy, \u017ce napiszesz w niej o tym, \u017ce jeste\u015b naszym studentem lub doktorantem i chcesz wzi\u0105\u0107 udzia\u0142 w konsultacji. Je\u015bli jednak s\u0105 jakie\u015b wa\u017cne informacje, kt\u00f3re chcesz przekaza\u0107 na tym etapie \u2013 jak najbardziej mo\u017cesz to zrobi\u0107. Dostaniesz odpowied\u017a z propozycj\u0105 terminu spotkania, kt\u00f3ry trzeba b\u0119dzie potwierdzi\u0107 w kolejnej wiadomo\u015bci.<\/p>\n<p>Gdzie odbywaj\u0105 si\u0119 spotkania?<\/p>\n<p>W budynku Rektoratu, mieszcz\u0105cym si\u0119 przy ul. Bankowej 12. Numer gabinetu otrzymasz w wiadomo\u015bci zwrotnej wraz z terminem spotkania.<\/p>\n<\/div>\r\n                    <\/div>\r\n                <\/div>[\/vc_column][vc_column width=&#8221;1\/3&#8243;][vc_single_image image=&#8221;59050&#8243; img_size=&#8221;medium&#8221; alignment=&#8221;center&#8221; onclick=&#8221;zoom&#8221;][vc_btn title=&#8221;Rektorat, ul. Bankowa 12&#8243; style=&#8221;custom&#8221; custom_background=&#8221;#002e5a&#8221; custom_text=&#8221;#ffffff&#8221; size=&#8221;lg&#8221; align=&#8221;center&#8221; button_block=&#8221;true&#8221; link=&#8221;url:https%3A%2F%2Fmaps.app.goo.gl%2FYra1g7vUJHYy3NVd6&#8243;][\/vc_column][\/vc_row][vc_row el_class=&#8221;container&#8221;][vc_column width=&#8221;1\/3&#8243;][vc_single_image image=&#8221;59051&#8243; img_size=&#8221;medium&#8221; alignment=&#8221;center&#8221; onclick=&#8221;zoom&#8221;][vc_btn title=&#8221;Uniwersytet \u015al\u0105ski w Katowicach, kampus Cieszyn&#8221; style=&#8221;custom&#8221; custom_background=&#8221;#002e5a&#8221; custom_text=&#8221;#ffffff&#8221; size=&#8221;lg&#8221; align=&#8221;center&#8221; button_block=&#8221;true&#8221; link=&#8221;url:https%3A%2F%2Fmaps.app.goo.gl%2Fu3nZ8iSgJmR46N8L8&#8243;][\/vc_column][vc_column width=&#8221;2\/3&#8243;]\r\n                <div class=\"text-modules\">\r\n                    <div class=\"container\">\r\n                        \r\n                        <div class=\"text-modules__content\"><\/p>\n<h4><strong>Jak um\u00f3wi\u0107 si\u0119 na spotkanie z psychologiem w Cieszynie? <\/strong><\/h4>\n<p>Napisz wiadomo\u015b\u0107 na adres: <a href=\"mailto:psycholog.cieszyn@us.edu.pl\"><strong>psycholog.cieszyn@us.edu.pl<\/strong><\/a>.<\/p>\n<p>Wiadomo\u015b\u0107 nie musi zawiera\u0107 szczeg\u00f3\u0142owego opisu Twojej sytuacji \u2013 wystarczy, \u017ce napiszesz w niej o tym, \u017ce jeste\u015b naszym studentem lub doktorantem i chcesz wzi\u0105\u0107 udzia\u0142 w konsultacji. Je\u015bli jednak s\u0105 jakie\u015b wa\u017cne informacje, kt\u00f3re chcesz przekaza\u0107 na tym etapie \u2013 jak najbardziej mo\u017cesz to zrobi\u0107. Dostaniesz odpowied\u017a z propozycj\u0105 terminu spotkania, kt\u00f3ry trzeba b\u0119dzie potwierdzi\u0107 w kolejnej wiadomo\u015bci.<\/p>\n<p>Gdzie odbywaj\u0105 si\u0119 spotkania?<\/p>\n<p>W budynku Uniwersytetu, mieszcz\u0105cym si\u0119 przy ul. Bielskiej 62. Numer gabinetu otrzymasz w wiadomo\u015bci zwrotnej wraz z terminem spotkania.<\/p>\n<\/div>\r\n                    <\/div>\r\n                <\/div>[\/vc_column][\/vc_row]<\/p>","protected":false},"excerpt":{"rendered":"<p>[vc_row][vc_column][\/vc_column][\/vc_row][vc_row el_class=&#8221;container&#8221;][vc_column width=&#8221;2\/3&#8243;][\/vc_column][vc_column width=&#8221;1\/3&#8243;][vc_single_image image=&#8221;59050&#8243; img_size=&#8221;medium&#8221; alignment=&#8221;center&#8221; onclick=&#8221;zoom&#8221;][vc_btn title=&#8221;Rektorat, ul. Bankowa 12&#8243; style=&#8221;custom&#8221; custom_background=&#8221;#002e5a&#8221; custom_text=&#8221;#ffffff&#8221; size=&#8221;lg&#8221; align=&#8221;center&#8221; button_block=&#8221;true&#8221; link=&#8221;url:https%3A%2F%2Fmaps.app.goo.gl%2FYra1g7vUJHYy3NVd6&#8243;][\/vc_column][\/vc_row][vc_row el_class=&#8221;container&#8221;][vc_column width=&#8221;1\/3&#8243;][vc_single_image image=&#8221;59051&#8243; img_size=&#8221;medium&#8221; alignment=&#8221;center&#8221; onclick=&#8221;zoom&#8221;][vc_btn title=&#8221;Uniwersytet \u015al\u0105ski w Katowicach, kampus Cieszyn&#8221; style=&#8221;custom&#8221; custom_background=&#8221;#002e5a&#8221; custom_text=&#8221;#ffffff&#8221; size=&#8221;lg&#8221; align=&#8221;center&#8221; button_block=&#8221;true&#8221; link=&#8221;url:https%3A%2F%2Fmaps.app.goo.gl%2Fu3nZ8iSgJmR46N8L8&#8243;][\/vc_column][vc_column width=&#8221;2\/3&#8243;][\/vc_column][\/vc_row] [&#8230;]<\/p>\n<p><a class=\"btn btn-secondary understrap-read-more-link\" href=\"https:\/\/us.edu.pl\/student\/wsparcie-i-fundusze\/pomoc-psychologiczna\/jak-umowic-sie-na-spotkanie-z-psychologiem\/\">Read More&#8230;<\/a><\/p>\n","protected":false},"author":28,"featured_media":0,"parent":59032,"menu_order":0,"comment_status":"closed","ping_status":"closed","template":"","meta":{"_expiration-date-status":"","_expiration-date":0,"_expiration-date-type":"","_expiration-date-categories":[],"_expiration-date-options":[]},"acf":[],"_links":{"self":[{"href":"https:\/\/us.edu.pl\/student\/wp-json\/wp\/v2\/pages\/59048"}],"collection":[{"href":"https:\/\/us.edu.pl\/student\/wp-json\/wp\/v2\/pages"}],"about":[{"href":"https:\/\/us.edu.pl\/student\/wp-json\/wp\/v2\/types\/page"}],"author":[{"embeddable":true,"href":"https:\/\/us.edu.pl\/student\/wp-json\/wp\/v2\/users\/28"}],"replies":[{"embeddable":true,"href":"https:\/\/us.edu.pl\/student\/wp-json\/wp\/v2\/comments?post=59048"}],"version-history":[{"count":5,"href":"https:\/\/us.edu.pl\/student\/wp-json\/wp\/v2\/pages\/59048\/revisions"}],"predecessor-version":[{"id":59138,"href":"https:\/\/us.edu.pl\/student\/wp-json\/wp\/v2\/pages\/59048\/revisions\/59138"}],"up":[{"embeddable":true,"href":"https:\/\/us.edu.pl\/student\/wp-json\/wp\/v2\/pages\/59032"}],"wp:attachment":[{"href":"https:\/\/us.edu.pl\/student\/wp-json\/wp\/v2\/media?parent=59048"}],"curies":[{"name":"wp","href":"https:\/\/api.w.org\/{rel}","templated":true}]}}