{"id":59147,"date":"2025-09-19T11:19:28","date_gmt":"2025-09-19T09:19:28","guid":{"rendered":"https:\/\/us.edu.pl\/student\/?page_id=59147"},"modified":"2025-09-26T12:54:01","modified_gmt":"2025-09-26T10:54:01","slug":"aktualnosci-psychologiczne","status":"publish","type":"page","link":"https:\/\/us.edu.pl\/student\/wsparcie-i-fundusze\/pomoc-psychologiczna\/aktualnosci-psychologiczne\/","title":{"rendered":"aktualno\u015bci psychologiczne"},"content":{"rendered":"<p>[vc_row][vc_column]\r\n                            \r\n            <div class=\"announcement-loop loop-section color-blue\" style=\"background-color: \">\r\n                <div class=\"container\">\r\n\r\n                    <div class=\"announcement-loop-top loop-section-top\">\r\n                        <h2 class=\"section-title\">Aktualno\u015bci Psychologiczne<\/h2>\r\n                        \r\n                        <div class=\"announcement-loop-top_right loop-section-top__right\">\r\n                             <a href = \"https:\/\/us.edu.pl\/student\/komunikaty\/\" class=\"link-button \" > Wszystko<\/a>\r\n                        <\/div> \r\n                    <\/div>\r\n\r\n                    <div class=\"announcement-loop-main\">\r\n            \r\n                <article class=\"announcement-loop-post carousel-slide\">\r\n                    \r\n                    <a href=\"https:\/\/us.edu.pl\/student\/komunikaty\/neuroroznorodny-us-spolecznosc-dla-osob-funkcjonujacych-w-autystycznym-spektrum-studiujacych-na-uniwersytecie-slaskim\/\">    <h3 class=\"article-title announcement-loop-post__title\">Neuror\u00f3\u017cnorodny U\u015a. Spo\u0142eczno\u015b\u0107 dla os\u00f3b funkcjonuj\u0105cych w autystycznym spektrum, studiuj\u0105cych na Uniwersytecie \u015al\u0105skim<\/h3> <\/a>\r\n                        \r\n                    <a href=\"https:\/\/us.edu.pl\/student\/komunikaty\/neuroroznorodny-us-spolecznosc-dla-osob-funkcjonujacych-w-autystycznym-spektrum-studiujacych-na-uniwersytecie-slaskim\/\">     <div class=\"announcement-loop-post__text\">[vc_row][vc_column width=&#8221;5\/6&#8243;]Zapraszamy osoby funkcjonuj\u0105ce w autystycznym spektrum w naszej uniwersyteckiej spo\u0142eczno\u015bci do tworzenia wsp\u00f3lnej, bezpiecznej i \u017cyczliwej przestrzeni. Dla nas Twoje potrzeby s\u0105 wa\u017cne. [...]<p>...<\/div> <\/a>\r\n                    \r\n                     <a href=\"https:\/\/us.edu.pl\/student\/komunikaty\/neuroroznorodny-us-spolecznosc-dla-osob-funkcjonujacych-w-autystycznym-spektrum-studiujacych-na-uniwersytecie-slaskim\/\">   <div class=\"announcement-loop-post__more\">wi\u0119cej...<\/div> <\/a>\r\n                    \r\n                <\/article>\r\n            \r\n                <article class=\"announcement-loop-post carousel-slide\">\r\n                    \r\n                    <a href=\"https:\/\/us.edu.pl\/student\/komunikaty\/zapraszamy-do-udzialu-w-programie-tutoringowym-w-projekcie-uniwersytet-slaski-wspolnota-dostepna-uniwersalna-i-otwarta-duo-ii\/\">    <h3 class=\"article-title announcement-loop-post__title\">Zapraszamy do udzia\u0142u w programie tutoringowym w projekcie \u201eUniwersytet \u015al\u0105ski wsp\u00f3lnot\u0105 dost\u0119pn\u0105, uniwersaln\u0105 i otwart\u0105 \u2013 DUO II\u201d<\/h3> <\/a>\r\n                        \r\n                    <a href=\"https:\/\/us.edu.pl\/student\/komunikaty\/zapraszamy-do-udzialu-w-programie-tutoringowym-w-projekcie-uniwersytet-slaski-wspolnota-dostepna-uniwersalna-i-otwarta-duo-ii\/\">     <div class=\"announcement-loop-post__text\">[vc_row][vc_column][\/vc_column][\/vc_row][vc_row][vc_column width=&#8221;5\/6&#8243;]\u00a0Kto mo\u017ce zg\u0142osi\u0107 si\u0119 do programu tutoringowego? Je\u015bli jeste\u015b osob\u0105 studiuj\u0105c\u0105 przynajmniej na drugim roku studi\u00f3w w Uniwersytecie \u015al\u0105skim w Katowic...<\/div> <\/a>\r\n                    \r\n                     <a href=\"https:\/\/us.edu.pl\/student\/komunikaty\/zapraszamy-do-udzialu-w-programie-tutoringowym-w-projekcie-uniwersytet-slaski-wspolnota-dostepna-uniwersalna-i-otwarta-duo-ii\/\">   <div class=\"announcement-loop-post__more\">wi\u0119cej...<\/div> <\/a>\r\n                    \r\n                <\/article>\r\n            \r\n                <article class=\"announcement-loop-post carousel-slide\">\r\n                    \r\n                    <a href=\"https:\/\/us.edu.pl\/student\/komunikaty\/grupa-adaptacyjna-dla-osob-rozpoczynajacych-studia\/\">    <h3 class=\"article-title announcement-loop-post__title\">Grupa adaptacyjna dla os\u00f3b rozpoczynaj\u0105cych studia.<\/h3> <\/a>\r\n                        \r\n                    <a href=\"https:\/\/us.edu.pl\/student\/komunikaty\/grupa-adaptacyjna-dla-osob-rozpoczynajacych-studia\/\">     <div class=\"announcement-loop-post__text\">[vc_row][vc_column]Rozpoczynasz studia w Uniwersytecie \u015al\u0105skim w Katowicach? Adaptacja do studiowania to czas, kiedy wszystko jest nowe i (czasem) stresuj\u0105ce. Je\u015bli chcesz nawi\u0105za\u0107 nowe znajomo\u015bci, porozmawia\u0107 w grupie o tym co jeszcze ...<\/div> <\/a>\r\n                    \r\n                     <a href=\"https:\/\/us.edu.pl\/student\/komunikaty\/grupa-adaptacyjna-dla-osob-rozpoczynajacych-studia\/\">   <div class=\"announcement-loop-post__more\">wi\u0119cej...<\/div> <\/a>\r\n                    \r\n                <\/article>\r\n            \r\n                <article class=\"announcement-loop-post carousel-slide\">\r\n                    \r\n                    <a href=\"https:\/\/us.edu.pl\/student\/komunikaty\/szkolenia-adaptacyjne-dla-osob-studiujacych-na-pierwszym-roku\/\">    <h3 class=\"article-title announcement-loop-post__title\">Szkolenia adaptacyjne dla os\u00f3b studiuj\u0105cych na pierwszym roku.<\/h3> <\/a>\r\n                        \r\n                    <a href=\"https:\/\/us.edu.pl\/student\/komunikaty\/szkolenia-adaptacyjne-dla-osob-studiujacych-na-pierwszym-roku\/\">     <div class=\"announcement-loop-post__text\">[vc_row][vc_column]Bezp\u0142atne warsztaty poprowadz\u0105 specjali\u015bci z Sekcji Pomocy i Profilaktyki Zdrowia Psychicznego. Ilo\u015b\u0107 miejsc jest ograniczona, udzia\u0142 jest mo\u017cliwy tylko po [...]<p><a class=\"btn btn-secondary understrap-read-more-link\"...<\/div> <\/a>\r\n                    \r\n                     <a href=\"https:\/\/us.edu.pl\/student\/komunikaty\/szkolenia-adaptacyjne-dla-osob-studiujacych-na-pierwszym-roku\/\">   <div class=\"announcement-loop-post__more\">wi\u0119cej...<\/div> <\/a>\r\n                    \r\n                <\/article>\r\n            \r\n                <article class=\"announcement-loop-post carousel-slide\">\r\n                    \r\n                    <a href=\"https:\/\/us.edu.pl\/student\/komunikaty\/zapraszamy-do-udzialu-w-bezplatnej-terapii-dla-osob-studiujacych-w-katowicach\/\">    <h3 class=\"article-title announcement-loop-post__title\">Zapraszamy do udzia\u0142u w bezp\u0142atnej terapii dla os\u00f3b studiuj\u0105cych w Katowicach.<\/h3> <\/a>\r\n                        \r\n                    <a href=\"https:\/\/us.edu.pl\/student\/komunikaty\/zapraszamy-do-udzialu-w-bezplatnej-terapii-dla-osob-studiujacych-w-katowicach\/\">     <div class=\"announcement-loop-post__text\">[vc_row][vc_column]Od pa\u017adziernika 2025 rusza roczna bezp\u0142atna terapia dla student\u00f3w studiuj\u0105cych w Katowicach, a pochodz\u0105cych z rodzin, gdzie zabrak\u0142o mi\u0142o\u015bci bezwarunkowej i ujawni\u0142y si\u0119 okre\u015blone trudno\u015bci. Je\u015bli towarzyszy Twoj...<\/div> <\/a>\r\n                    \r\n                     <a href=\"https:\/\/us.edu.pl\/student\/komunikaty\/zapraszamy-do-udzialu-w-bezplatnej-terapii-dla-osob-studiujacych-w-katowicach\/\">   <div class=\"announcement-loop-post__more\">wi\u0119cej...<\/div> <\/a>\r\n                    \r\n                <\/article><\/div>\r\n                    \r\n                    <div class=\"announcement-loop-main announcement-loop-main_responsive carousel\">\r\n                    \r\n                        <a href = \"#\" data-slide = \"prev\" class=\"arrow\" >\r\n                            <em class=\"ci ci-angle-left\" ><\/em >\r\n                            <span class=\"d-none\" > arrow<\/span >\r\n                        <\/a>\r\n    \r\n                        <a href = \"#\" data-slide = \"next\" class=\"arrow\" >\r\n                            <em class=\"ci ci-angle-right\" ><\/em >\r\n                            <span class=\"d-none\" > arrow<\/span >\r\n                        <\/a>\r\n                    \r\n                        <div class=\"row items\">\r\n            \r\n                <article class=\"announcement-loop-post carousel-slide\">\r\n                    \r\n                    <a href=\"https:\/\/us.edu.pl\/student\/komunikaty\/neuroroznorodny-us-spolecznosc-dla-osob-funkcjonujacych-w-autystycznym-spektrum-studiujacych-na-uniwersytecie-slaskim\/\">    <h3 class=\"article-title announcement-loop-post__title\">Neuror\u00f3\u017cnorodny U\u015a. Spo\u0142eczno\u015b\u0107 dla os\u00f3b funkcjonuj\u0105cych w autystycznym spektrum, studiuj\u0105cych na Uniwersytecie \u015al\u0105skim<\/h3> <\/a>\r\n                        \r\n                    <a href=\"https:\/\/us.edu.pl\/student\/komunikaty\/neuroroznorodny-us-spolecznosc-dla-osob-funkcjonujacych-w-autystycznym-spektrum-studiujacych-na-uniwersytecie-slaskim\/\">     <div class=\"announcement-loop-post__text\">[vc_row][vc_column width=&#8221;5\/6&#8243;]Zapraszamy osoby funkcjonuj\u0105ce w autystycznym spektrum w naszej uniwersyteckiej spo\u0142eczno\u015bci do tworzenia wsp\u00f3lnej, bezpiecznej i \u017cyczliwej przestrzeni. Dla nas Twoje potrzeby s\u0105 wa\u017cne. [...]<p>...<\/div> <\/a>\r\n                    \r\n                     <a href=\"https:\/\/us.edu.pl\/student\/komunikaty\/neuroroznorodny-us-spolecznosc-dla-osob-funkcjonujacych-w-autystycznym-spektrum-studiujacych-na-uniwersytecie-slaskim\/\">   <div class=\"announcement-loop-post__more\">wi\u0119cej...<\/div> <\/a>\r\n                    \r\n                <\/article>\r\n            \r\n                <article class=\"announcement-loop-post carousel-slide\">\r\n                    \r\n                    <a href=\"https:\/\/us.edu.pl\/student\/komunikaty\/zapraszamy-do-udzialu-w-programie-tutoringowym-w-projekcie-uniwersytet-slaski-wspolnota-dostepna-uniwersalna-i-otwarta-duo-ii\/\">    <h3 class=\"article-title announcement-loop-post__title\">Zapraszamy do udzia\u0142u w programie tutoringowym w projekcie \u201eUniwersytet \u015al\u0105ski wsp\u00f3lnot\u0105 dost\u0119pn\u0105, uniwersaln\u0105 i otwart\u0105 \u2013 DUO II\u201d<\/h3> <\/a>\r\n                        \r\n                    <a href=\"https:\/\/us.edu.pl\/student\/komunikaty\/zapraszamy-do-udzialu-w-programie-tutoringowym-w-projekcie-uniwersytet-slaski-wspolnota-dostepna-uniwersalna-i-otwarta-duo-ii\/\">     <div class=\"announcement-loop-post__text\">[vc_row][vc_column][\/vc_column][\/vc_row][vc_row][vc_column width=&#8221;5\/6&#8243;]\u00a0Kto mo\u017ce zg\u0142osi\u0107 si\u0119 do programu tutoringowego? Je\u015bli jeste\u015b osob\u0105 studiuj\u0105c\u0105 przynajmniej na drugim roku studi\u00f3w w Uniwersytecie \u015al\u0105skim w Katowic...<\/div> <\/a>\r\n                    \r\n                     <a href=\"https:\/\/us.edu.pl\/student\/komunikaty\/zapraszamy-do-udzialu-w-programie-tutoringowym-w-projekcie-uniwersytet-slaski-wspolnota-dostepna-uniwersalna-i-otwarta-duo-ii\/\">   <div class=\"announcement-loop-post__more\">wi\u0119cej...<\/div> <\/a>\r\n                    \r\n                <\/article>\r\n            \r\n                <article class=\"announcement-loop-post carousel-slide\">\r\n                    \r\n                    <a href=\"https:\/\/us.edu.pl\/student\/komunikaty\/grupa-adaptacyjna-dla-osob-rozpoczynajacych-studia\/\">    <h3 class=\"article-title announcement-loop-post__title\">Grupa adaptacyjna dla os\u00f3b rozpoczynaj\u0105cych studia.<\/h3> <\/a>\r\n                        \r\n                    <a href=\"https:\/\/us.edu.pl\/student\/komunikaty\/grupa-adaptacyjna-dla-osob-rozpoczynajacych-studia\/\">     <div class=\"announcement-loop-post__text\">[vc_row][vc_column]Rozpoczynasz studia w Uniwersytecie \u015al\u0105skim w Katowicach? Adaptacja do studiowania to czas, kiedy wszystko jest nowe i (czasem) stresuj\u0105ce. Je\u015bli chcesz nawi\u0105za\u0107 nowe znajomo\u015bci, porozmawia\u0107 w grupie o tym co jeszcze ...<\/div> <\/a>\r\n                    \r\n                     <a href=\"https:\/\/us.edu.pl\/student\/komunikaty\/grupa-adaptacyjna-dla-osob-rozpoczynajacych-studia\/\">   <div class=\"announcement-loop-post__more\">wi\u0119cej...<\/div> <\/a>\r\n                    \r\n                <\/article>\r\n            \r\n                <article class=\"announcement-loop-post carousel-slide\">\r\n                    \r\n                    <a href=\"https:\/\/us.edu.pl\/student\/komunikaty\/szkolenia-adaptacyjne-dla-osob-studiujacych-na-pierwszym-roku\/\">    <h3 class=\"article-title announcement-loop-post__title\">Szkolenia adaptacyjne dla os\u00f3b studiuj\u0105cych na pierwszym roku.<\/h3> <\/a>\r\n                        \r\n                    <a href=\"https:\/\/us.edu.pl\/student\/komunikaty\/szkolenia-adaptacyjne-dla-osob-studiujacych-na-pierwszym-roku\/\">     <div class=\"announcement-loop-post__text\">[vc_row][vc_column]Bezp\u0142atne warsztaty poprowadz\u0105 specjali\u015bci z Sekcji Pomocy i Profilaktyki Zdrowia Psychicznego. Ilo\u015b\u0107 miejsc jest ograniczona, udzia\u0142 jest mo\u017cliwy tylko po [...]<p><a class=\"btn btn-secondary understrap-read-more-link\"...<\/div> <\/a>\r\n                    \r\n                     <a href=\"https:\/\/us.edu.pl\/student\/komunikaty\/szkolenia-adaptacyjne-dla-osob-studiujacych-na-pierwszym-roku\/\">   <div class=\"announcement-loop-post__more\">wi\u0119cej...<\/div> <\/a>\r\n                    \r\n                <\/article>\r\n            \r\n                <article class=\"announcement-loop-post carousel-slide\">\r\n                    \r\n                    <a href=\"https:\/\/us.edu.pl\/student\/komunikaty\/zapraszamy-do-udzialu-w-bezplatnej-terapii-dla-osob-studiujacych-w-katowicach\/\">    <h3 class=\"article-title announcement-loop-post__title\">Zapraszamy do udzia\u0142u w bezp\u0142atnej terapii dla os\u00f3b studiuj\u0105cych w Katowicach.<\/h3> <\/a>\r\n                        \r\n                    <a href=\"https:\/\/us.edu.pl\/student\/komunikaty\/zapraszamy-do-udzialu-w-bezplatnej-terapii-dla-osob-studiujacych-w-katowicach\/\">     <div class=\"announcement-loop-post__text\">[vc_row][vc_column]Od pa\u017adziernika 2025 rusza roczna bezp\u0142atna terapia dla student\u00f3w studiuj\u0105cych w Katowicach, a pochodz\u0105cych z rodzin, gdzie zabrak\u0142o mi\u0142o\u015bci bezwarunkowej i ujawni\u0142y si\u0119 okre\u015blone trudno\u015bci. Je\u015bli towarzyszy Twoj...<\/div> <\/a>\r\n                    \r\n                     <a href=\"https:\/\/us.edu.pl\/student\/komunikaty\/zapraszamy-do-udzialu-w-bezplatnej-terapii-dla-osob-studiujacych-w-katowicach\/\">   <div class=\"announcement-loop-post__more\">wi\u0119cej...<\/div> <\/a>\r\n                    \r\n                <\/article><\/div>\r\n                    <\/div>\r\n                <\/div>\r\n            <\/div>\r\n            [\/vc_column][\/vc_row]<\/p>","protected":false},"excerpt":{"rendered":"<p>[vc_row][vc_column][\/vc_column][\/vc_row] [&#8230;]<\/p>\n<p><a class=\"btn btn-secondary understrap-read-more-link\" href=\"https:\/\/us.edu.pl\/student\/wsparcie-i-fundusze\/pomoc-psychologiczna\/aktualnosci-psychologiczne\/\">Read More&#8230;<\/a><\/p>\n","protected":false},"author":28,"featured_media":0,"parent":59032,"menu_order":0,"comment_status":"closed","ping_status":"closed","template":"","meta":{"_expiration-date-status":"","_expiration-date":0,"_expiration-date-type":"","_expiration-date-categories":[],"_expiration-date-options":[]},"acf":[],"_links":{"self":[{"href":"https:\/\/us.edu.pl\/student\/wp-json\/wp\/v2\/pages\/59147"}],"collection":[{"href":"https:\/\/us.edu.pl\/student\/wp-json\/wp\/v2\/pages"}],"about":[{"href":"https:\/\/us.edu.pl\/student\/wp-json\/wp\/v2\/types\/page"}],"author":[{"embeddable":true,"href":"https:\/\/us.edu.pl\/student\/wp-json\/wp\/v2\/users\/28"}],"replies":[{"embeddable":true,"href":"https:\/\/us.edu.pl\/student\/wp-json\/wp\/v2\/comments?post=59147"}],"version-history":[{"count":10,"href":"https:\/\/us.edu.pl\/student\/wp-json\/wp\/v2\/pages\/59147\/revisions"}],"predecessor-version":[{"id":59372,"href":"https:\/\/us.edu.pl\/student\/wp-json\/wp\/v2\/pages\/59147\/revisions\/59372"}],"up":[{"embeddable":true,"href":"https:\/\/us.edu.pl\/student\/wp-json\/wp\/v2\/pages\/59032"}],"wp:attachment":[{"href":"https:\/\/us.edu.pl\/student\/wp-json\/wp\/v2\/media?parent=59147"}],"curies":[{"name":"wp","href":"https:\/\/api.w.org\/{rel}","templated":true}]}}