{"id":5933,"date":"2019-10-09T11:34:09","date_gmt":"2019-10-09T09:34:09","guid":{"rendered":"https:\/\/us.edu.pl\/student\/?page_id=5933"},"modified":"2019-10-09T12:01:18","modified_gmt":"2019-10-09T10:01:18","slug":"uniwersytet-slaski-dzieci","status":"publish","type":"page","link":"https:\/\/us.edu.pl\/student\/dzialalnosc-studencka\/wyroznienia-jm-rektora-us\/laureaci-poprzednich-edycji\/laureaci-2018\/uniwersytet-slaski-dzieci\/","title":{"rendered":"Uniwersytet \u015al\u0105ski Dzieci"},"content":{"rendered":"<p>[vc_row el_class=&#8221;container&#8221;][vc_column el_class=&#8221;container&#8221;]\r\n                <div class=\"text-modules \">\r\n                    <div class=\"container\">\r\n                        <h3 class=\"section-title section-title_border-bottom\">Julia Hawlena<\/h3> \r\n                        <div class=\"row m-0\">\r\n                            <div class=\"text-modules__content\">\r\n                                <strong>Grupa M\u0142odzi Naukowcy (10-12 lat), Uniwersytet \u015al\u0105ski Dzieci<\/strong><\/p>\n<p>W wieku 7 lat zdoby\u0142a Kart\u0119 p\u0142ywack\u0105, a ju\u017c w wieku 10 lat zaj\u0119\u0142a II miejsce w Miko\u0142ajkowych Zawodach P\u0142ywackich w stylu grzbietowym. Opr\u00f3cz tego trenowa\u0142a judo &#8211; zdoby\u0142a zielony pas (3 kyu) oraz zaj\u0119\u0142a kilkukrotnie I miejsca w zawodach, m.in. w Mistrzostwach B\u0119dzina \u00a0(2014, 2015, 2017). Zwyci\u0119skie by\u0142y r\u00f3wnie\u017c jej udzia\u0142y w zawodach narciarskich i snowboardowych. Bra\u0142a udzia\u0142 w r\u00f3\u017cnych konkursach m.in. w turniejach bezpiecze\u0144stwa w ruchu drogowym oraz w licznych konkursach plastycznych o zasi\u0119gu krajowym i regionalnym, otrzymuj\u0105c wyr\u00f3\u017cnienie w Og\u00f3lnopolskim Konkursie Plastycznym \u201eBezdro\u017ca fantazji\u201d. Jak sama m\u00f3wi, jej najwi\u0119kszym osi\u0105gni\u0119ciem jest rozpocz\u0119cie nauki jazdy konnej \u2013 skoki przez przeszkody i by\u0107 mo\u017ce dlatego cytat, jaki wybra\u0142a m\u00f3wi o tym, \u017ce: \u201eje\u015bli si\u0119 cofasz to tylko po to, aby wzi\u0105\u0107 rozbieg\u201d. Jej zainteresowania i pasje to jazda konna, podr\u00f3\u017ce, snowboard, j\u0119zyki obce, lekkoatletyka. \r\n                                <div class=\"mt-3\"><\/div>\r\n                            <\/div>\r\n                            \r\n                            <div class=\"text-modules__img\"><img src=\"https:\/\/us.edu.pl\/student\/wp-content\/uploads\/sites\/3\/Nieprzypisane\/hawlena_julia-1-169x300.jpg\" alt=\"img\"><\/div>\r\n                        <\/div>\r\n                    <\/div>\r\n                <\/div>\r\n                <div class=\"text-modules reverse\">\r\n                    <div class=\"container\">\r\n                        <h3 class=\"section-title section-title_border-bottom\">Karolina Michalik<\/h3> \r\n                        <div class=\"row m-0\">\r\n                            <div class=\"text-modules__content\">\r\n                                <strong>Grupa Odkrywcy (7-9 lat), Uniwersytet \u015al\u0105ski Dzieci<\/strong><\/p>\n<p>Mo\u017ce pochwali\u0107 si\u0119 wyst\u0119pami w ramach Ma\u0142ej Akademii Teatru i Ta\u0144ca Flooreski\u00a0 Uniwersytetu \u015al\u0105skiego Dzieci. Wyst\u0105pi\u0142a ju\u017c w roli Kota Dziwaka w spektaklu \u201eAlicja po drugiej stronie lustra\u201d, jako Kr\u00f3lowa i Studentka w spektaklu \u201eMa\u0142y Ksi\u0105\u017c\u0119\u201d oraz jako Pippi Langstrumpf z okazji Dnia Dziecka na rynku w Katowicach (2016). Wzi\u0119\u0142a te\u017c udzia\u0142 w bajkowym pokazie mody w ramach Laboratorium Ekspresji Dzieci\u0119cej Uniwersytetu \u015al\u0105skiego Dzieci (2015). Uprawia sportowo p\u0142ywanie, posiada licencj\u0119 sportow\u0105 PZP. Jest laureatk\u0105 konkurs\u00f3w matematycznych i recytatorskich na poziomie szkolnym i mi\u0119dzyszkolnym. Jej wiersz zosta\u0142 opublikowany w XIII tomie Antologii Poezji Dzieci\u0119cej \r\n                                <div class=\"mt-3\"><\/div>\r\n                            <\/div>\r\n                            \r\n                            <div class=\"text-modules__img\"><img src=\"https:\/\/us.edu.pl\/student\/wp-content\/uploads\/sites\/3\/Nieprzypisane\/michalik_karolina_0.jpg\" alt=\"img\"><\/div>\r\n                        <\/div>\r\n                    <\/div>\r\n                <\/div>\r\n                <div class=\"text-modules \">\r\n                    <div class=\"container\">\r\n                        <h3 class=\"section-title section-title_border-bottom\">Iza Swinarew<\/h3> \r\n                        <div class=\"row m-0\">\r\n                            <div class=\"text-modules__content\">\r\n                                <strong>Grupa Poszukiwacze (5-6 lat), Uniwersytet \u015al\u0105ski Dzieci<\/strong><\/p>\n<p>Ka\u017cde osi\u0105gni\u0119cie jest dla niej tym najwi\u0119kszym, a zdoby\u0142a m.in. pi\u0119\u0107 medali za uko\u0144czenie terenowych bieg\u00f3w z przeszkodami Runmageddon na dystansie kids, medale za zawody p\u0142ywackie, medale za zawody rowerowe, dyplomy za r\u00f3\u017cnorak\u0105 dzia\u0142alno\u015b\u0107 plastyczn\u0105, trzecie miejsce w konkursie recytatorskim, a szczeg\u00f3lne by\u0142y wyst\u0119py dla rodzic\u00f3w na scenie w ta\u0144cu z grup\u0105 Stage Art Dance Studio. Jej pasje to przede wszystkim sport &#8211; biegi przeszkodowe, p\u0142ywanie, \u0142y\u017cwy, rower, narty, rolki i hulajnoga, a poza tym wszelkie prace plastyczne r\u00f3\u017cnymi technikami oraz odkrywanie \u015bwiata nauki. \r\n                                <div class=\"mt-3\"><\/div>\r\n                            <\/div>\r\n                            \r\n                            <div class=\"text-modules__img\"><img src=\"https:\/\/us.edu.pl\/student\/wp-content\/uploads\/sites\/3\/Nieprzypisane\/swinarew_izabela.jpg\" alt=\"img\"><\/div>\r\n                        <\/div>\r\n                    <\/div>\r\n                <\/div>\r\n                <div class=\"text-modules reverse\">\r\n                    <div class=\"container\">\r\n                        <h3 class=\"section-title section-title_border-bottom\">Ireneusz Szarszaniewicz<\/h3> \r\n                        <div class=\"row m-0\">\r\n                            <div class=\"text-modules__content\">\r\n                                <\/p>\n<div class=\"content\">\n<p class=\"rtejustify\">Wzi\u0105\u0142 udzia\u0142 w \u015al\u0105skim Festiwalu Nauki\u00a0 oraz w projekcie Uniwersytetu \u015al\u0105skiego \u201ePodr\u00f3\u017c tysi\u0105ca mil zaczyna si\u0119 od pierwszego kroku\u201d. Uzyska\u0142 dwukrotnie I miejsce w konkursie \u201eSmyczkiem \u015bpiewanie\u201d, I miejsce na XX Festiwalu Kultury M\u0142odzie\u017cy Szkolnej, Wyr\u00f3\u017cnienie w konkursie Mys\u0142owice Maj\u0105 Talent, I miejsce w Mi\u0119dzyszkolnym konkursie plastyczno-technicznym \u201ePacynka \u2013 przyjaciel dziecka\u201d. Wyst\u0119powa\u0142 w Filharmonii \u015al\u0105skiej i NOSPR. Jego pasje to skrzypce oraz wyst\u0119py teatralne, nic wi\u0119c dziwnego, \u017ce uwa\u017ca, i\u017c to praktyka czyni mistrza.<\/p>\n<\/div>\n<div class=\"mt-3\"><\/div>\r\n                            <\/div>\r\n                            \r\n                            <div class=\"text-modules__img\"><img src=\"https:\/\/us.edu.pl\/student\/wp-content\/uploads\/sites\/3\/2019\/10\/szarszaniewicz_ireneusz.jpg\" alt=\"img\"><\/div>\r\n                        <\/div>\r\n                    <\/div>\r\n                <\/div>[\/vc_column][\/vc_row]<\/p>","protected":false},"excerpt":{"rendered":"<p>[vc_row el_class=&#8221;container&#8221;][vc_column el_class=&#8221;container&#8221;][\/vc_column][\/vc_row] [&#8230;]<\/p>\n<p><a class=\"btn btn-secondary understrap-read-more-link\" href=\"https:\/\/us.edu.pl\/student\/dzialalnosc-studencka\/wyroznienia-jm-rektora-us\/laureaci-poprzednich-edycji\/laureaci-2018\/uniwersytet-slaski-dzieci\/\">Read More&#8230;<\/a><\/p>\n","protected":false},"author":1,"featured_media":0,"parent":5888,"menu_order":0,"comment_status":"closed","ping_status":"closed","template":"","meta":{"_expiration-date-status":"","_expiration-date":0,"_expiration-date-type":"","_expiration-date-categories":[],"_expiration-date-options":[]},"acf":[],"_links":{"self":[{"href":"https:\/\/us.edu.pl\/student\/wp-json\/wp\/v2\/pages\/5933"}],"collection":[{"href":"https:\/\/us.edu.pl\/student\/wp-json\/wp\/v2\/pages"}],"about":[{"href":"https:\/\/us.edu.pl\/student\/wp-json\/wp\/v2\/types\/page"}],"author":[{"embeddable":true,"href":"https:\/\/us.edu.pl\/student\/wp-json\/wp\/v2\/users\/1"}],"replies":[{"embeddable":true,"href":"https:\/\/us.edu.pl\/student\/wp-json\/wp\/v2\/comments?post=5933"}],"version-history":[{"count":0,"href":"https:\/\/us.edu.pl\/student\/wp-json\/wp\/v2\/pages\/5933\/revisions"}],"up":[{"embeddable":true,"href":"https:\/\/us.edu.pl\/student\/wp-json\/wp\/v2\/pages\/5888"}],"wp:attachment":[{"href":"https:\/\/us.edu.pl\/student\/wp-json\/wp\/v2\/media?parent=5933"}],"curies":[{"name":"wp","href":"https:\/\/api.w.org\/{rel}","templated":true}]}}