{"id":59476,"date":"2025-10-06T10:52:09","date_gmt":"2025-10-06T08:52:09","guid":{"rendered":"https:\/\/us.edu.pl\/student\/?page_id=59476"},"modified":"2025-10-07T12:19:30","modified_gmt":"2025-10-07T10:19:30","slug":"bezpieczenstwo-wyjazdow","status":"publish","type":"page","link":"https:\/\/us.edu.pl\/student\/mobilnosc\/mobilnosc-miedzynarodowa\/wyjazdy-zagraniczne\/bezpieczenstwo-wyjazdow\/","title":{"rendered":"Bezpiecze\u0144stwo wyjazd\u00f3w"},"content":{"rendered":"<p>[vc_row][vc_column][\/vc_column][\/vc_row][vc_row][vc_column]\r\n                <div class=\"text-modules\">\r\n                    <div class=\"container\">\r\n                        <h3 class=\"page-title text__title\">Bezpiecze\u0144stwo wyjazd\u00f3w<\/h3>\r\n                        <div class=\"text-modules__content\"><p>Informacje dotycz\u0105ce bie\u017c\u0105cych procedur bezpiecze\u0144stwa i obostrze\u0144 obowi\u0105zuj\u0105cych w poszczeg\u00f3lnych krajach s\u0105 dost\u0119pne m.in. na stronach:<\/p>\n<ul>\n<li><a href=\"https:\/\/www.gov.pl\/web\/dyplomacja\/informacje-dla-podrozujacych\">Ministerstwa Spraw Zagranicznych,<\/a><\/li>\n<li>w\u0142a\u015bciwych dla danego kraju\u00a0<a href=\"https:\/\/www.gov.pl\/web\/dyplomacja\/polskie-przedstawicielstwa-na-swiecie\">ambasad i konsulat\u00f3w.<\/a><\/li>\n<\/ul>\n<p>Ministerstwo Spraw Zagranicznych zach\u0119ca do zg\u0142oszenia podr\u00f3\u017cy w systemie\u00a0<a href=\"https:\/\/odyseusz.msz.gov.pl\/\">Odyseusz<\/a>. W przypadku wyst\u0105pienia sytuacji nadzwyczajnych za granic\u0105, MSZ b\u0119dzie m\u00f3g\u0142 podj\u0105\u0107 z Pa\u0144stwem kontakt, udzieli\u0107 niezb\u0119dnych informacji oraz pomocy poprzez w\u0142a\u015bciw\u0105 plac\u00f3wk\u0119 dyplomatyczno-konsularn\u0105. System umo\u017cliwi r\u00f3wnie\u017c otrzymywanie powiadomie\u0144 o zagro\u017ceniach w kraju podr\u00f3\u017cy oraz innych informacji konsularnych.<\/p>\n<p>Na stronie MSZ znajduje si\u0119 r\u00f3wnie\u017c\u00a0<a class=\"mtli_attachment mtli_pdf mtli_attachment mtli_pdf mtli_attachment mtli_pdf\" href=\"https:\/\/us.edu.pl\/pracownik\/wp-content\/uploads\/sites\/2\/Editor\/DMM-Sprawy-miedzynarodowe\/Checklista-wyjazdowa_EuropeanDayofSafeTravelAbroad.pdf\" data-mtli=\"mtli_filesize15,57MB\">Checklista wyjazdowa<\/a>.<\/p>\n<p>Przypominamy o konieczno\u015bci zaopatrzenia si\u0119 przez wszystkie osoby wyje\u017cd\u017caj\u0105ce do kraj\u00f3w Unii Europejskiej oraz EFTA w kart\u0119 EKUZ \u2013 Europejsk\u0105 Kart\u0119 Ubezpieczenia Zdrowotnego. Szczeg\u00f3\u0142owe informacje na temat kart EKUZ mo\u017cna znale\u017a\u0107 na stronie\u00a0<a href=\"https:\/\/www.nfz.gov.pl\/dla-pacjenta\/nasze-zdrowie-w-ue\/leczenie-w-krajach-unii-europejskiej-i-efta\/\">Narodowego Funduszu Zdrowia.<\/a><\/p>\n<p>Zalecamy, aby planuj\u0105c wyjazd stara\u0107 si\u0119 ograniczy\u0107 potencjalne skutki rezygnacji z wyjazdu, np.: rezerwowania nocleg\u00f3w z mo\u017cliwo\u015bci\u0105 rezygnacji, dok\u0142adne sprawdzenie zakresu ubezpieczenia, wykupienie dodatkowego ubezpieczenia.<\/p>\n<\/div>\r\n                    <\/div>\r\n                <\/div>[\/vc_column][\/vc_row]<\/p>","protected":false},"excerpt":{"rendered":"<p>[vc_row][vc_column][\/vc_column][\/vc_row][vc_row][vc_column][\/vc_column][\/vc_row] [&#8230;]<\/p>\n<p><a class=\"btn btn-secondary understrap-read-more-link\" href=\"https:\/\/us.edu.pl\/student\/mobilnosc\/mobilnosc-miedzynarodowa\/wyjazdy-zagraniczne\/bezpieczenstwo-wyjazdow\/\">Read More&#8230;<\/a><\/p>\n","protected":false},"author":28,"featured_media":0,"parent":26503,"menu_order":0,"comment_status":"closed","ping_status":"closed","template":"","meta":{"_expiration-date-status":"","_expiration-date":0,"_expiration-date-type":"","_expiration-date-categories":[],"_expiration-date-options":[]},"acf":[],"_links":{"self":[{"href":"https:\/\/us.edu.pl\/student\/wp-json\/wp\/v2\/pages\/59476"}],"collection":[{"href":"https:\/\/us.edu.pl\/student\/wp-json\/wp\/v2\/pages"}],"about":[{"href":"https:\/\/us.edu.pl\/student\/wp-json\/wp\/v2\/types\/page"}],"author":[{"embeddable":true,"href":"https:\/\/us.edu.pl\/student\/wp-json\/wp\/v2\/users\/28"}],"replies":[{"embeddable":true,"href":"https:\/\/us.edu.pl\/student\/wp-json\/wp\/v2\/comments?post=59476"}],"version-history":[{"count":2,"href":"https:\/\/us.edu.pl\/student\/wp-json\/wp\/v2\/pages\/59476\/revisions"}],"predecessor-version":[{"id":59567,"href":"https:\/\/us.edu.pl\/student\/wp-json\/wp\/v2\/pages\/59476\/revisions\/59567"}],"up":[{"embeddable":true,"href":"https:\/\/us.edu.pl\/student\/wp-json\/wp\/v2\/pages\/26503"}],"wp:attachment":[{"href":"https:\/\/us.edu.pl\/student\/wp-json\/wp\/v2\/media?parent=59476"}],"curies":[{"name":"wp","href":"https:\/\/api.w.org\/{rel}","templated":true}]}}