{"id":5955,"date":"2019-10-09T12:06:21","date_gmt":"2019-10-09T10:06:21","guid":{"rendered":"https:\/\/us.edu.pl\/student\/?page_id=5955"},"modified":"2019-10-09T12:12:25","modified_gmt":"2019-10-09T10:12:25","slug":"uniwersytet-slaski-mlodziezy","status":"publish","type":"page","link":"https:\/\/us.edu.pl\/student\/dzialalnosc-studencka\/wyroznienia-jm-rektora-us\/laureaci-poprzednich-edycji\/laureaci-2018\/uniwersytet-slaski-mlodziezy\/","title":{"rendered":"Uniwersytet \u015alaski M\u0142odzie\u017cy"},"content":{"rendered":"<p>[vc_row el_class=&#8221;container&#8221;][vc_column el_class=&#8221;container&#8221;]\r\n                <div class=\"text-modules reverse\">\r\n                    <div class=\"container\">\r\n                        <h3 class=\"section-title section-title_border-bottom\">Tomasz Ferenz<\/h3> \r\n                        <div class=\"row m-0\">\r\n                            <div class=\"text-modules__content\">\r\n                                <strong>Uniwersytet \u015al\u0105ski M\u0142odzie\u017cy<\/strong><\/p>\n<p>Jest laureatem Wojew\u00f3dzkiego Konkursu Przedmiotowego z J\u0119zyka Francuskiego oraz finalist\u0105 Wojew\u00f3dzkiego Konkursu Przedmiotowego z Wiedzy o Spo\u0142ecze\u0144stwie;\u00a0 I miejsce w Konkursie Wiedzy Historyczno-Geograficznej o USA; II miejsce w Wojew\u00f3dzkim Konkursie Wiedzy o Unii Europejskiej; II miejsce w Miko\u0142ajkowym Dyktandzie w j\u0119zyku francuskim, organizowanym przez Kolegium Nauk Spo\u0142ecznych i Filologii Obcych Politechniki \u015al\u0105skiej. Dzia\u0142a jako wolontariusz w \u015al\u0105skim Centrum Wolno\u015bci i Solidarno\u015bci \u2013 Muzeum Izba Pami\u0119ci KWK Wujek. Jego zainteresowania i pasje to historia, polityka, j\u0119zyk i kultura Francji, a ulubione sporty to siatk\u00f3wka i Formu\u0142a 1. \r\n                                <div class=\"mt-3\"><\/div>\r\n                            <\/div>\r\n                            \r\n                            <div class=\"text-modules__img\"><img src=\"https:\/\/us.edu.pl\/student\/wp-content\/uploads\/sites\/3\/Nieprzypisane\/ferenz_tomasz.jpg\" alt=\"img\"><\/div>\r\n                        <\/div>\r\n                    <\/div>\r\n                <\/div>\r\n                <div class=\"text-modules \">\r\n                    <div class=\"container\">\r\n                        <h3 class=\"section-title section-title_border-bottom\">Wiktoria Je\u017cewska<\/h3> \r\n                        <div class=\"row m-0\">\r\n                            <div class=\"text-modules__content\">\r\n                                <strong>Uniwersytet \u015al\u0105ski M\u0142odzie\u017cy<\/strong><\/p>\n<p>&nbsp;<\/p>\n<div class=\"content\">\n<p class=\"rtejustify\">Jej najwi\u0119ksze osi\u0105gni\u0119cia to uzyskanie przez trzy lata z rz\u0119du najwy\u017cszej \u015bredniej w szkole gimnazjalnej. Dostanie si\u0119 do III LO im. Adama Mickiewicza w Katowicach na profil biologiczno-chemiczny, dwukrotne otrzymanie stypendium \u201e\u015al\u0105skie \u2013 Inwestujemy w Talenty\u201d , pomagaj\u0105ce jej rozwija\u0107 pasje. Jest wolontariuszem Fundacji Dr Clown \u2013 co przek\u0142ada si\u0119 na cotygodniowe wsparcie dzieciom w przedszkolach. Jej dzia\u0142alno\u015b\u0107 spo\u0142eczna to tak\u017ce wolontariat na rzecz Wielkiej Orkiestry \u015awi\u0105tecznej Pomocy, wolontariat na rzecz VI edycji gry miejskiej \u201eFair Train\u201d, wparcie i realizacja \u201ePikniku z lokaln\u0105 kooperatyw\u0105\u201d, ca\u0142oroczna praca wolontariusza w Domu Anio\u0142\u00f3w Str\u00f3\u017c\u00f3w oraz pomoc w piknikach i zaj\u0119ciach organizowanych w Szkole Specjalnej Arka Noego w Katowicach. W\u015br\u00f3d swoich osi\u0105gni\u0119\u0107 wymienia r\u00f3wnie\u017c wieloletnie uczestniczenie w Teatrze Ruchu Kinesis i zdobycie w nim I miejsca w \u015al\u0105skich Konfrontacjach Teatr\u00f3w Ta\u0144ca, Ruchu i Pantomimy oraz otrzymanie wyr\u00f3\u017cnienia w V Festiwalu Ma\u0142ych Form Artystycznych. Zaj\u0119\u0142a 2 miejsce w mi\u0119dzyszkolnym konkursie piosenki \u201eKol\u0119dowanie po angielsku\u201d, 2 miejsca w Zespole AQQ w Mi\u0119dzyszkolnym Festiwalu Piosenki Autorskiej. Dwukrotnie zaj\u0119\u0142a 1 miejsca w Zespole AQQ w XI i XII Regionalnym Konkursie Kol\u0119d i Pastora\u0142ek Polskich. Zdoby\u0142a te\u017c 3 miejsca w Zespole AQQ w II Wojew\u00f3dzkim Festiwalu Piosenki dla Dzieci i M\u0142odzie\u017cy \u201eMuzyczne Diamenty\u201d oraz dru\u017cynowo Mistrzostwa Katowic w Unihokeju Dziewcz\u0105t. Jej osi\u0105gni\u0119ciem jest te\u017c zaj\u0119cie 1 miejsca w miejskim mi\u0119dzyszkolnym konkursie \u201eMoja gra planszowa, moje regu\u0142y\u201d oraz zdobycie dru\u017cynowo 3 miejsca w Mistrzostwach Szk\u00f3\u0142 \u015arednich Katowic w Koszyk\u00f3wce Dziewcz\u0105t. Zainteresowania i pasje to biologia, chemia, siatk\u00f3wka, muzyka, grafika komputerowa.<\/p>\n<\/div>\n<div class=\"mt-3\"><\/div>\r\n                            <\/div>\r\n                            \r\n                            <div class=\"text-modules__img\"><img src=\"https:\/\/us.edu.pl\/student\/wp-content\/uploads\/sites\/3\/Nieprzypisane\/jezewska_wiktoria_1.jpg\" alt=\"img\"><\/div>\r\n                        <\/div>\r\n                    <\/div>\r\n                <\/div>\r\n                <div class=\"text-modules reverse\">\r\n                    <div class=\"container\">\r\n                        <h3 class=\"section-title section-title_border-bottom\">Natalia Mazur<\/h3> \r\n                        <div class=\"row m-0\">\r\n                            <div class=\"text-modules__content\">\r\n                                <\/p>\n<div id=\"node-38043\" class=\"node clear-block\">\n<div class=\"content\">\n<p><strong> Uniwersytet \u015al\u0105ski M\u0142odzie\u017cy<\/strong><\/p>\n<p>&nbsp;<\/p>\n<p class=\"rtejustify\">Jej najwi\u0119ksze osi\u0105gni\u0119cia z ostatnich 5 lat to dyplom laureatki Olimpiady Wiedzy o G\u00f3rnym \u015al\u0105sku w zakresie geografii, zorganizowanej przez Bibliotek\u0119 \u015al\u0105sk\u0105 oraz obj\u0119tej patronatem Urz\u0119du Marsza\u0142kowskiego Wojew\u00f3dztwa \u015al\u0105skiego (2018), zdobycie Indeksu na pierwszy rok studi\u00f3w stacjonarnych I stopnia w Uniwersytecie Jagiello\u0144skim na kierunku geografia (2018), uko\u0144czenie 2 roku w Szkole Muzycznej II stopnia w Ksi\u0105\u017cenicach, klasa fortepianu (2017), wyr\u00f3\u017cnienie IX Wojew\u00f3dzkiego Festiwalu M\u0142odych Wirtuoz\u00f3w Ligoton 2017, wyst\u0119p na XII Mi\u0119dzynarodowym Forum Pianistycznym w Sanoku (2017). By\u0142a r\u00f3wnie\u017c Finalistk\u0105\u00a0 XVII Og\u00f3lnopolskiego Konkursu M\u0142odych Wokalist\u00f3w (2016), a podczas XV Rejonowego Festiwalu Teatralnego M\u0142odzie\u017cy Gimnazjalnej otrzyma\u0142a Nagrod\u0119 za najlepsz\u0105 kreacj\u0119 aktorsk\u0105 i \u015bpiew (2016). Jej osi\u0105gni\u0119cia to tak\u017ce Wyr\u00f3\u017cnienie w IV Og\u00f3lnopolskim Konkursie\u00a0 Piosenki Hiszpa\u0144skoj\u0119zycznej (2016), rola Louisy w musicalu \u201eD\u017awi\u0119ki Muzyki w Gliwickim Teatrze Muzycznym\u201d (2015), aktywny udzia\u0142 w Dniu Otwartym budowanego Domu Hospicyjnego w Tychach (2015), II miejsce w Wojew\u00f3dzkim Festiwalu \u201eEuropejskie Kol\u0119dowanie\u201d (2014), II miejsce w Wojew\u00f3dzkim Konkursie Talent\u00f3w \u201eTalentiada 2014\u201d, II miejsce w XV Og\u00f3lnopolskim Festiwalu M\u0142odych Talent\u00f3w im. I. Jeszki w Rybniku (2014), Stypendium Miasta Tychy \u201eTyskie Or\u0142y\u201d (2014), uko\u0144czenie z wyr\u00f3\u017cnieniem Szko\u0142y Muzycznej I stopnia w Tychach, klasa skrzypiec (2013). Jej zainteresowania i pasje to zaawansowana matematyka, fizyka, astronomia, informatyka, programowanie, in\u017cynieria genetyczna, nowoczesne technologie, geografia, historia, analityka biznesowa\/matematyczna, podr\u00f3\u017ce, rozw\u00f3j osobisty, czytanie, muzyka klasyczna (szczeg\u00f3lnie kompozycje F. Chopina, Straussa i Czajkowskiego), kompozycja muzyczna, gra na pianinie, wiolonczeli, skrzypcach oraz \u015bpiew estradowy.<\/p>\n<\/div>\n<\/div>\n<div class=\"mt-3\"><\/div>\r\n                            <\/div>\r\n                            \r\n                            <div class=\"text-modules__img\"><img src=\"https:\/\/us.edu.pl\/student\/wp-content\/uploads\/sites\/3\/Nieprzypisane\/natalia_mazur_1-1.png\" alt=\"img\"><\/div>\r\n                        <\/div>\r\n                    <\/div>\r\n                <\/div>[myprefix_functional_icons print_icon=&#8221;yes&#8221;][\/vc_column][\/vc_row]<\/p>","protected":false},"excerpt":{"rendered":"<p>[vc_row el_class=&#8221;container&#8221;][vc_column el_class=&#8221;container&#8221;][myprefix_functional_icons print_icon=&#8221;yes&#8221;][\/vc_column][\/vc_row] [&#8230;]<\/p>\n<p><a class=\"btn btn-secondary understrap-read-more-link\" href=\"https:\/\/us.edu.pl\/student\/dzialalnosc-studencka\/wyroznienia-jm-rektora-us\/laureaci-poprzednich-edycji\/laureaci-2018\/uniwersytet-slaski-mlodziezy\/\">Read More&#8230;<\/a><\/p>\n","protected":false},"author":1,"featured_media":0,"parent":5888,"menu_order":0,"comment_status":"closed","ping_status":"closed","template":"","meta":{"_expiration-date-status":"","_expiration-date":0,"_expiration-date-type":"","_expiration-date-categories":[],"_expiration-date-options":[]},"acf":[],"_links":{"self":[{"href":"https:\/\/us.edu.pl\/student\/wp-json\/wp\/v2\/pages\/5955"}],"collection":[{"href":"https:\/\/us.edu.pl\/student\/wp-json\/wp\/v2\/pages"}],"about":[{"href":"https:\/\/us.edu.pl\/student\/wp-json\/wp\/v2\/types\/page"}],"author":[{"embeddable":true,"href":"https:\/\/us.edu.pl\/student\/wp-json\/wp\/v2\/users\/1"}],"replies":[{"embeddable":true,"href":"https:\/\/us.edu.pl\/student\/wp-json\/wp\/v2\/comments?post=5955"}],"version-history":[{"count":0,"href":"https:\/\/us.edu.pl\/student\/wp-json\/wp\/v2\/pages\/5955\/revisions"}],"up":[{"embeddable":true,"href":"https:\/\/us.edu.pl\/student\/wp-json\/wp\/v2\/pages\/5888"}],"wp:attachment":[{"href":"https:\/\/us.edu.pl\/student\/wp-json\/wp\/v2\/media?parent=5955"}],"curies":[{"name":"wp","href":"https:\/\/api.w.org\/{rel}","templated":true}]}}