{"id":5967,"date":"2019-10-09T12:15:09","date_gmt":"2019-10-09T10:15:09","guid":{"rendered":"https:\/\/us.edu.pl\/student\/?page_id=5967"},"modified":"2019-10-09T12:15:09","modified_gmt":"2019-10-09T10:15:09","slug":"uniwersytet-slaski-maturzystow","status":"publish","type":"page","link":"https:\/\/us.edu.pl\/student\/dzialalnosc-studencka\/wyroznienia-jm-rektora-us\/laureaci-poprzednich-edycji\/laureaci-2018\/uniwersytet-slaski-maturzystow\/","title":{"rendered":"Uniwersytet \u015al\u0105ski Maturzyst\u00f3w"},"content":{"rendered":"<p>[vc_row el_class=&#8221;container&#8221;][vc_column el_class=&#8221;container&#8221;]\r\n                <div class=\"text-modules \">\r\n                    <div class=\"container\">\r\n                        <h3 class=\"section-title section-title_border-bottom\">Aleksandra Kwiecie\u0144<\/h3> \r\n                        <div class=\"row m-0\">\r\n                            <div class=\"text-modules__content\">\r\n                                <strong>Uniwersytet \u015al\u0105ski Maturzyst\u00f3w<\/strong><\/p>\n<p>Wielokrotnie uzyskiwa\u0142a na koniec roku \u015bwiadectwa z wyr\u00f3\u017cnieniem. W roku 2018 zaj\u0119\u0142a 3 miejsce w wojew\u00f3dzkim konkursie j\u0119zyk\u00f3w roma\u0144skich z j\u0119zyka francuskiego, organizowanym przez V LO w D\u0105browie G\u00f3rniczej. W roku 2017 wygra\u0142a miejski konkurs j\u0119zyka angielskiego ,organizowany przez British School. W roku 2016, jako jedna z ponad 100 os\u00f3b z ca\u0142ej Polski (wcze\u015bniej by\u0142o oko\u0142o 1000 kandydat\u00f3w), dotar\u0142a do p\u00f3\u0142fina\u0142u rekrutacji programu wymiany mi\u0119dzynarodowej \u201eFLEX\u201d, finansowanego przez Departament Stan\u00f3w Zjednoczonych. Jej najwi\u0119ksz\u0105 pasj\u0105 od wielu lat jest nauka j\u0119zyk\u00f3w obcych \u2013 p\u0142ynnie pos\u0142uguje si\u0119 j\u0119zykiem angielskim, francuskim, a bardzo dobrze &#8211; hiszpa\u0144skim. W wolnym czasie, opr\u00f3cz nauki j\u0119zyk\u00f3w, uwielbia czyta\u0107, a jej ulubionym pisarzem jest Haruki Murakami, autor powie\u015bci takich jak \u201eNorwegian Wood\u201d czy \u201eNa po\u0142udnie od granicy, na zach\u00f3d od s\u0142o\u0144ca\u201d. \r\n                                <div class=\"mt-3\"><\/div>\r\n                            <\/div>\r\n                            \r\n                            <div class=\"text-modules__img\"><img src=\"https:\/\/us.edu.pl\/student\/wp-content\/uploads\/sites\/3\/Nieprzypisane\/kwiecien_aleksandra_0.jpg\" alt=\"img\"><\/div>\r\n                        <\/div>\r\n                    <\/div>\r\n                <\/div>[myprefix_functional_icons print_icon=&#8221;yes&#8221;][\/vc_column][\/vc_row]<\/p>","protected":false},"excerpt":{"rendered":"<p>[vc_row el_class=&#8221;container&#8221;][vc_column el_class=&#8221;container&#8221;][myprefix_functional_icons print_icon=&#8221;yes&#8221;][\/vc_column][\/vc_row] [&#8230;]<\/p>\n<p><a class=\"btn btn-secondary understrap-read-more-link\" href=\"https:\/\/us.edu.pl\/student\/dzialalnosc-studencka\/wyroznienia-jm-rektora-us\/laureaci-poprzednich-edycji\/laureaci-2018\/uniwersytet-slaski-maturzystow\/\">Read More&#8230;<\/a><\/p>\n","protected":false},"author":1,"featured_media":0,"parent":5888,"menu_order":0,"comment_status":"closed","ping_status":"closed","template":"","meta":{"_expiration-date-status":"","_expiration-date":0,"_expiration-date-type":"","_expiration-date-categories":[],"_expiration-date-options":[]},"acf":[],"_links":{"self":[{"href":"https:\/\/us.edu.pl\/student\/wp-json\/wp\/v2\/pages\/5967"}],"collection":[{"href":"https:\/\/us.edu.pl\/student\/wp-json\/wp\/v2\/pages"}],"about":[{"href":"https:\/\/us.edu.pl\/student\/wp-json\/wp\/v2\/types\/page"}],"author":[{"embeddable":true,"href":"https:\/\/us.edu.pl\/student\/wp-json\/wp\/v2\/users\/1"}],"replies":[{"embeddable":true,"href":"https:\/\/us.edu.pl\/student\/wp-json\/wp\/v2\/comments?post=5967"}],"version-history":[{"count":0,"href":"https:\/\/us.edu.pl\/student\/wp-json\/wp\/v2\/pages\/5967\/revisions"}],"up":[{"embeddable":true,"href":"https:\/\/us.edu.pl\/student\/wp-json\/wp\/v2\/pages\/5888"}],"wp:attachment":[{"href":"https:\/\/us.edu.pl\/student\/wp-json\/wp\/v2\/media?parent=5967"}],"curies":[{"name":"wp","href":"https:\/\/api.w.org\/{rel}","templated":true}]}}