{"id":5995,"date":"2019-10-09T12:44:21","date_gmt":"2019-10-09T10:44:21","guid":{"rendered":"https:\/\/us.edu.pl\/student\/?page_id=5995"},"modified":"2019-10-09T13:04:10","modified_gmt":"2019-10-09T11:04:10","slug":"uniwersytet-trzeciego-wieku","status":"publish","type":"page","link":"https:\/\/us.edu.pl\/student\/dzialalnosc-studencka\/wyroznienia-jm-rektora-us\/laureaci-poprzednich-edycji\/laureaci-2018\/uniwersytet-trzeciego-wieku\/","title":{"rendered":"Uniwersytet Trzeciego Wieku"},"content":{"rendered":"<p>[vc_row el_class=&#8221;container&#8221;][vc_column el_class=&#8221;container&#8221;]\r\n                <div class=\"text-modules\">\r\n                    <div class=\"container\">\r\n                        <h3 class=\"page-title text__title\">Uniwersytet Trzeciego Wieku<\/h3>\r\n                        <div class=\"text-modules__content\"><\/div>\r\n                    <\/div>\r\n                <\/div>[vc_row_inner][vc_column_inner][\/vc_column_inner][\/vc_row_inner]\r\n                <div class=\"text-modules \">\r\n                    <div class=\"container\">\r\n                        <h3 class=\"section-title section-title_border-bottom\">Jolanta Ignasiak<\/h3> \r\n                        <div class=\"row m-0\">\r\n                            <div class=\"text-modules__content\">\r\n                                <strong>Uniwersytet Trzeciego Wieku<\/strong><\/p>\n<p>Uko\u0144czy\u0142a Wydzia\u0142 Techniki U\u015a. Jako swoje najwi\u0119ksze osi\u0105gni\u0119cie z ostatniego czasu wymienia Nagrod\u0119 JM Rektora WSB w D\u0105browie G\u00f3rniczej oraz Nagrod\u0119 Publiczno\u015bci w Konkursie Fotograficznym \u201e\u015awiat widziany oczami pokolenia 50+\u201d, organizowanym przez WSB na prze\u0142omie marca i kwietnia w 2018 r.\u00a0 Uniwersytet \u015al\u0105ski to dla niej wspomnienia z m\u0142odo\u015bci, spotkania z ciekawymi lud\u017ami, wycieczki, rozwijanie swoich pasji i umiej\u0119tno\u015bci tw\u00f3rczych. Wraz ze swoim tat\u0105, kt\u00f3ry w tym roku ko\u0144czy 95 lat, uczestniczy w zaj\u0119ciach i wyk\u0142adach na Uniwersytecie Trzeciego Wieku w oddziale w Sosnowcu. To w\u0142a\u015bnie ojciec, b\u0119d\u0105c d\u0142ugoletnim s\u0142uchaczem, zainspirowa\u0142 j\u0105 do uczestnictwa w UTW. Jej zainteresowania i pasje to fotografia, turystyka g\u00f3rska, praca w ogrodzie i uprawa kwiat\u00f3w.<\/p>\n<div class=\"mt-3\"><\/div>\r\n                            <\/div>\r\n                            \r\n                            <div class=\"text-modules__img\"><img src=\"https:\/\/us.edu.pl\/student\/wp-content\/uploads\/sites\/3\/Nieprzypisane\/ignasiak_jolanta.jpg\" alt=\"img\"><\/div>\r\n                        <\/div>\r\n                    <\/div>\r\n                <\/div>\r\n                <div class=\"text-modules reverse\">\r\n                    <div class=\"container\">\r\n                        <h3 class=\"section-title section-title_border-bottom\">W\u0142odzimierz Niemiec<\/h3> \r\n                        <div class=\"row m-0\">\r\n                            <div class=\"text-modules__content\">\r\n                                Uko\u0144czy\u0142 Technikum G\u00f3rnicze w Zabrzu. Od wielu lat aktywnie dzia\u0142\u0105 w PTTK. W roku 1976 otrzyma\u0142 legitymacj\u0119 Przewodnika G\u00f3rskiego i Terenowego.\u00a0 Realizuj\u0105c swoje pasje przeszed\u0142 g\u0142\u00f3wne szlaki turystyczne w polskich Beskidach i Sudetach. Przez ca\u0142y ten czas poznawa\u0142 histori\u0119 i zabytki odwiedzanych miejsc. W 2002 roku zosta\u0142 s\u0142uchaczem Uniwersytetu Trzeciego Wieku &#8211; grupa Jastrz\u0119bie-Zdr\u00f3j, nale\u017cy zatem do najstarszych s\u0142uchaczy UTW. B\u0119d\u0105c s\u0142uchaczem UTW dzieli\u0142 si\u0119 wiedz\u0105 na temat turystyki i zosta\u0142 organizatorem wycieczek w UTW.\u00a0 Prowadzi grup\u0119 turystyczn\u0105. Pocz\u0105tkowo organizowa\u0142 spacery po Jastrz\u0119biu-Zdroju, kt\u00f3re obejmowa\u0142y miasto i najbli\u017csze okolice. Nast\u0119pnie organizowa\u0142 wyjazdy w r\u00f3\u017cne regiony Polski. W ramach tych wyjazd\u00f3w s\u0142uchacze UTW poznali Szlak Renesansu, Szlak Budownictwa Drewnianego oraz wiele ciekawych miast w naszym regionie i kraju.\u00a0 Du\u017cym zainteresowaniem cieszy\u0142y si\u0119 wycieczki g\u00f3rskie w Pieniny, Bieszczady, Tatry, Sudety i Beskid \u015al\u0105ski. Od pocz\u0105tku za\u0142o\u017cenia Ko\u0142a wyjazdy te ciesz\u0105 si\u0119 nies\u0142abn\u0105cym zainteresowaniem. Pasj\u0105 Pana W\u0142odzimierza jest turystyka g\u00f3rska, a du\u017c\u0105 satysfakcj\u0119 w \u017cyciu daje mu tak\u017ce obserwowanie, jak dorastaj\u0105 jego wnuki. \r\n                                <div class=\"mt-3\"><\/div>\r\n                            <\/div>\r\n                            \r\n                            <div class=\"text-modules__img\"><img src=\"https:\/\/us.edu.pl\/student\/wp-content\/uploads\/sites\/3\/Nieprzypisane\/niemiec_wlodzimierz_0.png\" alt=\"img\"><\/div>\r\n                        <\/div>\r\n                    <\/div>\r\n                <\/div>\r\n                <div class=\"text-modules \">\r\n                    <div class=\"container\">\r\n                        <h3 class=\"section-title section-title_border-bottom\">Krystyna Wr\u00f3bel<\/h3> \r\n                        <div class=\"row m-0\">\r\n                            <div class=\"text-modules__content\">\r\n                                Uko\u0144czy\u0142a Politechnik\u0119 \u015al\u0105sk\u0105. Najwi\u0119kszym osi\u0105gni\u0119ciem, jak sama m\u00f3wi, jest jej sze\u015bcioro wnuk\u00f3w (od 5 miesi\u0119cy do 22 lat), kt\u00f3rymi si\u0119 opiekuje i w kt\u00f3rych \u017cyciu uczestniczy oraz du\u017ce grono znajomych i przyjaci\u00f3\u0142, kt\u00f3rzy korzystaj\u0105 z jej pomocy. Lubi pomaga\u0107 drugiemu cz\u0142owiekowi w potrzebie. Jej pasj\u0105 s\u0105 wszelkiego rodzaju quizy, krzy\u017c\u00f3wki, sudoku. Dzia\u0142a charytatywnie w parafii, zar\u00f3wno na rzecz dzieci jak i os\u00f3b starszych. Nale\u017cy do zespo\u0142u charytatywnego Caritas, Parafialnej Rady Duszpasterskiej oraz Stowarzyszenia Rodzin Katolickich w Diecezji Katowickiej. Jest cz\u0142onkini\u0105 zespo\u0142u \u015bpiewaj\u0105cego w Uniwersytecie Trzeciego Wieku, bierze udzia\u0142 w warsztatach muzycznych prowadzonych przez Filharmoni\u0119 \u015al\u0105sk\u0105 \u201eOd malucha do seniora\u201d. Bra\u0142a udzia\u0142 w koncercie \u201eMuzyczna podr\u00f3\u017c z Viv\u0105\u201d ,organizowanym przez Filharmoni\u0119 \u015al\u0105sk\u0105. Jest mi\u0142o\u015bniczk\u0105 sportu, bra\u0142a udzia\u0142 w Olimpiadzie Sportowej dla senior\u00f3w (pchni\u0119cie kul\u0105 i strzelectwo). \r\n                                <div class=\"mt-3\"><\/div>\r\n                            <\/div>\r\n                            \r\n                            <div class=\"text-modules__img\"><img src=\"https:\/\/us.edu.pl\/student\/wp-content\/uploads\/sites\/3\/Nieprzypisane\/wrobel_krystyna_0.png\" alt=\"img\"><\/div>\r\n                        <\/div>\r\n                    <\/div>\r\n                <\/div>[\/vc_column][\/vc_row]<\/p>","protected":false},"excerpt":{"rendered":"<p>[vc_row el_class=&#8221;container&#8221;][vc_column el_class=&#8221;container&#8221;][vc_row_inner][vc_column_inner][\/vc_column_inner][\/vc_row_inner][\/vc_column][\/vc_row] [&#8230;]<\/p>\n<p><a class=\"btn btn-secondary understrap-read-more-link\" href=\"https:\/\/us.edu.pl\/student\/dzialalnosc-studencka\/wyroznienia-jm-rektora-us\/laureaci-poprzednich-edycji\/laureaci-2018\/uniwersytet-trzeciego-wieku\/\">Read More&#8230;<\/a><\/p>\n","protected":false},"author":1,"featured_media":0,"parent":5888,"menu_order":0,"comment_status":"closed","ping_status":"closed","template":"","meta":{"_expiration-date-status":"","_expiration-date":0,"_expiration-date-type":"","_expiration-date-categories":[],"_expiration-date-options":[]},"acf":[],"_links":{"self":[{"href":"https:\/\/us.edu.pl\/student\/wp-json\/wp\/v2\/pages\/5995"}],"collection":[{"href":"https:\/\/us.edu.pl\/student\/wp-json\/wp\/v2\/pages"}],"about":[{"href":"https:\/\/us.edu.pl\/student\/wp-json\/wp\/v2\/types\/page"}],"author":[{"embeddable":true,"href":"https:\/\/us.edu.pl\/student\/wp-json\/wp\/v2\/users\/1"}],"replies":[{"embeddable":true,"href":"https:\/\/us.edu.pl\/student\/wp-json\/wp\/v2\/comments?post=5995"}],"version-history":[{"count":0,"href":"https:\/\/us.edu.pl\/student\/wp-json\/wp\/v2\/pages\/5995\/revisions"}],"up":[{"embeddable":true,"href":"https:\/\/us.edu.pl\/student\/wp-json\/wp\/v2\/pages\/5888"}],"wp:attachment":[{"href":"https:\/\/us.edu.pl\/student\/wp-json\/wp\/v2\/media?parent=5995"}],"curies":[{"name":"wp","href":"https:\/\/api.w.org\/{rel}","templated":true}]}}

<p>[vc_row el_class=&#8221;container&#8221;][vc_column el_class=&#8221;container&#8221;]
                <div class="text-modules">
                    <div class="container">
                        <h3 class="page-title text__title">Uniwersytet Trzeciego Wieku</h3>
                        <div class="text-modules__content"></div>
                    </div>
                </div>[vc_row_inner][vc_column_inner][/vc_column_inner][/vc_row_inner]
                <div class="text-modules ">
                    <div class="container">
                        <h3 class="section-title section-title_border-bottom">Jolanta Ignasiak</h3> 
                        <div class="row m-0">
                            <div class="text-modules__content">
                                <strong>Uniwersytet Trzeciego Wieku</strong></p>
<p>Ukończyła Wydział Techniki UŚ. Jako swoje największe osiągnięcie z ostatniego czasu wymienia Nagrodę JM Rektora WSB w Dąbrowie Górniczej oraz Nagrodę Publiczności w Konkursie Fotograficznym „Świat widziany oczami pokolenia 50+”, organizowanym przez WSB na przełomie marca i kwietnia w 2018 r.  Uniwersytet Śląski to dla niej wspomnienia z młodości, spotkania z ciekawymi ludźmi, wycieczki, rozwijanie swoich pasji i umiejętności twórczych. Wraz ze swoim tatą, który w tym roku kończy 95 lat, uczestniczy w zajęciach i wykładach na Uniwersytecie Trzeciego Wieku w oddziale w Sosnowcu. To właśnie ojciec, będąc długoletnim słuchaczem, zainspirował ją do uczestnictwa w UTW. Jej zainteresowania i pasje to fotografia, turystyka górska, praca w ogrodzie i uprawa kwiatów.</p>
<div class="mt-3"></div>
                            </div>
                            
                            <div class="text-modules__img"><img src="https://us.edu.pl/student/wp-content/uploads/sites/3/Nieprzypisane/ignasiak_jolanta.jpg" alt="img"></div>
                        </div>
                    </div>
                </div>
                <div class="text-modules reverse">
                    <div class="container">
                        <h3 class="section-title section-title_border-bottom">Włodzimierz Niemiec</h3> 
                        <div class="row m-0">
                            <div class="text-modules__content">
                                Ukończył Technikum Górnicze w Zabrzu. Od wielu lat aktywnie działą w PTTK. W roku 1976 otrzymał legitymację Przewodnika Górskiego i Terenowego.  Realizując swoje pasje przeszedł główne szlaki turystyczne w polskich Beskidach i Sudetach. Przez cały ten czas poznawał historię i zabytki odwiedzanych miejsc. W 2002 roku został słuchaczem Uniwersytetu Trzeciego Wieku &#8211; grupa Jastrzębie-Zdrój, należy zatem do najstarszych słuchaczy UTW. Będąc słuchaczem UTW dzielił się wiedzą na temat turystyki i został organizatorem wycieczek w UTW.  Prowadzi grupę turystyczną. Początkowo organizował spacery po Jastrzębiu-Zdroju, które obejmowały miasto i najbliższe okolice. Następnie organizował wyjazdy w różne regiony Polski. W ramach tych wyjazdów słuchacze UTW poznali Szlak Renesansu, Szlak Budownictwa Drewnianego oraz wiele ciekawych miast w naszym regionie i kraju.  Dużym zainteresowaniem cieszyły się wycieczki górskie w Pieniny, Bieszczady, Tatry, Sudety i Beskid Śląski. Od początku założenia Koła wyjazdy te cieszą się niesłabnącym zainteresowaniem. Pasją Pana Włodzimierza jest turystyka górska, a dużą satysfakcję w życiu daje mu także obserwowanie, jak dorastają jego wnuki. 
                                <div class="mt-3"></div>
                            </div>
                            
                            <div class="text-modules__img"><img src="https://us.edu.pl/student/wp-content/uploads/sites/3/Nieprzypisane/niemiec_wlodzimierz_0.png" alt="img"></div>
                        </div>
                    </div>
                </div>
                <div class="text-modules ">
                    <div class="container">
                        <h3 class="section-title section-title_border-bottom">Krystyna Wróbel</h3> 
                        <div class="row m-0">
                            <div class="text-modules__content">
                                Ukończyła Politechnikę Śląską. Największym osiągnięciem, jak sama mówi, jest jej sześcioro wnuków (od 5 miesięcy do 22 lat), którymi się opiekuje i w których życiu uczestniczy oraz duże grono znajomych i przyjaciół, którzy korzystają z jej pomocy. Lubi pomagać drugiemu człowiekowi w potrzebie. Jej pasją są wszelkiego rodzaju quizy, krzyżówki, sudoku. Działa charytatywnie w parafii, zarówno na rzecz dzieci jak i osób starszych. Należy do zespołu charytatywnego Caritas, Parafialnej Rady Duszpasterskiej oraz Stowarzyszenia Rodzin Katolickich w Diecezji Katowickiej. Jest członkinią zespołu śpiewającego w Uniwersytecie Trzeciego Wieku, bierze udział w warsztatach muzycznych prowadzonych przez Filharmonię Śląską „Od malucha do seniora”. Brała udział w koncercie „Muzyczna podróż z Vivą” ,organizowanym przez Filharmonię Śląską. Jest miłośniczką sportu, brała udział w Olimpiadzie Sportowej dla seniorów (pchnięcie kulą i strzelectwo). 
                                <div class="mt-3"></div>
                            </div>
                            
                            <div class="text-modules__img"><img src="https://us.edu.pl/student/wp-content/uploads/sites/3/Nieprzypisane/wrobel_krystyna_0.png" alt="img"></div>
                        </div>
                    </div>
                </div>[/vc_column][/vc_row]</p>
