{"id":6218,"date":"2019-10-09T17:55:42","date_gmt":"2019-10-09T15:55:42","guid":{"rendered":"https:\/\/us.edu.pl\/student\/?page_id=6218"},"modified":"2019-10-09T17:58:37","modified_gmt":"2019-10-09T15:58:37","slug":"uniwersytet-trzeciego-wieku","status":"publish","type":"page","link":"https:\/\/us.edu.pl\/student\/dzialalnosc-studencka\/wyroznienia-jm-rektora-us\/laureaci-poprzednich-edycji\/laureaci-2016\/uniwersytet-trzeciego-wieku\/","title":{"rendered":"Uniwersytet Trzeciego Wieku"},"content":{"rendered":"<p>[vc_row el_class=&#8221;container&#8221;][vc_column el_class=&#8221;container&#8221;]\r\n                <div class=\"text-modules\">\r\n                    <div class=\"container\">\r\n                        <h3 class=\"page-title text__title\">Uniwersytet Trzeciego Wieku<\/h3>\r\n                        <div class=\"text-modules__content\"><\/div>\r\n                    <\/div>\r\n                <\/div>\r\n                <div class=\"text-modules \">\r\n                    <div class=\"container\">\r\n                        <h3 class=\"section-title section-title_border-bottom\">Jadwiga Grzyb<\/h3> \r\n                        <div class=\"row m-0\">\r\n                            <div class=\"text-modules__content\">\r\n                                Od 10 lat jest s\u0142uchaczk\u0105 Uniwersytetu Trzeciego Wieku w Uniwersytecie \u015al\u0105skim, Grupa Sosnowiec. Od 2013 roku jest cz\u0142onkiem Zarz\u0105du. Prowadzi stron\u0119 internetow\u0105 Grupy w Sosnowcu. Bra\u0142a czynny udzia\u0142 w pracach pierwszej sosnowieckiej Rady Seniorek i Senior\u00f3w w Sosnowcu. Bra\u0142a udzia\u0142 w projekcie \u201eSeniorzy decyduj\u0105. Rozwijajmy Rad\u0119 Seniorek i Senior\u00f3w w Gminie Sosnowiec.\u201d Projekt ten by\u0142 organizowany przez Stowarzyszenie Aktywne Kobiety. W maju 2014 roku otrzyma\u0142a dyplom za zas\u0142ugi dla miasta Sosnowca. Jej pasj\u0105 jest fotografia. Od wrze\u015bnia 2014 roku nale\u017cy do Stowarzyszenia Mi\u0142o\u015bnik\u00f3w Fotografii w Sosnowcu. W pa\u017adzierniku 2015 roku otrzyma\u0142a II nagrod\u0119 w kategorii Future w Mi\u0119dzynarodowym Konkursie Fotografii Przemys\u0142owej i Industrialnej Foto-Pein 2015 w Rybniku. W grudniu 2015 roku dwa jej zdj\u0119cia zakwalifikowa\u0142y si\u0119 na wystaw\u0119 pokonkursow\u0105 \u201eKatowice w obiektywie 2015\u201d zorganizowanej przez Urz\u0105d Miasta Katowice i Zwi\u0105zek Polskich Artyst\u00f3w Fotografik\u00f3w \u2013 okr\u0105g \u015bl\u0105ski. Ci\u0105gle pog\u0142\u0119bia Swoj\u0105 wiedz\u0119 fotografowania, komputerow\u0105 oraz znajomo\u015b\u0107 j\u0119zyka angielskiego. Du\u017co czasu po\u015bwi\u0119ca ruchowi na \u015bwie\u017cym powietrzu. Kocha zwierz\u0119ta a szczeg\u00f3lnie takiego jednego owczarka (znajd\u0119) z kt\u00f3rym codziennie wychodzi na d\u0142ugie spacery. \r\n                                <div class=\"mt-3\"><\/div>\r\n                            <\/div>\r\n                            \r\n                            \r\n                        <\/div>\r\n                    <\/div>\r\n                <\/div>\r\n                <div class=\"text-modules \">\r\n                    <div class=\"container\">\r\n                        <h3 class=\"section-title section-title_border-bottom\">Bogumi\u0142a Kili\u0144ska<\/h3> \r\n                        <div class=\"row m-0\">\r\n                            <div class=\"text-modules__content\">\r\n                                Jest wieloletni\u0105, bardzo aktywn\u0105 s\u0142uchaczk\u0105 Uniwersytetu Trzeciego Wieku \u2013 grupy w Jastrz\u0119biu-Zdroju. Jako cz\u0142onek samorz\u0105du bierze aktywny udzia\u0142 w przygotowaniach i przebiegu imprez w ramach UTW i w przedsi\u0119wzi\u0119ciach organizowanych przez nas w mie\u015bcie. S\u0105 to dzia\u0142ania na rzecz senior\u00f3w, dzieci i m\u0142odzie\u017cy. Wsp\u00f3\u0142organizuje i bierze udzia\u0142 w warsztatach na rzecz dzieci z przedszkoli jastrz\u0119bskich w ramach akcji \u201eDrzwi Otwarte Biblioteki\u201d lub akcji \u201eCa\u0142a Polska czyta Dzieciom\u201d oraz w spotkaniach okoliczno\u015bciowych: dzie\u0144 babci, jase\u0142ka. Organizuje zaj\u0119cia dla dzieci z Przedszkola Specjalnego w Wojew\u00f3dzkim Szpitalu Rehabilitacyjnym. Je\u017celi chodzi o osoby starsze uczestniczy w Festiwalu Organizacji Pozarz\u0105dowych odbywaj\u0105cych si\u0119 w mie\u015bcie jak i w spotkaniu z seniorami w DPS w Jastrz\u0119biu. Aktywnie w\u0142\u0105cza si\u0119 w organizacj\u0119 Festiwalu Seniora odbywaj\u0105cego si\u0119 od dw\u00f3ch lat w naszym mie\u015bcie. Z ramienia samorz\u0105du UTW wsp\u00f3\u0142organizuje wyjazdy do filharmonii, teatru, wycieczki jedno lub kilkudniowe, spotkania okoliczno\u015bciowe. Poza tym jako bibliotekarz od wielu lat prowadzi podr\u0119czn\u0105 biblioteczk\u0119 UTW. Jest aktywnym cz\u0142onkiem ch\u00f3ru naszego uniwersytetu. Jest osob\u0105 zawsze ch\u0119tn\u0105 do wsp\u00f3\u0142pracy i podejmowania nowych wyzwa\u0144, lubiana w gronie naszych s\u0142uchaczy. Uczestniczy w wyjazdowych konferencjach, seminariach i spotkaniach z w\u0142adzami miasta i organizacjami spo\u0142ecznymi jako przedstawiciel UTW.<\/p>\n<div class=\"mt-3\"><\/div>\r\n                            <\/div>\r\n                            \r\n                            \r\n                        <\/div>\r\n                    <\/div>\r\n                <\/div>\r\n                <div class=\"text-modules \">\r\n                    <div class=\"container\">\r\n                        <h3 class=\"section-title section-title_border-bottom\">Anna Rozenau<\/h3> \r\n                        <div class=\"row m-0\">\r\n                            <div class=\"text-modules__content\">\r\n                                Od 12 lat jest s\u0142uchaczk\u0105 Uniwersytetu Trzeciego Wieku w Uniwersytecie \u015al\u0105skim, grupa Sosnowiec, a od 2013 roku cz\u0142onkiem zarz\u0105du ds. Kultury i Sztuki. Pe\u0142ni\u0105c t\u0105 funkcje organizuje wyj\u015bcia S\u0142uchaczy UTW na imprezy kulturalne organizowane w mie\u015bcie. Od wielu lat zajmuje si\u0119 dzia\u0142aniami spo\u0142ecznym na rzecz dzielnicy Pogo\u0144, kt\u00f3re maj\u0105 na celu popraw\u0119 warunk\u00f3w \u017cycia i bezpiecze\u0144stwo mieszka\u0144c\u00f3w tej dzielnicy. Jest organizatorem spotka\u0144 z radnymi, w\u0142adzami miasta, policj\u0105, stra\u017c\u0105 miejsk\u0105 w wyniku kt\u00f3rych rozwi\u0105zywane s\u0105 problemy mieszka\u0144c\u00f3w. Jako wolontariuszka wsp\u00f3\u0142pracuje z MOPSem w organizowaniu festyn\u00f3w integruj\u0105cych spo\u0142eczno\u015b\u0107, zazielenianie osiedla, sprz\u0105tanie w ramach Dni Ziemi. Uczestniczy\u0142a w za\u0142o\u017ceniu klubu dla mieszka\u0144c\u00f3w przy ul. Lwowskiej i bierze udzia\u0142 w jego zaj\u0119ciach typu wyj\u015bcie do teatru, kina. Jest pomys\u0142odawc\u0105 projektu budowy si\u0142owni na \u015bwie\u017cym powietrzu i w ramach bud\u017cetu obywatelskiego powstaje obiekt rekreacyjny dla mieszka\u0144c\u00f3w przy ulicy Lwowskiej. Bierze udzia\u0142 w maratonach nordic walking ko\u0142o Katowickiego Spodka uzyskuj\u0105c miejsce poni\u017cej 50. W 2015 roku zosta\u0142a radn\u0105 Rady Senior\u00f3w Miasta Sosnowiec czynnie uczestnicz\u0105c w pracach Komisji Edukacji, Kultury i Wypoczynku. Wsp\u00f3\u0142pracuje z Rad\u0105 M\u0142odzie\u017cow\u0105, Rad\u0105 Miejsk\u0105 Miasta Sosnowiec, Stowarzyszeniem Aktywny Senior, Stowarzyszeniem Aktywne Kobiety. Jest liderem Spo\u0142eczno\u015bci lokalnej w ramach akcji Moda na Sukces. Z ramienia Rady Senior\u00f3w opiekuje si\u0119 grobem J\u00f3zefa Pelszyka &#8211; pierwszego powojennego Dyrektora Teatru Zag\u0142\u0119bia, bra\u0142a r\u00f3wnie\u017c udzia\u0142 w kwe\u015bcie na rzecz odnowy tego grobu. Jej przewodnim has\u0142em w dzia\u0142aniu jest: \u201eSzcz\u0119\u015bcie zale\u017cy od tego co mo\u017cesz da\u0107 a nie od tego co mo\u017cesz dosta\u0107\u201d. Pasj\u0105 pozaspo\u0142eczn\u0105, jednocze\u015bnie swoist\u0105 terapi\u0105, jest tw\u00f3rczo\u015b\u0107 artystyczna Pani Anny, kt\u00f3r\u0105 w pe\u0142ni rozwin\u0119\u0142a po zako\u0144czeniu pracy zawodowej w 2002 roku. Jest cz\u0142onkiem grupy plastycznej \u201eRelacje\u201d w Miejskim Klubie im. Jana Kiepury. Jest wsp\u00f3\u0142realizatork\u0105 projekt\u00f3w artystycznych grupy oraz organizatork\u0105 plener\u00f3w malarskich. Bierze udzia\u0142 w licznych wystawach zbiorowych i indywidualnych w kraju i zagranic\u0105. W 2015 roku zdoby\u0142a wyr\u00f3\u017cnienie w krajowym konkursie \u201eZnasz li ten kraj\u201d Stowarzyszenia Tw\u00f3rc\u00f3w Zag\u0142\u0119bia. Inspiracj\u0105 jej prac wykonywanych technik\u0105 akrylow\u0105, olejn\u0105 i pastel na p\u0142\u00f3tnie jest przyroda, architektura a tak\u017ce cz\u0142owiek. Jej prace znajduj\u0105 si\u0119 w zbiorach Muzeum Zag\u0142\u0119bia w B\u0119dzinie, w Miejskim Domu Kultury Strumie\u0144 oraz w kolekcjach prywatnych w kraju i zagranic\u0105 (w Idar-Oberstein \u2013 miasto partnerskie dla Sosnowca). \r\n                                <div class=\"mt-3\"><\/div>\r\n                            <\/div>\r\n                            \r\n                            \r\n                        <\/div>\r\n                    <\/div>\r\n                <\/div>\r\n                <div class=\"text-modules \">\r\n                    <div class=\"container\">\r\n                        <h3 class=\"section-title section-title_border-bottom\">Irena R\u00f3\u017ca<\/h3> \r\n                        <div class=\"row m-0\">\r\n                            <div class=\"text-modules__content\">\r\n                                Jest dzia\u0142aj\u0105c\u0105 spo\u0142ecznie, wieloletni\u0105, bardzo aktywn\u0105 s\u0142uchaczk\u0105 Uniwersytetu Trzeciego Wieku \u2013 grupy w Jastrz\u0119biu-Zdroju. Przez wiele lat dzia\u0142a w samorz\u0105dzie UTW i jest wsp\u00f3\u0142organizatorem akcji na rzecz senior\u00f3w w mie\u015bcie jak i wsp\u00f3\u0142pracy mi\u0119dzypokoleniowej. Aktywnie w\u0142\u0105cza si\u0119 w organizacj\u0119 Festiwalu Seniora odbywaj\u0105cego si\u0119 od dw\u00f3ch lat w naszym mie\u015bcie oraz w organizacj\u0119 spotka\u0144 okoliczno\u015bciowych dla senior\u00f3w. Jej zadaniem jest tak\u017ce kompletowanie materia\u0142\u00f3w z wszystkich wydarze\u0144 maj\u0105cych miejsce w Uniwersytecie Trzeciego Wieku jak i w mie\u015bcie. Od lat prowadzi kronik\u0119 UTW. Aktywnie uczestniczy w sekcjach: gimnastycznej i ta\u0144ca liniowego. Jest osob\u0105 dobrze zorganizowan\u0105, pomocn\u0105 w wielu dzia\u0142aniach, lubian\u0105 w naszej spo\u0142eczno\u015bci. Uczestniczy w wyjazdowych konferencjach, seminariach i spotkaniach z w\u0142adzami miasta i organizacjami spo\u0142ecznymi jako przedstawiciel UTW. \r\n                                <div class=\"mt-3\"><\/div>\r\n                            <\/div>\r\n                            \r\n                            \r\n                        <\/div>\r\n                    <\/div>\r\n                <\/div>\r\n                <div class=\"text-modules \">\r\n                    <div class=\"container\">\r\n                        <h3 class=\"section-title section-title_border-bottom\">Zofia Wieczorek<\/h3> \r\n                        <div class=\"row m-0\">\r\n                            <div class=\"text-modules__content\">\r\n                                Jest s\u0142uchaczk\u0105 Uniwersytetu Trzeciego Wieku w Uniwersytecie \u015al\u0105skim od 6 lat. Jej pasj\u0105 jest przyroda i zabytki, kt\u00f3re poznaje dzi\u0119ki spacerom. Z w\u0142asnej inicjatywy organizuje ze s\u0142uchaczami Uniwersytetu Trzeciego Wieku spacery pod has\u0142em \u201eSzlakiem Kapliczek i nie tylko\u201d w Bogucicach, Piotrowicach i w Kostuchnie przedstawiaj\u0105c histori\u0119 napotkanych kapliczek. Od 1990 roku fotografuje ko\u015bcio\u0142y drewniane w wojew\u00f3dztwie \u015bl\u0105skim, a tak\u017ce przydomowe i przydro\u017cne kapliczki oraz krzy\u017ce i figury wolnostoj\u0105ce. Uczestniczy\u0142a w audycji \u201eCzy to prawda \u017ce&#8230;\u201d prowadzonej przez redaktor Beat\u0119 Tomanek opowiadaj\u0105c o swojej pasji poznawania kapliczek, krzy\u017cy czy te\u017c figur. Jest autork\u0105 foto-ksi\u0105\u017cki, albumu \u201eKatowickie kapliczki, krzy\u017ce i figury\u201d. W 2004 roku ufundowa\u0142a drewnian\u0105 kapliczk\u0119 z wizerunkiem Matki Boskiej Nieustaj\u0105cej Pomocy dedykowan\u0105 Ojcu \u015awi\u0119temu Janowi Paw\u0142owi II. Kapliczka jest zawieszona na drzewie w Istebnej na szlaku prowadz\u0105cym na Sto\u017cek. Szczeg\u00f3ln\u0105 estym\u0105 darzy Kalwari\u0119 Piekarsk\u0105. Od 2006 do 2014 zasadzi\u0142a tam w sumie 30 drzew. W 2014 i 2015 roku zasadzi\u0142a 800 sztuk krokus\u00f3w. Od kilku lat odbywa marsze drogami \u015aw. Jakuba w Polsce na trasie od Krakowa do Giebu\u0142towa i od Olkusza do Ksi\u0119\u017cego Lasu. Pasj\u0105 t\u0105 \u201ezarazi\u0142a\u201d s\u0142uchaczy UTW, z kt\u00f3rymi odby\u0142a marsz na odcinku od S\u0105czowa do Wymys\u0142owa. Marsze s\u0105 po\u0142\u0105czone z wykonywaniem zdj\u0119\u0107 ciekawych element\u00f3w zauwa\u017conych na trasie. W swojej pasji fotografowania w ostatnich czasach uwiecznia zabytkowe okna i drzwi wej\u015bciowe do budynk\u00f3w, architektur\u0119 drewnian\u0105, \u201elauby\u201d w starych budynkach. Zdj\u0119cia te przekaza\u0142a do Miejskiego Konserwatora Zabytk\u00f3w. Pani Zosia Wieczorek jest niezmordowana w swoich pomys\u0142ach poznawczych, planuje spacer ze s\u0142uchaczami UTW drog\u0105 \u015aw. Jakuba z Piekar \u015al\u0105skich do Radzionkowa do \u015al\u0105skiego Ogrodu Botanicznego, a tak\u017ce zwiedzanie ko\u015bcio\u0142a pw. Ducha \u015awi\u0119tego z ciekaw\u0105 polichromi\u0105 Jerzego Nowosielskiego w Tychach. \r\n                                <div class=\"mt-3\"><\/div>\r\n                            <\/div>\r\n                            \r\n                            \r\n                        <\/div>\r\n                    <\/div>\r\n                <\/div>[\/vc_column][\/vc_row]<\/p>","protected":false},"excerpt":{"rendered":"<p>[vc_row el_class=&#8221;container&#8221;][vc_column el_class=&#8221;container&#8221;][\/vc_column][\/vc_row] [&#8230;]<\/p>\n<p><a class=\"btn btn-secondary understrap-read-more-link\" href=\"https:\/\/us.edu.pl\/student\/dzialalnosc-studencka\/wyroznienia-jm-rektora-us\/laureaci-poprzednich-edycji\/laureaci-2016\/uniwersytet-trzeciego-wieku\/\">Read More&#8230;<\/a><\/p>\n","protected":false},"author":1,"featured_media":0,"parent":5896,"menu_order":0,"comment_status":"closed","ping_status":"closed","template":"","meta":{"_expiration-date-status":"","_expiration-date":0,"_expiration-date-type":"","_expiration-date-categories":[],"_expiration-date-options":[]},"acf":[],"_links":{"self":[{"href":"https:\/\/us.edu.pl\/student\/wp-json\/wp\/v2\/pages\/6218"}],"collection":[{"href":"https:\/\/us.edu.pl\/student\/wp-json\/wp\/v2\/pages"}],"about":[{"href":"https:\/\/us.edu.pl\/student\/wp-json\/wp\/v2\/types\/page"}],"author":[{"embeddable":true,"href":"https:\/\/us.edu.pl\/student\/wp-json\/wp\/v2\/users\/1"}],"replies":[{"embeddable":true,"href":"https:\/\/us.edu.pl\/student\/wp-json\/wp\/v2\/comments?post=6218"}],"version-history":[{"count":0,"href":"https:\/\/us.edu.pl\/student\/wp-json\/wp\/v2\/pages\/6218\/revisions"}],"up":[{"embeddable":true,"href":"https:\/\/us.edu.pl\/student\/wp-json\/wp\/v2\/pages\/5896"}],"wp:attachment":[{"href":"https:\/\/us.edu.pl\/student\/wp-json\/wp\/v2\/media?parent=6218"}],"curies":[{"name":"wp","href":"https:\/\/api.w.org\/{rel}","templated":true}]}}