{"id":6381,"date":"2019-10-10T11:39:39","date_gmt":"2019-10-10T09:39:39","guid":{"rendered":"https:\/\/us.edu.pl\/student\/?page_id=6381"},"modified":"2019-10-10T11:51:53","modified_gmt":"2019-10-10T09:51:53","slug":"uniwersytet-slaski-dzieci","status":"publish","type":"page","link":"https:\/\/us.edu.pl\/student\/dzialalnosc-studencka\/wyroznienia-jm-rektora-us\/laureaci-poprzednich-edycji\/laureaci-2014\/uniwersytet-slaski-dzieci\/","title":{"rendered":"Uniwersytet \u015al\u0105ski Dzieci"},"content":{"rendered":"<p>[vc_row el_class=&#8221;container&#8221;][vc_column el_class=&#8221;container&#8221;]\r\n                <div class=\"text-modules\">\r\n                    <div class=\"container\">\r\n                        <h3 class=\"page-title text__title\">Uniwersytet \u015al\u0105ski Dzieci<\/h3>\r\n                        <div class=\"text-modules__content\"><\/div>\r\n                    <\/div>\r\n                <\/div>\r\n                <div class=\"text-modules \">\r\n                    <div class=\"container\">\r\n                        <h3 class=\"section-title section-title_border-bottom\">Ma\u0142gorzata Domaga\u0142a<\/h3> \r\n                        <div class=\"row m-0\">\r\n                            <div class=\"text-modules__content\">\r\n                                <\/p>\n<ul>\n<li>Od lutego 2013 roku jest studentem Uniwersytetu \u015al\u0105skiego Dzieci w grupie Poszukiwacze (5-6 lat).<\/li>\n<li>Aktywnie uczestniczy w zaj\u0119ciach organizowanych w swym przedszkolu, bior\u0105c udzia\u0142 w licznych przedstawieniach okoliczno\u015bciowych oraz konkursach organizowanych przez osiedlowe i miejskie instytucje kultury.<\/li>\n<li>Z zapa\u0142em ucz\u0119szcza na zaj\u0119cia Uniwersytetu \u015al\u0105skiego Dzieci, dumnie towarzysz\u0105c swej siostrze Ewie. Razem czerpi\u0105 zabaw\u0119 w zg\u0142\u0119bianiu tajemnic otaczaj\u0105cego je \u015bwiata, nierzadko zaskakuj\u0105c swych rodzic\u00f3w dociekliwymi pytaniami, kt\u00f3rych prostota jest nie lada \u0142amig\u0142\u00f3wk\u0105.<\/li>\n<li>Kocha zwierz\u0119ta, ma\u0142e i du\u017ce, a najwi\u0119kszym uczuciem darzy konie. S\u0105 one inspiracj\u0105 wielu jej prac plastycznych, bowiem rysowanie jest jej drug\u0105 wielk\u0105 pasj\u0105. Marzy, aby w przysz\u0142o\u015bci m\u00f3c hodowa\u0107 te pi\u0119kne i m\u0105dre zwierz\u0119ta.<\/li>\n<\/ul>\n<div class=\"mt-3\"><\/div>\r\n                            <\/div>\r\n                            \r\n                            <div class=\"text-modules__img\"><img src=\"https:\/\/us.edu.pl\/student\/wp-content\/uploads\/sites\/3\/Nieprzypisane\/domagala_0.jpg\" alt=\"img\"><\/div>\r\n                        <\/div>\r\n                    <\/div>\r\n                <\/div>\r\n                <div class=\"text-modules reverse\">\r\n                    <div class=\"container\">\r\n                        <h3 class=\"section-title section-title_border-bottom\">Aleksandra Harmansa<\/h3> \r\n                        <div class=\"row m-0\">\r\n                            <div class=\"text-modules__content\">\r\n                                <\/p>\n<ul>\n<li>Uczestniczy w zaj\u0119ciach Uniwersytetu \u015al\u0105skiego Dzieci w grupie M\u0142odzi Naukowcy (10-12 lat).<\/li>\n<li>Jest przyrodnikiem, kocha zwierz\u0119ta, jej wielk\u0105 pasj\u0105 jest praca z ko\u0144mi. Posiada du\u017ce zdolno\u015bci plastyczne, lubi czyta\u0107 ksi\u0105\u017cki.<\/li>\n<li>Jest bardzo aktywna fizycznie. Opr\u00f3cz jazdy konnej ucz\u0119szcza na zaj\u0119cia z pi\u0142ki siatkowej i tenisa sto\u0142owego, doskonale potrafi p\u0142ywa\u0107.<\/li>\n<li>Ostatnim osi\u0105gni\u0119ciem Oli jest zaj\u0119cie I miejsca w Mi\u0119dzyszkolnym Konkursie Przyrodniczym na projekt \u201eDrzewo\u201d organizowanym podczas X Mi\u0119dzyszkolnego \u015awi\u0119ta Ziemi 2014 zorganizowanego przez SP Nr 6 w ZSP Nr 1 w Mys\u0142owicach i M\u0142odzie\u017cowy Dom Kultury w Mys\u0142owicach pod patronatem Prezydenta Miasta Mys\u0142owice.<\/li>\n<\/ul>\n<div class=\"mt-3\"><\/div>\r\n                            <\/div>\r\n                            \r\n                            <div class=\"text-modules__img\"><img src=\"https:\/\/us.edu.pl\/student\/wp-content\/uploads\/sites\/3\/Nieprzypisane\/harmansa-215x300.jpg\" alt=\"img\"><\/div>\r\n                        <\/div>\r\n                    <\/div>\r\n                <\/div>\r\n                <div class=\"text-modules \">\r\n                    <div class=\"container\">\r\n                        <h3 class=\"section-title section-title_border-bottom\">Nina Kukie\u0142ka<\/h3> \r\n                        <div class=\"row m-0\">\r\n                            <div class=\"text-modules__content\">\r\n                                <\/p>\n<ul>\n<li>Uczestniczy w zaj\u0119ciach Uniwersytetu \u015al\u0105skiego Dzieci w grupie Eksperci (13-15 lat).<\/li>\n<li>W\u00a0zwi\u0105zku z sympati\u0105 do zwierz\u0105t od kilku lat organizuje w szkole akcje charytatywne na rzecz zwierz\u0105t ze schroniska.<\/li>\n<li>Od szko\u0142y podstawowej i w gimnazjum bierze udzia\u0142 w wielu konkursach przedmiotowych z matematyki, chemii, fizyki oraz sportowych.<\/li>\n<li>Do jej najwi\u0119kszych osi\u0105gni\u0119\u0107 nale\u017cy: 8 oraz 9 miejsce w og\u00f3lnopolskiej olimpiadzie przyrodniczej, 2 miejsce w konkursie pierwszej pomocy przedmedycznej, 1 miejsce w biegu prze\u0142ajowym, 2 miejsca w turnieju pi\u0142ki no\u017cnej.<\/li>\n<li>Jej ulubionymi zaj\u0119ciami na Uniwersytecie \u015al\u0105skim s\u0105 seminaria z chemii oraz biologii. Od przysz\u0142ego semestru planuje zosta\u0107 studentem Uniwersytetu \u015al\u0105skiego M\u0142odzie\u017cy.<\/li>\n<li>Interesuje si\u0119 naukami przyrodniczo-chemicznymi, j\u0119zykami obcymi (angielski, niemiecki, rosyjski), sportem, turystyk\u0105 g\u00f3rsk\u0105.<\/li>\n<\/ul>\n<div class=\"mt-3\"><\/div>\r\n                            <\/div>\r\n                            \r\n                            <div class=\"text-modules__img\"><img src=\"https:\/\/us.edu.pl\/student\/wp-content\/uploads\/sites\/3\/Nieprzypisane\/kukielka-273x300.jpg\" alt=\"img\"><\/div>\r\n                        <\/div>\r\n                    <\/div>\r\n                <\/div>\r\n                <div class=\"text-modules reverse\">\r\n                    <div class=\"container\">\r\n                        <h3 class=\"section-title section-title_border-bottom\">Dominik Twarowski<\/h3> \r\n                        <div class=\"row m-0\">\r\n                            <div class=\"text-modules__content\">\r\n                                <\/p>\n<ul>\n<li>Uczestniczy w zaj\u0119ciach Uniwersytetu \u015al\u0105skiego Dzieci w grupie Odkrywcy (7-9 lat).<\/li>\n<li>Swoje zainteresowania rozszerza b\u0119d\u0105c ju\u017c od trzech lat studentem Uniwersytetu \u015al\u0105skiego Dzieci, gdzie podczas zaj\u0119\u0107 wykazuje si\u0119 kreatywno\u015bci\u0105 i zaanga\u017cowaniem.<\/li>\n<li>Otwarty na ludzi i otaczaj\u0105cy go \u015bwiat, jest bardzo aktywny i dociekliwy, wsz\u0119dzie go pe\u0142no.<\/li>\n<li>Niezmiernie lubi wymy\u015bla\u0107 kilka scenariuszy zdarze\u0144 i rozwi\u0105za\u0144. Od dziecka otacza\u0142y go zwierz\u0119ta, kt\u00f3re traktuje na r\u00f3wni z lud\u017ami. Lubi poznawa\u0107 nowe rzeczy, co chwil\u0119 interesuje si\u0119 czym\u015b innym i\u00a0 jeszcze nie sprecyzowa\u0142 czym chcia\u0142by zajmowa\u0107 si\u0119 w \u017cyciu, cho\u0107 powoli ju\u017c wie, czego nie chcia\u0142by robi\u0107.<\/li>\n<li>Je\u017adzi na rowerze, na nartach i od trzech lat trenuje aikido. Lubi wycieczki i zbieranie grzyb\u00f3w.<\/li>\n<li>\u0141adnie rysuje, lepi z modeliny i uk\u0142ada konstrukcje z klock\u00f3w Lego. Du\u017c\u0105 rado\u015b\u0107 sprawia mu majsterkowanie i eksperymentowanie.<\/li>\n<li>Uwielbia wat\u0119 cukrow\u0105.<\/li>\n<\/ul>\n<div class=\"mt-3\"><\/div>\r\n                            <\/div>\r\n                            \r\n                            <div class=\"text-modules__img\"><img src=\"https:\/\/us.edu.pl\/student\/wp-content\/uploads\/sites\/3\/Nieprzypisane\/twarowski-240x300.jpg\" alt=\"img\"><\/div>\r\n                        <\/div>\r\n                    <\/div>\r\n                <\/div>[\/vc_column][\/vc_row][vc_row el_class=&#8221;container&#8221;][vc_column el_class=&#8221;container&#8221;]\r\n                <div class=\"text-modules\">\r\n                    <div class=\"container\">\r\n                        \r\n                        <div class=\"text-modules__content\"><p><em>Powy\u017csze informacje nie obejmuj\u0105 ca\u0142ej dzia\u0142alno\u015bci poszczeg\u00f3lnych os\u00f3b i zosta\u0142y opublikowane w ramach konkursu JM Rektora Uniwersytetu \u015al\u0105skiego. Dane pochodz\u0105 z kwietnia 2014 r.<\/em><\/p>\n<\/div>\r\n                    <\/div>\r\n                <\/div>[\/vc_column][\/vc_row]<\/p>","protected":false},"excerpt":{"rendered":"<p>[vc_row el_class=&#8221;container&#8221;][vc_column el_class=&#8221;container&#8221;][\/vc_column][\/vc_row][vc_row el_class=&#8221;container&#8221;][vc_column el_class=&#8221;container&#8221;][\/vc_column][\/vc_row] [&#8230;]<\/p>\n<p><a class=\"btn btn-secondary understrap-read-more-link\" href=\"https:\/\/us.edu.pl\/student\/dzialalnosc-studencka\/wyroznienia-jm-rektora-us\/laureaci-poprzednich-edycji\/laureaci-2014\/uniwersytet-slaski-dzieci\/\">Read More&#8230;<\/a><\/p>\n","protected":false},"author":1,"featured_media":0,"parent":5907,"menu_order":0,"comment_status":"closed","ping_status":"closed","template":"","meta":{"_expiration-date-status":"","_expiration-date":0,"_expiration-date-type":"","_expiration-date-categories":[],"_expiration-date-options":[]},"acf":[],"_links":{"self":[{"href":"https:\/\/us.edu.pl\/student\/wp-json\/wp\/v2\/pages\/6381"}],"collection":[{"href":"https:\/\/us.edu.pl\/student\/wp-json\/wp\/v2\/pages"}],"about":[{"href":"https:\/\/us.edu.pl\/student\/wp-json\/wp\/v2\/types\/page"}],"author":[{"embeddable":true,"href":"https:\/\/us.edu.pl\/student\/wp-json\/wp\/v2\/users\/1"}],"replies":[{"embeddable":true,"href":"https:\/\/us.edu.pl\/student\/wp-json\/wp\/v2\/comments?post=6381"}],"version-history":[{"count":0,"href":"https:\/\/us.edu.pl\/student\/wp-json\/wp\/v2\/pages\/6381\/revisions"}],"up":[{"embeddable":true,"href":"https:\/\/us.edu.pl\/student\/wp-json\/wp\/v2\/pages\/5907"}],"wp:attachment":[{"href":"https:\/\/us.edu.pl\/student\/wp-json\/wp\/v2\/media?parent=6381"}],"curies":[{"name":"wp","href":"https:\/\/api.w.org\/{rel}","templated":true}]}}

Uniwersytet Śląski Dzieci

<p>[vc_row el_class=&#8221;container&#8221;][vc_column el_class=&#8221;container&#8221;]
                <div class="text-modules">
                    <div class="container">
                        <h3 class="page-title text__title">Uniwersytet Śląski Dzieci</h3>
                        <div class="text-modules__content"></div>
                    </div>
                </div>
                <div class="text-modules ">
                    <div class="container">
                        <h3 class="section-title section-title_border-bottom">Małgorzata Domagała</h3> 
                        <div class="row m-0">
                            <div class="text-modules__content">
                                </p>
<ul>
<li>Od lutego 2013 roku jest studentem Uniwersytetu Śląskiego Dzieci w grupie Poszukiwacze (5-6 lat).</li>
<li>Aktywnie uczestniczy w zajęciach organizowanych w swym przedszkolu, biorąc udział w licznych przedstawieniach okolicznościowych oraz konkursach organizowanych przez osiedlowe i miejskie instytucje kultury.</li>
<li>Z zapałem uczęszcza na zajęcia Uniwersytetu Śląskiego Dzieci, dumnie towarzysząc swej siostrze Ewie. Razem czerpią zabawę w zgłębianiu tajemnic otaczającego je świata, nierzadko zaskakując swych rodziców dociekliwymi pytaniami, których prostota jest nie lada łamigłówką.</li>
<li>Kocha zwierzęta, małe i duże, a największym uczuciem darzy konie. Są one inspiracją wielu jej prac plastycznych, bowiem rysowanie jest jej drugą wielką pasją. Marzy, aby w przyszłości móc hodować te piękne i mądre zwierzęta.</li>
</ul>
<div class="mt-3"></div>
                            </div>
                            
                            <div class="text-modules__img"><img src="https://us.edu.pl/student/wp-content/uploads/sites/3/Nieprzypisane/domagala_0.jpg" alt="img"></div>
                        </div>
                    </div>
                </div>
                <div class="text-modules reverse">
                    <div class="container">
                        <h3 class="section-title section-title_border-bottom">Aleksandra Harmansa</h3> 
                        <div class="row m-0">
                            <div class="text-modules__content">
                                </p>
<ul>
<li>Uczestniczy w zajęciach Uniwersytetu Śląskiego Dzieci w grupie Młodzi Naukowcy (10-12 lat).</li>
<li>Jest przyrodnikiem, kocha zwierzęta, jej wielką pasją jest praca z końmi. Posiada duże zdolności plastyczne, lubi czytać książki.</li>
<li>Jest bardzo aktywna fizycznie. Oprócz jazdy konnej uczęszcza na zajęcia z piłki siatkowej i tenisa stołowego, doskonale potrafi pływać.</li>
<li>Ostatnim osiągnięciem Oli jest zajęcie I miejsca w Międzyszkolnym Konkursie Przyrodniczym na projekt „Drzewo” organizowanym podczas X Międzyszkolnego Święta Ziemi 2014 zorganizowanego przez SP Nr 6 w ZSP Nr 1 w Mysłowicach i Młodzieżowy Dom Kultury w Mysłowicach pod patronatem Prezydenta Miasta Mysłowice.</li>
</ul>
<div class="mt-3"></div>
                            </div>
                            
                            <div class="text-modules__img"><img src="https://us.edu.pl/student/wp-content/uploads/sites/3/Nieprzypisane/harmansa-215x300.jpg" alt="img"></div>
                        </div>
                    </div>
                </div>
                <div class="text-modules ">
                    <div class="container">
                        <h3 class="section-title section-title_border-bottom">Nina Kukiełka</h3> 
                        <div class="row m-0">
                            <div class="text-modules__content">
                                </p>
<ul>
<li>Uczestniczy w zajęciach Uniwersytetu Śląskiego Dzieci w grupie Eksperci (13-15 lat).</li>
<li>W związku z sympatią do zwierząt od kilku lat organizuje w szkole akcje charytatywne na rzecz zwierząt ze schroniska.</li>
<li>Od szkoły podstawowej i w gimnazjum bierze udział w wielu konkursach przedmiotowych z matematyki, chemii, fizyki oraz sportowych.</li>
<li>Do jej największych osiągnięć należy: 8 oraz 9 miejsce w ogólnopolskiej olimpiadzie przyrodniczej, 2 miejsce w konkursie pierwszej pomocy przedmedycznej, 1 miejsce w biegu przełajowym, 2 miejsca w turnieju piłki nożnej.</li>
<li>Jej ulubionymi zajęciami na Uniwersytecie Śląskim są seminaria z chemii oraz biologii. Od przyszłego semestru planuje zostać studentem Uniwersytetu Śląskiego Młodzieży.</li>
<li>Interesuje się naukami przyrodniczo-chemicznymi, językami obcymi (angielski, niemiecki, rosyjski), sportem, turystyką górską.</li>
</ul>
<div class="mt-3"></div>
                            </div>
                            
                            <div class="text-modules__img"><img src="https://us.edu.pl/student/wp-content/uploads/sites/3/Nieprzypisane/kukielka-273x300.jpg" alt="img"></div>
                        </div>
                    </div>
                </div>
                <div class="text-modules reverse">
                    <div class="container">
                        <h3 class="section-title section-title_border-bottom">Dominik Twarowski</h3> 
                        <div class="row m-0">
                            <div class="text-modules__content">
                                </p>
<ul>
<li>Uczestniczy w zajęciach Uniwersytetu Śląskiego Dzieci w grupie Odkrywcy (7-9 lat).</li>
<li>Swoje zainteresowania rozszerza będąc już od trzech lat studentem Uniwersytetu Śląskiego Dzieci, gdzie podczas zajęć wykazuje się kreatywnością i zaangażowaniem.</li>
<li>Otwarty na ludzi i otaczający go świat, jest bardzo aktywny i dociekliwy, wszędzie go pełno.</li>
<li>Niezmiernie lubi wymyślać kilka scenariuszy zdarzeń i rozwiązań. Od dziecka otaczały go zwierzęta, które traktuje na równi z ludźmi. Lubi poznawać nowe rzeczy, co chwilę interesuje się czymś innym i  jeszcze nie sprecyzował czym chciałby zajmować się w życiu, choć powoli już wie, czego nie chciałby robić.</li>
<li>Jeździ na rowerze, na nartach i od trzech lat trenuje aikido. Lubi wycieczki i zbieranie grzybów.</li>
<li>Ładnie rysuje, lepi z modeliny i układa konstrukcje z klocków Lego. Dużą radość sprawia mu majsterkowanie i eksperymentowanie.</li>
<li>Uwielbia watę cukrową.</li>
</ul>
<div class="mt-3"></div>
                            </div>
                            
                            <div class="text-modules__img"><img src="https://us.edu.pl/student/wp-content/uploads/sites/3/Nieprzypisane/twarowski-240x300.jpg" alt="img"></div>
                        </div>
                    </div>
                </div>[/vc_column][/vc_row][vc_row el_class=&#8221;container&#8221;][vc_column el_class=&#8221;container&#8221;]
                <div class="text-modules">
                    <div class="container">
                        
                        <div class="text-modules__content"><p><em>Powyższe informacje nie obejmują całej działalności poszczególnych osób i zostały opublikowane w ramach konkursu JM Rektora Uniwersytetu Śląskiego. Dane pochodzą z kwietnia 2014 r.</em></p>
</div>
                    </div>
                </div>[/vc_column][/vc_row]</p>
