{"id":6411,"date":"2019-10-10T12:05:25","date_gmt":"2019-10-10T10:05:25","guid":{"rendered":"https:\/\/us.edu.pl\/student\/?page_id=6411"},"modified":"2019-10-10T12:07:03","modified_gmt":"2019-10-10T10:07:03","slug":"uniwersytet-trzeciego-wieku","status":"publish","type":"page","link":"https:\/\/us.edu.pl\/student\/dzialalnosc-studencka\/wyroznienia-jm-rektora-us\/laureaci-poprzednich-edycji\/laureaci-2014\/uniwersytet-trzeciego-wieku\/","title":{"rendered":"Uniwersytet Trzeciego Wieku"},"content":{"rendered":"<p>[vc_row el_class=&#8221;container&#8221;][vc_column el_class=&#8221;container&#8221;]\r\n                <div class=\"text-modules\">\r\n                    <div class=\"container\">\r\n                        <h3 class=\"page-title text__title\">Uniwersytet Trzeciego Wieku<\/h3>\r\n                        <div class=\"text-modules__content\"><\/div>\r\n                    <\/div>\r\n                <\/div>\r\n                <div class=\"text-modules \">\r\n                    <div class=\"container\">\r\n                        <h3 class=\"section-title section-title_border-bottom\">Franciszek Bara<\/h3> \r\n                        <div class=\"row m-0\">\r\n                            <div class=\"text-modules__content\">\r\n                                <\/p>\n<ul>\n<li>Od 2001 roku s\u0142uchacz Uniwersytetu Trzeciego Wieku\u00a0na Uniwersytecie \u015al\u0105skim.<\/li>\n<li>W 2011 roku zosta\u0142 wybrany do Samorz\u0105du S\u0142uchaczy, gdzie jest odpowiedzialnym za zaj\u0119cia ruchowe.<\/li>\n<li>Od pocz\u0105tku swojej dzia\u0142alno\u015bci w Samorz\u0105dzie zajmuje si\u0119 przygotowaniem reprezentacji Uniwersytetu na Og\u00f3lnopolsk\u0105 Olimpiad\u0119 Sportow\u0105 UTW w \u0141azach.<\/li>\n<li>W 2014 roku po raz trzeci sam bierze czynny udzia\u0142 w olimpiadzie w grupie kolarskiej.<\/li>\n<li>Prowadzi zaj\u0119cia na p\u0142ywalni, prowadzi r\u00f3wnie\u017c sekcj\u0119 tenisa sto\u0142owego.<\/li>\n<li>Uczestniczy\u0142 w warsztatach mobilnych oprogramowa\u0144 organizowanych przez Uniwersytet Jagiello\u0144ski w Krakowie, zdobywaj\u0105c pierwsze miejsce w znajomo\u015bci pracy z tabletem i smartfonem.<\/li>\n<li>W regionalnym konkursie fotograficznym dla UTW na temat swojego miasta jego zdj\u0119cia uzyska\u0142y wyr\u00f3\u017cnienie. Te zdj\u0119cia zosta\u0142y r\u00f3wnie\u017c wyr\u00f3\u017cnione na Miejskim Konkursie Fotograficznym w Katowicach.<\/li>\n<li>Jest uczestnikiem Ko\u0142a Historii \u015al\u0105ska w UTW, zdoby\u0142 pierwsze miejsce w \u201eGrze miejskiej\u201d \u2013 dotycz\u0105cej znajomo\u015bci Katowic<\/li>\n<li>Opracowuje relacje z wycieczek Uniwersytetu Trzeciego Wieku, kt\u00f3re s\u0105 publikowane w Zeszytach UTW \u201eSeniorzy\u201d i na stronie internetowej UTW<\/li>\n<li>Z okazji \u201eBarb\u00f3rki\u201d \u2013 grudzie\u0144 2013, przygotowa\u0142 i wyg\u0142osi\u0142 dla s\u0142uchaczy UTW wyk\u0142ad pt. G\u00f3rniczy Stan\u00a0 z\u00a0 ciekaw\u0105 prezentacj\u0105.<\/li>\n<li>Jest aktywnym cz\u0142onkiem Stowarzyszenia Emeryt\u00f3w i Rencist\u00f3w w Katowicach, a tak\u017ce wsp\u00f3\u0142za\u0142o\u017cycielem Grupy G\u00f3rnik\u00f3w przy Parafii Matki Boskiej Piekarskiej na Osiedlu Tysi\u0105clecia.<\/li>\n<li>Przed p\u00f3j\u015bciem na emerytur\u0119 pan Franciszek pracowa\u0142 na stanowisku starszego inspektora do spraw miernictwa\u00a0 g\u00f3rniczego z uprawnieniami w kopalniach \u201eWieczorek\u201d\u00a0 i \u201ePolska\u201d.<\/li>\n<li>Zgodnie z opini\u0105 bezpo\u015bredniego prze\u0142o\u017conego, by\u0142 pracownikiem bardzo sumiennym, odpowiedzialnym, kole\u017ce\u0144skim \u2013 posiadaj\u0105cym szeroki zas\u00f3b wiedzy.<\/li>\n<li>Pan Franciszek przygotowuje bardzo smaczne wypieki, kt\u00f3rymi cz\u0119stuje\u00a0 swoich znajomych, a kt\u00f3re umilaj\u0105 ka\u017cde zebranie samorz\u0105du UTW.<\/li>\n<\/ul>\n<div class=\"mt-3\"><\/div>\r\n                            <\/div>\r\n                            \r\n                            <div class=\"text-modules__img\"><img src=\"https:\/\/us.edu.pl\/student\/wp-content\/uploads\/sites\/3\/Nieprzypisane\/bara-200x300.jpg\" alt=\"img\"><\/div>\r\n                        <\/div>\r\n                    <\/div>\r\n                <\/div>[\/vc_column][\/vc_row][vc_row el_class=&#8221;container&#8221;][vc_column el_class=&#8221;container&#8221;]\r\n                <div class=\"text-modules\">\r\n                    <div class=\"container\">\r\n                        \r\n                        <div class=\"text-modules__content\"><p><em>Powy\u017csze informacje nie obejmuj\u0105 ca\u0142ej dzia\u0142alno\u015bci poszczeg\u00f3lnych os\u00f3b i zosta\u0142y opublikowane w ramach konkursu JM Rektora Uniwersytetu \u015al\u0105skiego. Dane pochodz\u0105 z kwietnia 2014 r.<\/em><\/p>\n<\/div>\r\n                    <\/div>\r\n                <\/div>[\/vc_column][\/vc_row]<\/p>","protected":false},"excerpt":{"rendered":"<p>[vc_row el_class=&#8221;container&#8221;][vc_column el_class=&#8221;container&#8221;][\/vc_column][\/vc_row][vc_row el_class=&#8221;container&#8221;][vc_column el_class=&#8221;container&#8221;][\/vc_column][\/vc_row] [&#8230;]<\/p>\n<p><a class=\"btn btn-secondary understrap-read-more-link\" href=\"https:\/\/us.edu.pl\/student\/dzialalnosc-studencka\/wyroznienia-jm-rektora-us\/laureaci-poprzednich-edycji\/laureaci-2014\/uniwersytet-trzeciego-wieku\/\">Read More&#8230;<\/a><\/p>\n","protected":false},"author":1,"featured_media":0,"parent":5907,"menu_order":0,"comment_status":"closed","ping_status":"closed","template":"","meta":{"_expiration-date-status":"","_expiration-date":0,"_expiration-date-type":"","_expiration-date-categories":[],"_expiration-date-options":[]},"acf":[],"_links":{"self":[{"href":"https:\/\/us.edu.pl\/student\/wp-json\/wp\/v2\/pages\/6411"}],"collection":[{"href":"https:\/\/us.edu.pl\/student\/wp-json\/wp\/v2\/pages"}],"about":[{"href":"https:\/\/us.edu.pl\/student\/wp-json\/wp\/v2\/types\/page"}],"author":[{"embeddable":true,"href":"https:\/\/us.edu.pl\/student\/wp-json\/wp\/v2\/users\/1"}],"replies":[{"embeddable":true,"href":"https:\/\/us.edu.pl\/student\/wp-json\/wp\/v2\/comments?post=6411"}],"version-history":[{"count":0,"href":"https:\/\/us.edu.pl\/student\/wp-json\/wp\/v2\/pages\/6411\/revisions"}],"up":[{"embeddable":true,"href":"https:\/\/us.edu.pl\/student\/wp-json\/wp\/v2\/pages\/5907"}],"wp:attachment":[{"href":"https:\/\/us.edu.pl\/student\/wp-json\/wp\/v2\/media?parent=6411"}],"curies":[{"name":"wp","href":"https:\/\/api.w.org\/{rel}","templated":true}]}}