{"id":6503,"date":"2019-10-10T13:21:45","date_gmt":"2019-10-10T11:21:45","guid":{"rendered":"https:\/\/us.edu.pl\/student\/?page_id=6503"},"modified":"2019-10-10T13:23:45","modified_gmt":"2019-10-10T11:23:45","slug":"uniwersytet-maturzystow","status":"publish","type":"page","link":"https:\/\/us.edu.pl\/student\/dzialalnosc-studencka\/wyroznienia-jm-rektora-us\/laureaci-poprzednich-edycji\/laureaci-2013\/uniwersytet-maturzystow\/","title":{"rendered":"Uniwersytet Maturzyst\u00f3w"},"content":{"rendered":"<p>[vc_row el_class=&#8221;container&#8221;][vc_column el_class=&#8221;container&#8221;]\r\n                <div class=\"text-modules\">\r\n                    <div class=\"container\">\r\n                        <h3 class=\"page-title text__title\">Uniwersytet Maturzyst\u00f3w<\/h3>\r\n                        <div class=\"text-modules__content\"><\/div>\r\n                    <\/div>\r\n                <\/div>\r\n                <div class=\"text-modules \">\r\n                    <div class=\"container\">\r\n                        <h3 class=\"section-title section-title_border-bottom\">Filip Pawlak<\/h3> \r\n                        <div class=\"row m-0\">\r\n                            <div class=\"text-modules__content\">\r\n                                <strong>Filip Pawlak<\/strong>\u00a0uczestniczy\u0142 w zaj\u0119ciach Uniwersytetu \u015al\u0105skiego Maturzyst\u00f3w, w warsztatach z j\u0119zyka polskiego i wiedzy o spo\u0142ecze\u0144stwie.\u00a0Jego relacja z Nocnych Powt\u00f3rek Maturalnych, przygotowana w formie materia\u0142u radiowego, zosta\u0142a wyemitowana w Programie III Polskiego Radia. Jest tegorocznym absolwentem III Liceum Og\u00f3lnokszta\u0142c\u0105cego im. Stefana Batorego w Chorzowie. Pasjonuje go mi\u0119dzy innymi \u017ceglarstwo, teatr (re\u017cyseria i aktorstwo) oraz dziennikarstwo radiowe. W trakcie nauki w liceum zdoby\u0142 m.in. I miejsce Og\u00f3lnopolskim Konkursie Krasom\u00f3wczym im. W. Korfantego. Podczas Og\u00f3lnopolskiego Festiwalu Sztuki Re\u017cyserskiej &#8222;Interpretacje&#8221; zasiada\u0142 w jury spo\u0142ecznym. By\u0142 jurorem II i III edycji Regionalnego Przegl\u0105du Ma\u0142ych Form Teatralnych &#8222;Teatroida&#8221;. Dodatkowo jest\u00a0pomys\u0142odawc\u0105 i realizatorem Dyskusyjnego Klubu Teatralnego &#8222;Dykta&#8221; przy projekcie &#8222;Lato w Malarni&#8221;,\u00a0organizowanym przez Teatr \u015al\u0105ski. Swoj\u0105 pasj\u0119 dziennikarsk\u0105 realizuje dzia\u0142aj\u0105c od 2011 r. w Studenckim Studiu Radiowym Egida. Przeprowadzi\u0142 wywiady m.in. z Jaromirem Nohavic\u0105 i Czes\u0142awem Mozilem. \r\n                                <div class=\"mt-3\"><\/div>\r\n                            <\/div>\r\n                            \r\n                            \r\n                        <\/div>\r\n                    <\/div>\r\n                <\/div>[\/vc_column][\/vc_row]<\/p>","protected":false},"excerpt":{"rendered":"<p>[vc_row el_class=&#8221;container&#8221;][vc_column el_class=&#8221;container&#8221;][\/vc_column][\/vc_row] [&#8230;]<\/p>\n<p><a class=\"btn btn-secondary understrap-read-more-link\" href=\"https:\/\/us.edu.pl\/student\/dzialalnosc-studencka\/wyroznienia-jm-rektora-us\/laureaci-poprzednich-edycji\/laureaci-2013\/uniwersytet-maturzystow\/\">Read More&#8230;<\/a><\/p>\n","protected":false},"author":1,"featured_media":0,"parent":5910,"menu_order":0,"comment_status":"closed","ping_status":"closed","template":"","meta":{"_expiration-date-status":"","_expiration-date":0,"_expiration-date-type":"","_expiration-date-categories":[],"_expiration-date-options":[]},"acf":[],"_links":{"self":[{"href":"https:\/\/us.edu.pl\/student\/wp-json\/wp\/v2\/pages\/6503"}],"collection":[{"href":"https:\/\/us.edu.pl\/student\/wp-json\/wp\/v2\/pages"}],"about":[{"href":"https:\/\/us.edu.pl\/student\/wp-json\/wp\/v2\/types\/page"}],"author":[{"embeddable":true,"href":"https:\/\/us.edu.pl\/student\/wp-json\/wp\/v2\/users\/1"}],"replies":[{"embeddable":true,"href":"https:\/\/us.edu.pl\/student\/wp-json\/wp\/v2\/comments?post=6503"}],"version-history":[{"count":0,"href":"https:\/\/us.edu.pl\/student\/wp-json\/wp\/v2\/pages\/6503\/revisions"}],"up":[{"embeddable":true,"href":"https:\/\/us.edu.pl\/student\/wp-json\/wp\/v2\/pages\/5910"}],"wp:attachment":[{"href":"https:\/\/us.edu.pl\/student\/wp-json\/wp\/v2\/media?parent=6503"}],"curies":[{"name":"wp","href":"https:\/\/api.w.org\/{rel}","templated":true}]}}