{"id":6645,"date":"2019-10-10T15:59:10","date_gmt":"2019-10-10T13:59:10","guid":{"rendered":"https:\/\/us.edu.pl\/student\/?page_id=6645"},"modified":"2019-10-10T16:20:58","modified_gmt":"2019-10-10T14:20:58","slug":"uniwersytet-trzeciego-wieku","status":"publish","type":"page","link":"https:\/\/us.edu.pl\/student\/dzialalnosc-studencka\/wyroznienia-jm-rektora-us\/laureaci-poprzednich-edycji\/laureaci-2012\/uniwersytet-trzeciego-wieku\/","title":{"rendered":"Uniwersytet Trzeciego Wieku"},"content":{"rendered":"<p>[vc_row el_class=&#8221;container&#8221;][vc_column el_class=&#8221;container&#8221;]\r\n                <div class=\"text-modules\">\r\n                    <div class=\"container\">\r\n                        <h3 class=\"page-title text__title\">Uniwersytet Trzeciego Wieku<\/h3>\r\n                        <div class=\"text-modules__content\"><\/div>\r\n                    <\/div>\r\n                <\/div>\r\n                <div class=\"text-modules \">\r\n                    <div class=\"container\">\r\n                        <h3 class=\"section-title section-title_border-bottom\">Gra\u017cyna \u0141ado\u0144<\/h3> \r\n                        <div class=\"row m-0\">\r\n                            <div class=\"text-modules__content\">\r\n                                <\/p>\n<ul>\n<li>21 maja 2012 r. otrzyma\u0142a Wyr\u00f3\u017cnienie Jego Magnificencji Rektora U\u015a za dzia\u0142alno\u015b\u0107 na rzecz spo\u0142eczno\u015bci Uniwersytetu Trzeciego Wieku<\/li>\n<li>absolwentka Akademii G\u00f3rniczo-Hutniczej w Krakowie<\/li>\n<li>w pierwszych wyborach (2004 rok) do Samorz\u0105du S\u0142uchaczy UTW zosta\u0142a wybrana na Przewodnicz\u0105c\u0105<\/li>\n<li>osoba dyspozycyjna, kreatywna i samodzielna w dzia\u0142aniu na rzecz dobra Grupy UTW<\/li>\n<li>w czasie jej pierwszej kadencji liczebno\u015b\u0107 Grupy Sosnowiec wzros\u0142a z 200 do 500 os\u00f3b; grupa Sosnowiec nawi\u0105za\u0142a kontakty z Bibliotek\u0105 Miejsk\u0105 w Sosnowcu, O\u015brodkiem Kultury \u201eZamek Sielecki\u201d, Klubem Kiepury, Zespo\u0142em Szk\u00f3\u0142 Muzycznych i Domem Dziecka w Sosnowcu<\/li>\n<li>Pani Gra\u017cyna zorganizowa\u0142a wiele wycieczek zar\u00f3wno krajowych i zagranicznych i w ciekawy spos\u00f3b prowadzi kronik\u0119 UTW<\/li>\n<li>w wyborach do Samorz\u0105du S\u0142uchaczy w roku 2012 ponownie zosta\u0142a wybrana przewodnicz\u0105c\u0105<\/li>\n<\/ul>\n<div class=\"mt-3\"><\/div>\r\n                            <\/div>\r\n                            \r\n                            <div class=\"text-modules__img\"><img src=\"https:\/\/us.edu.pl\/student\/wp-content\/uploads\/sites\/3\/Nieprzypisane\/Ladon_Grazyna1.jpg\" alt=\"img\"><\/div>\r\n                        <\/div>\r\n                    <\/div>\r\n                <\/div>\r\n                <div class=\"text-modules reverse\">\r\n                    <div class=\"container\">\r\n                        <h3 class=\"section-title section-title_border-bottom\">Maria Somerlik<\/h3> \r\n                        <div class=\"row m-0\">\r\n                            <div class=\"text-modules__content\">\r\n                                <\/p>\n<ul>\n<li>21 maja 2012 r. otrzyma\u0142a Wyr\u00f3\u017cnienie Jego Magnificencji Rektora U\u015a za dzia\u0142alno\u015b\u0107 na rzecz spo\u0142eczno\u015bci Uniwersytetu Trzeciego Wieku<\/li>\n<li>uko\u0144czy\u0142a wydzia\u0142 piel\u0119gniarstwa \u015al\u0105skiej Akademii Medycznej<\/li>\n<li>ponad 20 lat pracowa\u0142a w s\u0142u\u017cbie zdrowia, za\u015b przez 10 lat by\u0142a dyrektorem O\u015brodka Pomocy Spo\u0142ecznej w Jastrz\u0119biu Zdroju<\/li>\n<li>po przej\u015bciu na emerytur\u0119, b\u0119d\u0105c nadal osob\u0105 bardzo aktywn\u0105, zainicjowa\u0142a powstanie UTW w O\u015brodku Zamiejscowym Uniwersytetu \u015al\u0105skiego w Jastrz\u0119biu Zdroju<\/li>\n<li>przez 4 lata prowadzi\u0142a UTW nadaj\u0105c mu form\u0119 organizacyjn\u0105 i merytoryczn\u0105<\/li>\n<li>nawi\u0105za\u0142a \u015bcis\u0142y kontakt z wyk\u0142adowcami Uniwersytetu \u015al\u0105skiego, kt\u00f3rzy prowadzili i prowadz\u0105 wyk\u0142ady dla s\u0142uchaczy UTW<\/li>\n<li>za dzia\u0142alno\u015b\u0107 na rzecz UTW zosta\u0142a odznaczona srebrn\u0105 odznak\u0105 \u201eZa zas\u0142ugi dla Uniwersytetu \u015al\u0105skiego\u201d<\/li>\n<li>przyczyni\u0142a si\u0119 do powo\u0142ania Wszechnicy Edukacyjnej przy Zamiejscowym O\u015brodku Dydaktycznym Akademii G\u00f3rniczo-Hutniczej w Jastrz\u0119biu Zdroju. Wszechnica dzia\u0142a ju\u017c 5 rok, na podobnych zasadach jak Uniwersytet Trzeciego Wieku<\/li>\n<li>w 2011 roku Prezydent miasta Jastrz\u0119bie Zdr\u00f3j przy wydatnej pomocy pani Marii powo\u0142a\u0142 Rad\u0119 ds. Senior\u00f3w, przy Prezydencie, kt\u00f3rej Ona przewodniczy; celem Rady jest m.in. organizacja Poradni i Oddzia\u0142u Geriatrycznego Szpitala w Jastrz\u0119biu Zdroju<\/li>\n<li>Pani Maria jest cz\u0142owiekiem aktywnym, dzia\u0142aj\u0105cym na rzecz drugiego cz\u0142owieka i ci\u0105gle zdobywaj\u0105cym now\u0105 wiedz\u0119, aktualnie uczy si\u0119 obs\u0142ugi komputera<\/li>\n<\/ul>\n<div class=\"mt-3\"><\/div>\r\n                            <\/div>\r\n                            \r\n                            <div class=\"text-modules__img\"><img src=\"https:\/\/us.edu.pl\/student\/wp-content\/uploads\/sites\/3\/2019\/10\/Sommerlik-Maria1.jpg\" alt=\"img\"><\/div>\r\n                        <\/div>\r\n                    <\/div>\r\n                <\/div>[\/vc_column][\/vc_row]<\/p>","protected":false},"excerpt":{"rendered":"<p>[vc_row el_class=&#8221;container&#8221;][vc_column el_class=&#8221;container&#8221;][\/vc_column][\/vc_row] [&#8230;]<\/p>\n<p><a class=\"btn btn-secondary understrap-read-more-link\" href=\"https:\/\/us.edu.pl\/student\/dzialalnosc-studencka\/wyroznienia-jm-rektora-us\/laureaci-poprzednich-edycji\/laureaci-2012\/uniwersytet-trzeciego-wieku\/\">Read More&#8230;<\/a><\/p>\n","protected":false},"author":1,"featured_media":0,"parent":5913,"menu_order":0,"comment_status":"closed","ping_status":"closed","template":"","meta":{"_expiration-date-status":"","_expiration-date":0,"_expiration-date-type":"","_expiration-date-categories":[],"_expiration-date-options":[]},"acf":[],"_links":{"self":[{"href":"https:\/\/us.edu.pl\/student\/wp-json\/wp\/v2\/pages\/6645"}],"collection":[{"href":"https:\/\/us.edu.pl\/student\/wp-json\/wp\/v2\/pages"}],"about":[{"href":"https:\/\/us.edu.pl\/student\/wp-json\/wp\/v2\/types\/page"}],"author":[{"embeddable":true,"href":"https:\/\/us.edu.pl\/student\/wp-json\/wp\/v2\/users\/1"}],"replies":[{"embeddable":true,"href":"https:\/\/us.edu.pl\/student\/wp-json\/wp\/v2\/comments?post=6645"}],"version-history":[{"count":0,"href":"https:\/\/us.edu.pl\/student\/wp-json\/wp\/v2\/pages\/6645\/revisions"}],"up":[{"embeddable":true,"href":"https:\/\/us.edu.pl\/student\/wp-json\/wp\/v2\/pages\/5913"}],"wp:attachment":[{"href":"https:\/\/us.edu.pl\/student\/wp-json\/wp\/v2\/media?parent=6645"}],"curies":[{"name":"wp","href":"https:\/\/api.w.org\/{rel}","templated":true}]}}