{"id":6695,"date":"2019-10-10T16:45:00","date_gmt":"2019-10-10T14:45:00","guid":{"rendered":"https:\/\/us.edu.pl\/student\/?page_id=6695"},"modified":"2019-10-10T17:01:58","modified_gmt":"2019-10-10T15:01:58","slug":"doktorant","status":"publish","type":"page","link":"https:\/\/us.edu.pl\/student\/dzialalnosc-studencka\/wyroznienia-jm-rektora-us\/laureaci-poprzednich-edycji\/laureaci-2011\/doktorant\/","title":{"rendered":"Doktorant"},"content":{"rendered":"<p>[vc_row el_class=&#8221;container&#8221;][vc_column el_class=&#8221;container&#8221;]\r\n                <div class=\"text-modules\">\r\n                    <div class=\"container\">\r\n                        <h3 class=\"page-title text__title\">Doktorant<\/h3>\r\n                        <div class=\"text-modules__content\"><\/div>\r\n                    <\/div>\r\n                <\/div>\r\n                <div class=\"text-modules \">\r\n                    <div class=\"container\">\r\n                        <h3 class=\"section-title section-title_border-bottom\">Marta Baron<\/h3> \r\n                        <div class=\"row m-0\">\r\n                            <div class=\"text-modules__content\">\r\n                                <\/p>\n<div class=\"content\">\n<p>Jako doktorantka literaturoznawstwa na Wydziale Filologicznym Uniwersytetu \u015al\u0105skiego, 30 maja 2011 r. otrzyma\u0142a Wyr\u00f3\u017cnienie Jego Magnificencji Rektora U\u015a za dzia\u0142alno\u015b\u0107 na rzecz spo\u0142eczno\u015bci akademickiej i osi\u0105gni\u0119cia naukowe. Sprawdzi\u0142a si\u0119 ona mi\u0119dzy innymi jako inicjator i organizator Konferencji Doktorant\u00f3w Wydzia\u0142u Filologicznego Uniwersytetu \u015al\u0105skiego \u201eTeoria nad-interpretacj\u0105?\u201d oraz Og\u00f3lnopolskiej Konferencji Naukowej \u201ePotwory \u2013 hybrydy \u2013 mutanty. Pogranicza ludzkiej natury\u201d, jest r\u00f3wnie\u017c pomys\u0142odawc\u0105 utworzenia Ko\u0142a Naukowego Doktorant\u00f3w Wydzia\u0142u Filologicznego i jego sekretarzem. W latach 2008-2010 by\u0142a redaktorem studenckiego nieperiodyku kulturalnego \u201ere: presja\u201d. W latach 2004-2008 dzia\u0142a\u0142a jako wolontariusz w Miejskim Przedszkolu nr 17 w Piekarach \u015al\u0105skich, gdzie prowadzi\u0142a zaj\u0119cia poetyckie i teatralne dla dzieci. Pani Marta jest finalistk\u0105 X edycji og\u00f3lnopolskiego konkursu o nagrod\u0119 Czes\u0142awa Zgorzelskiego, za prac\u0119 magistersk\u0105 \u201eGrzebanie w grzebaniu. Postacie archeologa i grabarza w tw\u00f3rczo\u015bci Jerzego Ficowskiego\u201d napisan\u0105 pod kierunkiem prof. dr hab. Aleksandra Nawareckiego. Jest r\u00f3wnie\u017c stypendystk\u0105 Ministra Nauki i Szkolnictwa Wy\u017cszego. Uko\u0144czy\u0142a I Liceum Og\u00f3lnokszta\u0142c\u0105ce im. Jana Smolenia w Bytomiu.<\/p>\n<\/div>\n<div class=\"mt-3\"><\/div>\r\n                            <\/div>\r\n                            \r\n                            \r\n                        <\/div>\r\n                    <\/div>\r\n                <\/div>\r\n                <div class=\"text-modules \">\r\n                    <div class=\"container\">\r\n                        <h3 class=\"section-title section-title_border-bottom\">Katarzyna Bartu\u015b<\/h3> \r\n                        <div class=\"row m-0\">\r\n                            <div class=\"text-modules__content\">\r\n                                Jako doktorantka fizyki na Wydziale Matematyki, Fizyki i Chemii Uniwersytetu \u015al\u0105skiego, 30 maja 2011 r. otrzyma\u0142a Wyr\u00f3\u017cnienie Jego Magnificencji Rektora U\u015a za dzia\u0142alno\u015b\u0107 na rzecz spo\u0142eczno\u015bci akademickiej i osi\u0105gni\u0119cia naukowe. By\u0142a inicjatork\u0105 i sprawdzi\u0142a si\u0119 jako wsp\u00f3\u0142organizatorka sze\u015bciu edycji Pikniku Naukowego &#8211; Og\u00f3lnopolskiej Konferencji K\u00f3\u0142 Naukowych Fizyk\u00f3w, organizowanej przez Ko\u0142o Naukowe Fizyk\u00f3w U\u015a. By\u0142a tak\u017ce mi\u0119dzy innymi wsp\u00f3\u0142organizatorem i cz\u0142onkiem Jury dw\u00f3ch edycji Og\u00f3lnopolskiego Konkursu na Projekt Multimedialny z Fizyki, inicjatorem i wsp\u00f3\u0142organizatorem czterech edycji \u201e\u015awi\u0119ta liczby Pi\u201d oraz dw\u00f3ch edycji Og\u00f3lnopolskiego Konkursu Fizycznego \u201eFizyka si\u0119 liczy\u201d. Pani Katarzyna reprezentuje Uniwersytet \u015al\u0105ski na wielu krajowych i mi\u0119dzynarodowych konferencjach naukowych. Anga\u017cowa\u0142a si\u0119 jako przedstawicielka doktorant\u00f3w w Radzie Instytutu Fizyki Uniwersytetu \u015al\u0105skiego oraz w Radzie Wydzia\u0142u Matematyki, Fizyki i Chemii. Cz\u0142onkini Sekcji M\u0142odych Polskiego Towarzystwa Fizycznego. Uko\u0144czy\u0142a I Liceum Og\u00f3lnokszta\u0142c\u0105ce im. Leona Kruczkowskiego w Tychach. \r\n                                <div class=\"mt-3\"><\/div>\r\n                            <\/div>\r\n                            \r\n                            \r\n                        <\/div>\r\n                    <\/div>\r\n                <\/div>\r\n                <div class=\"text-modules \">\r\n                    <div class=\"container\">\r\n                        <h3 class=\"section-title section-title_border-bottom\">Magdalena Be\u0142za<\/h3> \r\n                        <div class=\"row m-0\">\r\n                            <div class=\"text-modules__content\">\r\n                                Jako doktorantka socjologii na Wydziale Nauk Spo\u0142ecznych Uniwersytetu \u015al\u0105skiego, 30 maja 2011 r. otrzyma\u0142a Wyr\u00f3\u017cnienie Jego Magnificencji Rektora U\u015a za dzia\u0142alno\u015b\u0107 na rzecz spo\u0142eczno\u015bci akademickiej oraz dzia\u0142alno\u015b\u0107 spo\u0142eczn\u0105. By\u0142a ona organizatork\u0105 warsztat\u00f3w muzycznych z Profesor Doris J\u00e4ger z Grazu, w kt\u00f3rych wzi\u0119li udzia\u0142 studenci Uniwersytetu \u015al\u0105skiego. Warsztaty przygotowywa\u0142y do prowadzenia zaj\u0119\u0107 rytmicznych z osobami pe\u0142no-<br \/>\ni niepe\u0142nosprawnymi. Zorganizowa\u0142a r\u00f3wnie\u017c projekt \u201eWidzialni \u2013 niewidzialni w przestrzeni lokalnej\u201d w ramach Festiwalu Nauki, kt\u00f3ry zak\u0142ada\u0142 u\u015bwiadamianie spo\u0142eczno\u015bci lokalnej, zaczynaj\u0105c od spo\u0142eczno\u015bci uniwersyteckiej, problem\u00f3w os\u00f3b niepe\u0142nosprawnych. Pani Magdalena dzia\u0142a aktywnie na rzecz student\u00f3w niepe\u0142nosprawnych, mi\u0119dzy innymi poprzez organizowanie kursu j\u0119zyka migowego dla pracownik\u00f3w Uniwersytetu \u015al\u0105skiego w Cieszynie, prowadzenie punktu kontaktowego Biura ds. Os\u00f3b Niepe\u0142nosprawnych w Cieszynie oraz organizowanie szkole\u0144 kadry akademickiej w zakresie edukacji student\u00f3w niepe\u0142nosprawnych. Anga\u017cowa\u0142a si\u0119 r\u00f3wnie\u017c we wsp\u00f3\u0142prac\u0119 pomi\u0119dzy Uniwersytetem \u015al\u0105skim a uczelniami w Grazu (Austria) oraz Sein\u00e4joki (Finlandia). Aktywnie reprezentowa\u0142a Uniwersytet \u015al\u0105ski na konferencjach naukowych w kraju i poza granicami. Uko\u0144czy\u0142a Zesp\u00f3\u0142 Szk\u00f3\u0142 nr 2 im. Miko\u0142aja Reja w Kra\u015bniku. \r\n                                <div class=\"mt-3\"><\/div>\r\n                            <\/div>\r\n                            \r\n                            \r\n                        <\/div>\r\n                    <\/div>\r\n                <\/div>\r\n                <div class=\"text-modules \">\r\n                    <div class=\"container\">\r\n                        <h3 class=\"section-title section-title_border-bottom\">Jacek Francikowski<\/h3> \r\n                        <div class=\"row m-0\">\r\n                            <div class=\"text-modules__content\">\r\n                                <\/p>\n<div class=\"content\">\n<p>Jako doktorant biologii na Wydziale Biologii i Ochrony \u015arodowiska Uniwersytetu \u015al\u0105skiego, 30 maja 2011 r. otrzyma\u0142 Wyr\u00f3\u017cnienie Jego Magnificencji Rektora U\u015a za dzia\u0142alno\u015b\u0107 na rzecz spo\u0142eczno\u015bci akademickiej i osi\u0105gni\u0119cia naukowe. By\u0142 inicjatorem i wsp\u00f3\u0142organizatorem \u201eTygodnia m\u00f3zgu\u201d, promuj\u0105cego wiedz\u0119 z zakresu neurobiologii oraz \u201eDni Darwina\u201d dotycz\u0105cych problematyki ewolucyjnej. Pomys\u0142odawca i wykonawca licznych projekt\u00f3w naukowych, mi\u0119dzy innymi: \u201eZale\u017cne od p\u0142ci r\u00f3\u017cnice poznawcze a wyniki test\u00f3w kompetencji szkolnych w wojew\u00f3dztwie \u015bl\u0105skim\u201d, \u201eStudents understanding of science. Wst\u0119pna analiza problematyki\u201d, \u201eBadanie w\u0142a\u015bciwo\u015bci i funkcjonowania pami\u0119ci roboczej (working memory)\u201d, \u201eDzia\u0142anie melatoniny na rozw\u00f3j i aktywno\u015b\u0107 ruchow\u0105 \u015bwierszcza domowego, Acheta domesticus\u201d. Reprezentowa\u0142 Uniwersytet \u015al\u0105ski na wielu konferencjach naukowych. Uko\u0144czy\u0142 I Liceum Og\u00f3lnokszta\u0142c\u0105ce im. M. Kopernika w B\u0119dzinie.<\/p>\n<\/div>\n<div class=\"mt-3\"><\/div>\r\n                            <\/div>\r\n                            \r\n                            \r\n                        <\/div>\r\n                    <\/div>\r\n                <\/div>\r\n                <div class=\"text-modules \">\r\n                    <div class=\"container\">\r\n                        <h3 class=\"section-title section-title_border-bottom\">Przemys\u0142aw Piwowarczyk<\/h3> \r\n                        <div class=\"row m-0\">\r\n                            <div class=\"text-modules__content\">\r\n                                <\/p>\n<div class=\"content\">\n<p>Jako doktorant historii na Wydziale Nauk Spo\u0142ecznych oraz student filologii klasycznej na Wydziale Filologicznym Uniwersytetu \u015al\u0105skiego, 30 maja 2011 r. otrzyma\u0142 Wyr\u00f3\u017cnienie Jego Magnificencji Rektora U\u015a za dzia\u0142alno\u015b\u0107 na rzecz spo\u0142eczno\u015bci akademickiej i lokalnej oraz osi\u0105gni\u0119cia naukowe. Mi\u0119dzy innymi by\u0142 inicjatorem Spacer\u00f3w historycznych po Bogucicach, kt\u00f3rych zadaniem by\u0142o przybli\u017cenie mieszka\u0144com historii ich dzielnicy. Ponadto wielokrotnie dzieli\u0142 si\u0119 swoj\u0105 wiedz\u0105, dzia\u0142aj\u0105c jako wolontariusz przewodnik po terenie dawnej KWK Katowice. Wielokrotnie reprezentowa\u0142 Uniwersytet \u015al\u0105ski podczas konferencji naukowych. Autor wielu artyku\u0142\u00f3w naukowych. Pan Przemys\u0142aw jest wieloletnim stypendyst\u0105 Ministra Nauki i Szkolnictwa Wy\u017cszego za osi\u0105gni\u0119cia w nauce oraz Stypendium Wojew\u00f3dztwa \u015al\u0105skiego za wybitne osi\u0105gni\u0119cia w nauce. Uczestniczy\u0142 w programach LLP-Erasmus (Rheinische Friedrich-Wilhelms-Universitaet Bonn) oraz MOST (Katolicki Uniwersytet Lubelski im. Jana Paw\u0142a II). Uko\u0144czy\u0142 IV Liceum Og\u00f3lnokszta\u0142c\u0105ce im. St. Staszica w Sosnowcu.<\/p>\n<\/div>\n<div class=\"mt-3\"><\/div>\r\n                            <\/div>\r\n                            \r\n                            \r\n                        <\/div>\r\n                    <\/div>\r\n                <\/div>\r\n                <div class=\"text-modules \">\r\n                    <div class=\"container\">\r\n                        <h3 class=\"section-title section-title_border-bottom\">Natalia Ruman<\/h3> \r\n                        <div class=\"row m-0\">\r\n                            <div class=\"text-modules__content\">\r\n                                Jako doktorantka na Wydziale Teologicznym Uniwersytetu \u015al\u0105skiego, 30 maja 2011 r. otrzyma\u0142a Wyr\u00f3\u017cnienie Jego Magnificencji Rektora U\u015a za dzia\u0142alno\u015b\u0107 na rzecz spo\u0142eczno\u015bci akademickiej i lokalnej oraz osi\u0105gni\u0119cia naukowe. By\u0142a ona inicjatork\u0105, organizatork\u0105 i prelegentk\u0105 licznych konferencji i sympozj\u00f3w naukowych, zar\u00f3wno na swoim macierzystym wydziale jak i poza nim, takich jak: sympozjum \u201eWybaczanie jako problem w nauce i \u017cyciu jednostek oraz spo\u0142ecze\u0144stw\u201d, konferencja naukowa pt. \u201eWypalenie zawodowe \u2013 problemem wsp\u00f3\u0142czesnego nauczyciela\u201d, mi\u0119dzynarodowe sympozjum naukowe \u2013 \u201eKomunikacja interpersonalna i drogi dochodzenia do porozumienia\u201d, sympozjum \u201eWszystko mog\u0119 w Tym, kt\u00f3ry mnie umacnia\u201d i wielu innych. Doceniona zosta\u0142a r\u00f3wnie\u017c mi\u0119dzy innymi Jej aktywna dzia\u0142alno\u015b\u0107 na rzecz spo\u0142eczno\u015bci lokalnej. Organizowa\u0142a warsztaty i wystawy w pszczy\u0144skiej filii Pedagogicznej Biblioteki Wojew\u00f3dzkiej w Katowicach. Jest r\u00f3wnie\u017c cz\u0142onkiem Ko\u0142a Naukowego Teolog\u00f3w i Mi\u0119dzywydzia\u0142owego Ko\u0142a Psychologii Pozytywnej. Uko\u0144czy\u0142a III Liceum Og\u00f3lnokszta\u0142c\u0105ce w Pszczynie. \r\n                                <div class=\"mt-3\"><\/div>\r\n                            <\/div>\r\n                            \r\n                            \r\n                        <\/div>\r\n                    <\/div>\r\n                <\/div>[\/vc_column][\/vc_row]<\/p>","protected":false},"excerpt":{"rendered":"<p>[vc_row el_class=&#8221;container&#8221;][vc_column el_class=&#8221;container&#8221;][\/vc_column][\/vc_row] [&#8230;]<\/p>\n<p><a class=\"btn btn-secondary understrap-read-more-link\" href=\"https:\/\/us.edu.pl\/student\/dzialalnosc-studencka\/wyroznienia-jm-rektora-us\/laureaci-poprzednich-edycji\/laureaci-2011\/doktorant\/\">Read More&#8230;<\/a><\/p>\n","protected":false},"author":1,"featured_media":0,"parent":5917,"menu_order":0,"comment_status":"closed","ping_status":"closed","template":"","meta":{"_expiration-date-status":"","_expiration-date":0,"_expiration-date-type":"","_expiration-date-categories":[],"_expiration-date-options":[]},"acf":[],"_links":{"self":[{"href":"https:\/\/us.edu.pl\/student\/wp-json\/wp\/v2\/pages\/6695"}],"collection":[{"href":"https:\/\/us.edu.pl\/student\/wp-json\/wp\/v2\/pages"}],"about":[{"href":"https:\/\/us.edu.pl\/student\/wp-json\/wp\/v2\/types\/page"}],"author":[{"embeddable":true,"href":"https:\/\/us.edu.pl\/student\/wp-json\/wp\/v2\/users\/1"}],"replies":[{"embeddable":true,"href":"https:\/\/us.edu.pl\/student\/wp-json\/wp\/v2\/comments?post=6695"}],"version-history":[{"count":0,"href":"https:\/\/us.edu.pl\/student\/wp-json\/wp\/v2\/pages\/6695\/revisions"}],"up":[{"embeddable":true,"href":"https:\/\/us.edu.pl\/student\/wp-json\/wp\/v2\/pages\/5917"}],"wp:attachment":[{"href":"https:\/\/us.edu.pl\/student\/wp-json\/wp\/v2\/media?parent=6695"}],"curies":[{"name":"wp","href":"https:\/\/api.w.org\/{rel}","templated":true}]}}