{"id":6751,"date":"2019-10-11T09:15:17","date_gmt":"2019-10-11T07:15:17","guid":{"rendered":"https:\/\/us.edu.pl\/student\/?page_id=6751"},"modified":"2019-10-11T09:57:40","modified_gmt":"2019-10-11T07:57:40","slug":"doktorant","status":"publish","type":"page","link":"https:\/\/us.edu.pl\/student\/dzialalnosc-studencka\/wyroznienia-jm-rektora-us\/laureaci-poprzednich-edycji\/laureaci-2010\/doktorant\/","title":{"rendered":"Doktorant"},"content":{"rendered":"<p>[vc_row][vc_column]\r\n                <div class=\"text-modules\">\r\n                    <div class=\"container\">\r\n                        <h3 class=\"page-title text__title\">Doktorant<\/h3>\r\n                        <div class=\"text-modules__content\"><\/div>\r\n                    <\/div>\r\n                <\/div>\r\n                <div class=\"text-modules \">\r\n                    <div class=\"container\">\r\n                        <h3 class=\"section-title section-title_border-bottom\">\u0141ukasz Dawidowski<\/h3> \r\n                        <div class=\"row m-0\">\r\n                            <div class=\"text-modules__content\">\r\n                                Jest studentem II roku studi\u00f3w doktoranckich na kierunku matematyka na Wydziale Matematyki Fizyki i Chemii. Od 2005 do 2009 roku wykonywa\u0142 prac\u0119 wolontariusza w Klubie Dzieci\u0119co-M\u0142odzie\u017cowym \u201eSzansa dla Ka\u017cdego\u201d &#8211; uczy\u0142 dzieci z rodzin dysfunkcyjnych oraz zapewnia\u0142 im konstruktywne sposoby sp\u0119dzania wolnego czasu. Dzia\u0142aj\u0105c w Polskim Forum Edukacji Europejskiej w Katowicach \u2013 w ramach projektu Tamgram wsp\u00f3\u0142finansowanego z Programu M\u0142odzie\u017c Unii Europejskiej, uczy\u0142 dzieci i m\u0142odzie\u017c wsp\u00f3\u0142pracy w grupie, tak\u017ce z udzia\u0142em wolontariuszy z innych kraj\u00f3w. Dzi\u0119ki projektowi uda\u0142o si\u0119 sfinansowa\u0107 kilka wycieczek dzieciom z rodzin ubogich. Opr\u00f3cz tego wsp\u00f3\u0142organizowa\u0142 i uczestniczy\u0142 w \u015awi\u0119cie Liczby Pi od pocz\u0105tku ustanowienia \u015awi\u0119ta, czyli od 2007 roku. Trzykrotnie inicjowa\u0142 i koordynowa\u0142 \u201eZbi\u00f3rk\u0119 Miko\u0142ajkow\u0105\u201d dla dzieci z rodzin ubogich. Jest inicjatorem, tw\u00f3rc\u0105 i redaktorem naczelnym wydzia\u0142owej gazetki \u201eMacierzator\u201d od 2006 roku. W latach 2004 \u2013 2007 by\u0142 cz\u0142onkiem i wolontariuszem &#8211; ratownikiem \u201eMalta\u0144skiej S\u0142u\u017cby Medycznej\u201d w Katowicach. Od 2003 roku jest zaanga\u017cowany w Duszpasterstwie Akademickim w Katowicach. Otrzyma\u0142 stypendium Ministra Nauki i Szkolnictwa Wy\u017cszego w roku akademickim 2007\/2008. Interesuje si\u0119 turystyk\u0105, szczeg\u00f3lnie g\u00f3rsk\u0105, krajoznawstwem, Uni\u0105 Europejsk\u0105 oraz histori\u0105. Uko\u0144czy\u0142 VIII Liceum Og\u00f3lnokszta\u0142c\u0105ce im. Marii Sk\u0142odowskiej \u2013 Curie w Katowicach. Jest urodzonym katowiczaninem. \r\n                                <div class=\"mt-3\"><\/div>\r\n                            <\/div>\r\n                            \r\n                            <div class=\"text-modules__img\"><img src=\"https:\/\/us.edu.pl\/student\/wp-content\/uploads\/sites\/3\/Nieprzypisane\/08-\u0141ukasz-Dawidowski-300x234.jpg\" alt=\"img\"><\/div>\r\n                        <\/div>\r\n                    <\/div>\r\n                <\/div>\r\n                <div class=\"text-modules reverse\">\r\n                    <div class=\"container\">\r\n                        <h3 class=\"section-title section-title_border-bottom\">Dariusz Ignatiuk<\/h3> \r\n                        <div class=\"row m-0\">\r\n                            <div class=\"text-modules__content\">\r\n                                Jest doktorantem na III roku studi\u00f3w doktoranckich na Wydziale Nauk o Ziemi, specjalizuje si\u0119 w glacjologii z uwzgl\u0119dnieniem element\u00f3w geofizyki i meteorologii. Od 2003 roku dzia\u0142a na rzecz Uczniowskiego Klubu Sportowego &#8222;PION\/VERTICAL&#8221; w Tychach, jako inicjator zawod\u00f3w i zaj\u0119\u0107 bryd\u017cowych, wsp\u00f3\u0142organizator zaj\u0119\u0107 na \u015bcianie wspinaczkowej. Efektem dzia\u0142alno\u015bci Klubu jest uczestniczenie m\u0142odzie\u017cy w zawodach sportowych oraz wyjazdy turystyczne na terenie ca\u0142ego \u015bwiata. Klub wyda\u0142 tomik poezji &#8222;Bia\u0142a cisza&#8221; oraz p\u0142yt\u0119 muzyczn\u0105 &#8222;Requiem&#8221; ku pami\u0119ci tyskich licealist\u00f3w, kt\u00f3rzy zgin\u0119li w lawinie pod Rysami. Pan Dariusz jest prezesem Ko\u0142a Terenowego Polskiego Towarzystwa Geograficznego w Tychach. Negocjowa\u0142 w imieniu Uniwersytetu \u015al\u0105skiego przyst\u0105pienie do mi\u0119dzynarodowego projektu &#8222;ICE2SEA&#8221; 7 Programu Ramowego Unii Europejskiej, w wyniku czego Uniwersytet \u015al\u0105ski jest jednym z wykonawc\u00f3w mi\u0119dzynarodowego projektu, kt\u00f3rego wyniki maj\u0105 by\u0107 istotnym wk\u0142adem do raportu przygotowywanego przez Mi\u0119dzyrz\u0105dowy Zesp\u00f3\u0142 do Zmian Klimatu. Wsp\u00f3\u0142pracuje z Zespo\u0142em Szk\u00f3\u0142 nr 1 w Tychach, prowadz\u0105c dla uczni\u00f3w licealnych dodatkowe zaj\u0119cia z tematyki nauk o Ziemi. Jest jednym z za\u0142o\u017cycieli Stowarzyszenia M\u0142odych Naukowc\u00f3w Polarnych u Progu Kariery w Polsce &#8211; APECS POLSKA.<\/p>\n<p>Uczestnik licznych wyjazd\u00f3w badawczych, m.in. na Spitsbergenie.<\/p>\n<p>Jego zainteresowania to turystyka wysokog\u00f3rska, bryd\u017c sportowy (zaj\u0105\u0142 5 miejsce na Mistrzostwach Polski Junior\u00f3w w 2005 roku), akwarystyka, fotografia i wspinaczka. Uko\u0144czy\u0142 I Liceum Og\u00f3lnokszta\u0142c\u0105ce im. Leona Kruczkowskiego w Tychach, gdzie mieszka. \r\n                                <div class=\"mt-3\"><\/div>\r\n                            <\/div>\r\n                            \r\n                            <div class=\"text-modules__img\"><img src=\"https:\/\/us.edu.pl\/student\/wp-content\/uploads\/sites\/3\/Nieprzypisane\/09-Dariusz-Ignatiuk_1-244x300.jpg\" alt=\"img\"><\/div>\r\n                        <\/div>\r\n                    <\/div>\r\n                <\/div>\r\n                <div class=\"text-modules \">\r\n                    <div class=\"container\">\r\n                        <h3 class=\"section-title section-title_border-bottom\">Agnieszka Turska-Kawa<\/h3> \r\n                        <div class=\"row m-0\">\r\n                            <div class=\"text-modules__content\">\r\n                                Jest doktorantk\u0105 na IV roku studi\u00f3w doktoranckich na kierunku politologia na Wydziale Nauk Spo\u0142ecznych. W pierwszej edycji Mi\u0119dzyuczelnianych Interdyscyplinarnych Studi\u00f3w Doktoranckich przy Akademii Artes Liberales dosta\u0142a si\u0119 do programu jako jedna z trzech os\u00f3b w Polsce. Wyr\u00f3\u017cnia si\u0119 jako pomys\u0142odawczyni i inicjatorka za\u0142o\u017cenia Studenckiego Zespo\u0142u Naukowego przy katowickim oddziale Polskiego Towarzystwa Nauk Politycznych. Sprawuje opiek\u0119 merytoryczn\u0105 nad zespo\u0142em student\u00f3w w\u0142\u0105czaj\u0105c ich w prace i projekty badawcze. By\u0142a koordynatorem i organizatorem og\u00f3lnopolskiego Konkursu o Nagrod\u0119 im. Profesora Piotra Dobrowolskiego. Efektem jej zaanga\u017cowania by\u0142o przet\u0142umaczenie ksi\u0105\u017cki laureatki konkursu na j\u0119zyk niemiecki i wydanie jej w postaci ksi\u0105\u017cki. Jest opiekunem naukowym Interdyscyplinarnego Ko\u0142a Naukowego Humanist\u00f3w \u201e\u015aruba\u201d w O\u015brodku Dydaktycznym w Rybniku. Zas\u0142u\u017cy\u0142a si\u0119 jako koordynatorka i opiekun merytoryczny wakacyjnych oboz\u00f3w dziennikarskich dla student\u00f3w. Jest autork\u0105 i prowadz\u0105ca warsztaty psychologiczne dla m\u0142odzie\u017cy i student\u00f3w, w tym w ramach projektu \u201eAmbasador mediacji\u201d dla uczni\u00f3w bytomskich szk\u00f3\u0142 ponadgimnazjalnych. Zainicjowa\u0142a w Instytucie Nauk Politycznych i Dziennikarstwa system stron internetowych instytutu oraz poszczeg\u00f3lnych zak\u0142ad\u00f3w. By\u0142a inicjatork\u0105 i organizatork\u0105 konkursu na logo Instytutu Nauk Politycznych i Dziennikarstwa Uniwersytetu \u015al\u0105skiego. Jej zainteresowania to psychologia polityczna, psychospo\u0142eczne uwarunkowania zachowa\u0144 elektoratu, psychologiczne aspekty komunikacji. Uko\u0144czy\u0142a I Liceum Og\u00f3lnokszta\u0142c\u0105ce im. Juliusza S\u0142owackiego w Chorzowie. Mieszka w Bytomiu. \r\n                                <div class=\"mt-3\"><\/div>\r\n                            <\/div>\r\n                            \r\n                            <div class=\"text-modules__img\"><img src=\"https:\/\/us.edu.pl\/student\/wp-content\/uploads\/sites\/3\/Nieprzypisane\/10-Agnieszka-Turska-Kawa-300x200.jpg\" alt=\"img\"><\/div>\r\n                        <\/div>\r\n                    <\/div>\r\n                <\/div>\r\n                <div class=\"text-modules reverse\">\r\n                    <div class=\"container\">\r\n                        <h3 class=\"section-title section-title_border-bottom\">Anna Wo\u017aniakowska<\/h3> \r\n                        <div class=\"row m-0\">\r\n                            <div class=\"text-modules__content\">\r\n                                Jest doktorantk\u0105 na IV roku studi\u00f3w doktoranckich na filologii polskiej na Wydziale Filologicznym. Od 2006 roku jako wolontariusz Caritas Polska dzia\u0142a na rzecz ubogich rodzin zamieszkuj\u0105cych dzielnice Bytomia: Stroszek i Sucha G\u00f3ra oraz uczestniczy w zbi\u00f3rkach pieni\u0119\u017cnych dla ofiar \u017cywio\u0142\u00f3w i kataklizm\u00f3w. Otrzyma\u0142a nagrod\u0119 g\u0142\u00f3wn\u0105 za program artystyczny \u201eOto cz\u0142owiek i \u2026 \u015bwiat\u201d na M\u0142odzie\u017cowym Og\u00f3lnopolskim Przegl\u0105dzie Spektakli Profilaktycznych. Celem projektu by\u0142a profilaktyka uzale\u017cnie\u0144 w \u015brodowisku m\u0142odzie\u017cy, rozwijanie i kszta\u0142towanie zdolno\u015bci artystycznych. By\u0142a wsp\u00f3\u0142organizatork\u0105 og\u00f3lnopolskiej olimpiady przedmiotowej dla m\u0142odzie\u017cy, uczestniczk\u0105 akcji G\u00f3ra Grosza na rzecz dzieci z dom\u00f3w dziecka i rodzin zast\u0119pczych, wsp\u00f3\u0142organizatork\u0105 konferencji naukowej \u201eBogactwo polszczyzny w \u015bwietle jej historii\u201d. Od 2006 roku dzia\u0142a w Duszpasterskiej Radzie Parafialnej przy parafii pw. \u015aw. Micha\u0142a Archanio\u0142a w Bytomiu i by\u0142a wsp\u00f3\u0142organizatork\u0105 wydania publikacji ksi\u0105\u017ckowej po\u015bwi\u0119conej historii tej parafii. Posiada dyplom in\u017cyniera zarz\u0105dzania i ekonomiki w ochronie \u015brodowiska. Jej zainteresowania to literatura faktu, podr\u00f3\u017copisarstwo, drama w nauczaniu i dydaktyka. Uko\u0144czy\u0142a IV Liceum Og\u00f3lnokszta\u0142c\u0105ce im. Boles\u0142awa Chrobrego w Bytomiu. W tym mie\u015bcie urodzi\u0142a si\u0119 i mieszka. \r\n                                <div class=\"mt-3\"><\/div>\r\n                            <\/div>\r\n                            \r\n                            <div class=\"text-modules__img\"><img src=\"https:\/\/us.edu.pl\/student\/wp-content\/uploads\/sites\/3\/Nieprzypisane\/02-Anna-Wo\u017aniakowska-300x225.jpg\" alt=\"img\"><\/div>\r\n                        <\/div>\r\n                    <\/div>\r\n                <\/div>[\/vc_column][\/vc_row]<\/p>","protected":false},"excerpt":{"rendered":"<p>[vc_row][vc_column][\/vc_column][\/vc_row] [&#8230;]<\/p>\n<p><a class=\"btn btn-secondary understrap-read-more-link\" href=\"https:\/\/us.edu.pl\/student\/dzialalnosc-studencka\/wyroznienia-jm-rektora-us\/laureaci-poprzednich-edycji\/laureaci-2010\/doktorant\/\">Read More&#8230;<\/a><\/p>\n","protected":false},"author":1,"featured_media":0,"parent":5919,"menu_order":0,"comment_status":"closed","ping_status":"closed","template":"","meta":{"_expiration-date-status":"","_expiration-date":0,"_expiration-date-type":"","_expiration-date-categories":[],"_expiration-date-options":[]},"acf":[],"_links":{"self":[{"href":"https:\/\/us.edu.pl\/student\/wp-json\/wp\/v2\/pages\/6751"}],"collection":[{"href":"https:\/\/us.edu.pl\/student\/wp-json\/wp\/v2\/pages"}],"about":[{"href":"https:\/\/us.edu.pl\/student\/wp-json\/wp\/v2\/types\/page"}],"author":[{"embeddable":true,"href":"https:\/\/us.edu.pl\/student\/wp-json\/wp\/v2\/users\/1"}],"replies":[{"embeddable":true,"href":"https:\/\/us.edu.pl\/student\/wp-json\/wp\/v2\/comments?post=6751"}],"version-history":[{"count":0,"href":"https:\/\/us.edu.pl\/student\/wp-json\/wp\/v2\/pages\/6751\/revisions"}],"up":[{"embeddable":true,"href":"https:\/\/us.edu.pl\/student\/wp-json\/wp\/v2\/pages\/5919"}],"wp:attachment":[{"href":"https:\/\/us.edu.pl\/student\/wp-json\/wp\/v2\/media?parent=6751"}],"curies":[{"name":"wp","href":"https:\/\/api.w.org\/{rel}","templated":true}]}}