{"id":8852,"date":"2019-10-18T13:57:05","date_gmt":"2019-10-18T11:57:05","guid":{"rendered":"https:\/\/us.edu.pl\/student\/?page_id=8852"},"modified":"2024-07-09T09:58:22","modified_gmt":"2024-07-09T07:58:22","slug":"cieszyn-uska","status":"publish","type":"page","link":"https:\/\/us.edu.pl\/student\/wsparcie-i-fundusze\/akademiki-2\/osiedleakademickiecieszyn\/cieszyn-uska\/","title":{"rendered":"Cieszyn U\u015aka"},"content":{"rendered":"<p>[vc_row el_class=&#8221;container&#8221;][vc_column el_class=&#8221;container&#8221;]\r\n                <div class=\"text-modules\">\r\n                    <div class=\"container\">\r\n                        <h3 class=\"page-title text__title\">Cieszyn U\u015aka<\/h3>\r\n                        <div class=\"text-modules__content\"><\/div>\r\n                    <\/div>\r\n                <\/div>\r\n                <div class=\"text-modules \">\r\n                    <div class=\"container\">\r\n                        <h3 class=\"section-title section-title_border-bottom\">O akademiku<\/h3> \r\n                        <div class=\"row m-0\">\r\n                            <div class=\"text-modules__content\">\r\n                                <span style=\"font-weight: 400;\">Budynek DS. \u201eU\u015aKA\u201d ma 4 pi\u0119tra, posiada 305 miejsc, w 13 pokojach jednoosobowych oraz 146 pokojach dwuosobowych. Pokoje s\u0105 zabudowane w segmentach.<\/span> \r\n                                <div class=\"mt-3\"><\/div>\r\n                            <\/div>\r\n                            \r\n                            \r\n                        <\/div>\r\n                    <\/div>\r\n                <\/div>[\/vc_column][\/vc_row][vc_row el_class=&#8221;container&#8221;][vc_column width=&#8221;1\/2&#8243; el_class=&#8221;container&#8221;]\r\n                <div class=\"text-modules\">\r\n                    <div class=\"container\">\r\n                        <h3 class=\"page-title text__title\">Segment typu I:<\/h3>\r\n                        <div class=\"text-modules__content\"><\/p>\n<ul>\n<li><span style=\"font-weight: 400;\">4 pokoje dwuosobowe;<\/span><\/li>\n<li><span style=\"font-weight: 400;\">przedpokoje z umywalk\u0105;<\/span><\/li>\n<li><span style=\"font-weight: 400;\">cz\u0119\u015b\u0107 sanitarna \u2013 WC i natrysk.<\/span><\/li>\n<\/ul>\n<p>\n<\/div>\r\n                    <\/div>\r\n                <\/div>[\/vc_column][vc_column width=&#8221;1\/2&#8243; el_class=&#8221;container&#8221;]\r\n                <div class=\"text-modules\">\r\n                    <div class=\"container\">\r\n                        <h3 class=\"page-title text__title\">Segment typu II:<\/h3>\r\n                        <div class=\"text-modules__content\"><\/p>\n<ul>\n<li><span style=\"font-weight: 400;\">2 pokoje dwuosobowe;<\/span><\/li>\n<li><span style=\"font-weight: 400;\">2 pokoje jednoosobowe;<\/span><\/li>\n<li><span style=\"font-weight: 400;\">2 przedpokoje + aneks kuchenny;<\/span><\/li>\n<li>cz\u0119\u015b\u0107 sanitarna \u2013 WC i natrysk.<\/li>\n<\/ul>\n<p>\n<\/div>\r\n                    <\/div>\r\n                <\/div>[\/vc_column][\/vc_row][vc_row el_class=&#8221;container&#8221;][vc_column]\r\n                <div class=\"text-modules\">\r\n                    <div class=\"container\">\r\n                        \r\n                        <div class=\"text-modules__content\"><p><span style=\"font-weight: 400;\">Kuchnie w budynku s\u0105 og\u00f3lnie dost\u0119pne dla danego pi\u0119tra, a na IV pi\u0119trze, dodatkowo, w cz\u0119\u015bci segment\u00f3w znajduj\u0105 si\u0119 aneksy kuchenne, wyposa\u017cone w urz\u0105dzenia wielofunkcyjne.<\/span><\/p>\n<p><span style=\"font-weight: 400;\">W pokojach s\u0105 lod\u00f3wki. Akademik oferuje dost\u0119p do internetu (wi-fi). Obiekt monitorowany.<\/span><\/p>\n<p><span style=\"font-weight: 400;\">Przy akademiku mie\u015bci si\u0119 <\/span><b>sto\u0142\u00f3wka studencka,<\/b><span style=\"font-weight: 400;\"> oferuj\u0105ca: dania dnia i dania na zam\u00f3wienie. Istnieje mo\u017cliwo\u015b\u0107 wykupienia karnet\u00f3w obiadowych, 14- lub 28-dniowych, do zrealizowania w dowolnym terminie.<\/span><\/p>\n<\/div>\r\n                    <\/div>\r\n                <\/div>[\/vc_column][\/vc_row]<\/p>","protected":false},"excerpt":{"rendered":"<p>[vc_row el_class=&#8221;container&#8221;][vc_column el_class=&#8221;container&#8221;][\/vc_column][\/vc_row][vc_row el_class=&#8221;container&#8221;][vc_column width=&#8221;1\/2&#8243; el_class=&#8221;container&#8221;][\/vc_column][vc_column width=&#8221;1\/2&#8243; el_class=&#8221;container&#8221;][\/vc_column][\/vc_row][vc_row el_class=&#8221;container&#8221;][vc_column][\/vc_column][\/vc_row] [&#8230;]<\/p>\n<p><a class=\"btn btn-secondary understrap-read-more-link\" href=\"https:\/\/us.edu.pl\/student\/wsparcie-i-fundusze\/akademiki-2\/osiedleakademickiecieszyn\/cieszyn-uska\/\">Read More&#8230;<\/a><\/p>\n","protected":false},"author":1,"featured_media":0,"parent":5418,"menu_order":0,"comment_status":"closed","ping_status":"closed","template":"","meta":{"_expiration-date-status":"","_expiration-date":0,"_expiration-date-type":"","_expiration-date-categories":[],"_expiration-date-options":[]},"acf":[],"_links":{"self":[{"href":"https:\/\/us.edu.pl\/student\/wp-json\/wp\/v2\/pages\/8852"}],"collection":[{"href":"https:\/\/us.edu.pl\/student\/wp-json\/wp\/v2\/pages"}],"about":[{"href":"https:\/\/us.edu.pl\/student\/wp-json\/wp\/v2\/types\/page"}],"author":[{"embeddable":true,"href":"https:\/\/us.edu.pl\/student\/wp-json\/wp\/v2\/users\/1"}],"replies":[{"embeddable":true,"href":"https:\/\/us.edu.pl\/student\/wp-json\/wp\/v2\/comments?post=8852"}],"version-history":[{"count":5,"href":"https:\/\/us.edu.pl\/student\/wp-json\/wp\/v2\/pages\/8852\/revisions"}],"predecessor-version":[{"id":45011,"href":"https:\/\/us.edu.pl\/student\/wp-json\/wp\/v2\/pages\/8852\/revisions\/45011"}],"up":[{"embeddable":true,"href":"https:\/\/us.edu.pl\/student\/wp-json\/wp\/v2\/pages\/5418"}],"wp:attachment":[{"href":"https:\/\/us.edu.pl\/student\/wp-json\/wp\/v2\/media?parent=8852"}],"curies":[{"name":"wp","href":"https:\/\/api.w.org\/{rel}","templated":true}]}}