{"id":9098,"date":"2019-10-18T15:38:41","date_gmt":"2019-10-18T13:38:41","guid":{"rendered":"https:\/\/us.edu.pl\/student\/?page_id=9098"},"modified":"2024-09-23T13:08:36","modified_gmt":"2024-09-23T11:08:36","slug":"najwazniejsze-akty-prawne","status":"publish","type":"page","link":"https:\/\/us.edu.pl\/student\/studia\/najwazniejsze-akty-prawne\/","title":{"rendered":"Najwa\u017cniejsze akty prawne"},"content":{"rendered":"<p>[vc_row][vc_column]\r\n                <div class=\"text-modules \">\r\n                    <div class=\"container\">\r\n                         \r\n                        <div class=\"row m-0\">\r\n                            <div class=\"text-modules__content\">\r\n                                Akty prawne Uniwersytetu \u015al\u0105skiego w Katowicach s\u0105 zamieszczane w <a href=\"https:\/\/aktyprawne.us.edu.pl\/\">Bazie Dokument\u00f3w LEX<\/a> i s\u0105 og\u00f3lnodost\u0119pne.<br \/>\nPo klikni\u0119ciu w link pojawi si\u0119 strona logowania, na kt\u00f3rej nale\u017cy zaznaczy\u0107 opcj\u0119 \u201eLogowanie anonimowe\u201d. Nast\u0119pnie otworzy si\u0119 strona z wybranym aktem prawnym. \r\n                                <div class=\"mt-3\"><\/div>\r\n                            <\/div>\r\n                            \r\n                            \r\n                        <\/div>\r\n                    <\/div>\r\n                <\/div>[\/vc_column][\/vc_row][vc_row][vc_column]\r\n                <div class=\"text-modules \">\r\n                    <div class=\"container\">\r\n                         \r\n                        <div class=\"row m-0\">\r\n                            <div class=\"text-modules__content\">\r\n                                <span style=\"font-weight: 400;\"><a href=\"https:\/\/isap.sejm.gov.pl\/isap.nsf\/download.xsp\/WDU20180001668\/U\/D20181668Lj.pdf\" class=\"mtli_attachment mtli_pdf\">Ustawa \u2013 Prawo o szkolnictwie wy\u017cszym i nauce<\/a><\/span><\/p>\n<p><a href=\"https:\/\/aktyprawne.us.edu.pl\/d\/4952\/5\/\"><span style=\"font-weight: 400;\">Statut Uniwersytetu \u015al\u0105ski<\/span><span style=\"font-weight: 400;\">ego<\/span><\/a><\/p>\n<p><a href=\"https:\/\/aktyprawne.us.edu.pl\/d\/7262\/5\/\">Regulamin studi\u00f3w obowi\u0105zuj\u0105cy od 1 pa\u017adziernika 2024 r.<\/a><\/p>\n<p><a href=\"https:\/\/aktyprawne.us.edu.pl\/d\/7262\/5\/\">Regulamin studi\u00f3w<\/a><\/p>\n<p><a href=\"https:\/\/aktyprawne.us.edu.pl\/w\/6218\/6\/\">Regulamin \u015bwiadcze\u0144<\/a><\/p>\n<p><a href=\"https:\/\/aktyprawne.us.edu.pl\/423-lista\/d\/5684\/5\/\">Regulamin u\u017cytkowania uczelnianej sieci komputerowej<\/a><\/p>\n<p><a href=\"https:\/\/aktyprawne.us.edu.pl\/423-lista\/d\/737\/13\/\"><span style=\"font-weight: 400;\">Regulamin zg\u0142aszania do ubezpieczenia zdrowotnego<\/span><\/a><\/p>\n<p><a href=\"https:\/\/aktyprawne.us.edu.pl\/d\/7422\/13\/?c=17&amp;ct=4\">Zarz\u0105dzenie w sprawie zasad pobierania oraz warunk\u00f3w i trybu zwalniania z op\u0142at za \u015bwiadczone us\u0142ugi edukacyjne w roku ak. 2024\/2025<\/a><\/p>\n<p><a href=\"https:\/\/aktyprawne.us.edu.pl\/d\/7371\/13\/?c=17&amp;ct=4\">Zarz\u0105dzenie w sprawie wysoko\u015bci op\u0142at za us\u0142ugi edukacyjne w roku ak. 2024\/2025<\/a><\/p>\n<p><a href=\"https:\/\/aktyprawne.us.edu.pl\/423-lista\/d\/253\/5\/\"><span style=\"font-weight: 400;\">Zarz\u0105dzenie w sprawie organizacji studenckich i doktoranckich<\/span><\/a> \r\n                                <div class=\"mt-3\"><\/div>\r\n                            <\/div>\r\n                            \r\n                            \r\n                        <\/div>\r\n                    <\/div>\r\n                <\/div>[\/vc_column][\/vc_row]<\/p>","protected":false},"excerpt":{"rendered":"<p>[vc_row][vc_column][\/vc_column][\/vc_row][vc_row][vc_column][\/vc_column][\/vc_row] [&#8230;]<\/p>\n<p><a class=\"btn btn-secondary understrap-read-more-link\" href=\"https:\/\/us.edu.pl\/student\/studia\/najwazniejsze-akty-prawne\/\">Read More&#8230;<\/a><\/p>\n","protected":false},"author":1,"featured_media":0,"parent":6306,"menu_order":0,"comment_status":"closed","ping_status":"closed","template":"","meta":{"_expiration-date-status":"","_expiration-date":0,"_expiration-date-type":"","_expiration-date-categories":[],"_expiration-date-options":[]},"acf":[],"_links":{"self":[{"href":"https:\/\/us.edu.pl\/student\/wp-json\/wp\/v2\/pages\/9098"}],"collection":[{"href":"https:\/\/us.edu.pl\/student\/wp-json\/wp\/v2\/pages"}],"about":[{"href":"https:\/\/us.edu.pl\/student\/wp-json\/wp\/v2\/types\/page"}],"author":[{"embeddable":true,"href":"https:\/\/us.edu.pl\/student\/wp-json\/wp\/v2\/users\/1"}],"replies":[{"embeddable":true,"href":"https:\/\/us.edu.pl\/student\/wp-json\/wp\/v2\/comments?post=9098"}],"version-history":[{"count":10,"href":"https:\/\/us.edu.pl\/student\/wp-json\/wp\/v2\/pages\/9098\/revisions"}],"predecessor-version":[{"id":45858,"href":"https:\/\/us.edu.pl\/student\/wp-json\/wp\/v2\/pages\/9098\/revisions\/45858"}],"up":[{"embeddable":true,"href":"https:\/\/us.edu.pl\/student\/wp-json\/wp\/v2\/pages\/6306"}],"wp:attachment":[{"href":"https:\/\/us.edu.pl\/student\/wp-json\/wp\/v2\/media?parent=9098"}],"curies":[{"name":"wp","href":"https:\/\/api.w.org\/{rel}","templated":true}]}}