{"id":10651,"date":"2024-07-25T23:42:56","date_gmt":"2024-07-25T21:42:56","guid":{"rendered":"https:\/\/us.edu.pl\/szkola-doktorska\/?page_id=10651"},"modified":"2024-07-25T23:54:12","modified_gmt":"2024-07-25T21:54:12","slug":"kontakt","status":"publish","type":"page","link":"https:\/\/us.edu.pl\/szkola-doktorska\/ster\/kontakt\/","title":{"rendered":"Kontakt"},"content":{"rendered":"<p>[vc_row][vc_column]\r\n                <div class=\"text-modules \">\r\n                    <div class=\"container\">\r\n                        <h3 class=\"section-title section-title_border-bottom\">International from the beginning - wsparcie umi\u0119dzynarodowienia<\/h3> <h3 class=\"subtitle text-modules__subtitle\">Kontakt<\/h3>\r\n                        <div class=\"row m-0\">\r\n                            <div class=\"text-modules__content\">\r\n                                <b>Projekt realizowany jest<\/b> w biurze Szko\u0142y Doktorskiej w Uniwersytecie \u015al\u0105skim w Katowicach<\/p>\n<p>ul. Bankowa 14, 40-007 Katowice<\/p>\n<p>e-mail: <a href=\"mailto:ster@us.edu.pl\">ster@us.edu.pl<\/a><\/p>\n<p><strong>Kierownik projektu<\/strong><\/p>\n<p>dr Ryszard Knapek<\/p>\n<p>e-mail: <a href=\"mailto:ryszard.knapek@us.edu.pl\">ryszard.knapek@us.edu.pl<\/a><\/p>\n<p>nr tel.: 32 359 2473<\/p>\n<p><strong>Zesp\u00f3\u0142 powo\u0142any do oceny wniosk\u00f3w w programach sta\u017cowych i stypendialnych<\/strong><\/p>\n<p>dr hab. Olga Sitarz, prof. U\u015a<\/p>\n<p>dr Micha\u0142 Ciep\u0142y<\/p>\n<p>dr Ryszard Knapek \r\n                                <div class=\"mt-3\"><\/div>\r\n                            <\/div>\r\n                            \r\n                            <div class=\"text-modules__img\"><img src=\"https:\/\/us.edu.pl\/szkola-doktorska\/wp-content\/uploads\/sites\/50\/STER\/NAWA-logotyp-STER-PL_page-0001.jpg\" alt=\"img\"><\/div>\r\n                        <\/div>\r\n                    <\/div>\r\n                <\/div><div class=\"container\"><div class=\"separator\" style=\"background-color: #000000\"><\/div><\/div>\r\n                <div class=\"text-modules \">\r\n                    <div class=\"container\">\r\n                         \r\n                        <div class=\"row m-0\">\r\n                            <div class=\"text-modules__content\">\r\n                                <\/p>\n<p>&nbsp;<\/p>\n<p><em>Dzia\u0142anie finansowane przez Narodow\u0105 Agencj\u0119 Wymiany Akademickiej w ramach programu STER &#8211; umi\u0119dzynarodowienie szk\u00f3\u0142 doktorskich<\/em> \r\n                                <div class=\"mt-3\"><\/div>\r\n                            <\/div>\r\n                            \r\n                            <div class=\"text-modules__img\"><img src=\"https:\/\/us.edu.pl\/szkola-doktorska\/wp-content\/uploads\/sites\/50\/STER\/K1_logo_dopuszcz_wers_podstawowa_PL_RGB-02-75proc.png\" alt=\"img\"><\/div>\r\n                        <\/div>\r\n                    <\/div>\r\n                <\/div>[\/vc_column][\/vc_row]<\/p>","protected":false},"excerpt":{"rendered":"<p>[vc_row][vc_column][\/vc_column][\/vc_row] [&#8230;]<\/p>\n<p><a class=\"btn btn-secondary understrap-read-more-link\" href=\"https:\/\/us.edu.pl\/szkola-doktorska\/ster\/kontakt\/\">Read More&#8230;<\/a><\/p>\n","protected":false},"author":42,"featured_media":0,"parent":10619,"menu_order":0,"comment_status":"closed","ping_status":"closed","template":"page-templates\/page-with-sidebar.php","meta":{"_expiration-date-status":"","_expiration-date":0,"_expiration-date-type":"","_expiration-date-categories":[],"_expiration-date-options":[]},"acf":[],"_links":{"self":[{"href":"https:\/\/us.edu.pl\/szkola-doktorska\/wp-json\/wp\/v2\/pages\/10651"}],"collection":[{"href":"https:\/\/us.edu.pl\/szkola-doktorska\/wp-json\/wp\/v2\/pages"}],"about":[{"href":"https:\/\/us.edu.pl\/szkola-doktorska\/wp-json\/wp\/v2\/types\/page"}],"author":[{"embeddable":true,"href":"https:\/\/us.edu.pl\/szkola-doktorska\/wp-json\/wp\/v2\/users\/42"}],"replies":[{"embeddable":true,"href":"https:\/\/us.edu.pl\/szkola-doktorska\/wp-json\/wp\/v2\/comments?post=10651"}],"version-history":[{"count":4,"href":"https:\/\/us.edu.pl\/szkola-doktorska\/wp-json\/wp\/v2\/pages\/10651\/revisions"}],"predecessor-version":[{"id":10684,"href":"https:\/\/us.edu.pl\/szkola-doktorska\/wp-json\/wp\/v2\/pages\/10651\/revisions\/10684"}],"up":[{"embeddable":true,"href":"https:\/\/us.edu.pl\/szkola-doktorska\/wp-json\/wp\/v2\/pages\/10619"}],"wp:attachment":[{"href":"https:\/\/us.edu.pl\/szkola-doktorska\/wp-json\/wp\/v2\/media?parent=10651"}],"curies":[{"name":"wp","href":"https:\/\/api.w.org\/{rel}","templated":true}]}}