{"id":13947,"date":"2025-02-19T14:28:30","date_gmt":"2025-02-19T13:28:30","guid":{"rendered":"https:\/\/us.edu.pl\/szkola-doktorska\/?page_id=13947"},"modified":"2025-02-19T14:28:30","modified_gmt":"2025-02-19T13:28:30","slug":"przekraczanie-granic-gatunku-bez-granic-dwoista-rola-tabu-w-autobiografiach-pisarzy","status":"publish","type":"page","link":"https:\/\/us.edu.pl\/szkola-doktorska\/seminaria-obszarowe-w-roku-akademickim-2024-2025\/przekraczanie-granic-gatunku-bez-granic-dwoista-rola-tabu-w-autobiografiach-pisarzy\/","title":{"rendered":"Przekraczanie granic gatunku bez granic. Dwoista rola tabu w autobiografiach pisarzy"},"content":{"rendered":"<p>[vc_row][vc_column]\r\n                <div class=\"text-modules \">\r\n                    <div class=\"container\">\r\n                        <h3 class=\"section-title section-title_border-bottom\">Przekraczanie granic gatunku bez granic. Dwoista rola tabu w autobiografiach pisarzy<\/h3> \r\n                        <div class=\"row m-0\">\r\n                            <div class=\"text-modules__content\">\r\n                                Przekraczanie granic gatunku bez granic. Dwoista rola tabu w autobiografiach pisarzy<br \/>\nWydzia\u0142 Humanistyczny Uniwersytetu \u015al\u0105skiego [ul. Uniwersytecka 4 40-007 Katowice] sala 6.6 (mo\u017ce ulec zmianie w zale\u017cno\u015bci od ilo\u015bci ch\u0119tnych)<br \/>\n7 marca 2025 \u2013 Katarzyna Hanik \u2013 \u201ePrzekraczanie granic gatunku bez granic. Dwoista rola tabu w autobiografiach pisarzy\u201d<\/p>\n<p>Opiekun: dr hab. Maciej Tramer, prof. U\u015a \r\n                                <div class=\"mt-3\"><\/div>\r\n                            <\/div>\r\n                            \r\n                            \r\n                        <\/div>\r\n                    <\/div>\r\n                <\/div>[\/vc_column][\/vc_row]<\/p>","protected":false},"excerpt":{"rendered":"<p>[vc_row][vc_column][\/vc_column][\/vc_row] [&#8230;]<\/p>\n<p><a class=\"btn btn-secondary understrap-read-more-link\" href=\"https:\/\/us.edu.pl\/szkola-doktorska\/seminaria-obszarowe-w-roku-akademickim-2024-2025\/przekraczanie-granic-gatunku-bez-granic-dwoista-rola-tabu-w-autobiografiach-pisarzy\/\">Read More&#8230;<\/a><\/p>\n","protected":false},"author":205,"featured_media":0,"parent":7779,"menu_order":0,"comment_status":"closed","ping_status":"closed","template":"","meta":{"_expiration-date-status":"","_expiration-date":0,"_expiration-date-type":"","_expiration-date-categories":[],"_expiration-date-options":[]},"acf":[],"_links":{"self":[{"href":"https:\/\/us.edu.pl\/szkola-doktorska\/wp-json\/wp\/v2\/pages\/13947"}],"collection":[{"href":"https:\/\/us.edu.pl\/szkola-doktorska\/wp-json\/wp\/v2\/pages"}],"about":[{"href":"https:\/\/us.edu.pl\/szkola-doktorska\/wp-json\/wp\/v2\/types\/page"}],"author":[{"embeddable":true,"href":"https:\/\/us.edu.pl\/szkola-doktorska\/wp-json\/wp\/v2\/users\/205"}],"replies":[{"embeddable":true,"href":"https:\/\/us.edu.pl\/szkola-doktorska\/wp-json\/wp\/v2\/comments?post=13947"}],"version-history":[{"count":1,"href":"https:\/\/us.edu.pl\/szkola-doktorska\/wp-json\/wp\/v2\/pages\/13947\/revisions"}],"predecessor-version":[{"id":13950,"href":"https:\/\/us.edu.pl\/szkola-doktorska\/wp-json\/wp\/v2\/pages\/13947\/revisions\/13950"}],"up":[{"embeddable":true,"href":"https:\/\/us.edu.pl\/szkola-doktorska\/wp-json\/wp\/v2\/pages\/7779"}],"wp:attachment":[{"href":"https:\/\/us.edu.pl\/szkola-doktorska\/wp-json\/wp\/v2\/media?parent=13947"}],"curies":[{"name":"wp","href":"https:\/\/api.w.org\/{rel}","templated":true}]}}