{"id":13975,"date":"2025-02-19T14:41:33","date_gmt":"2025-02-19T13:41:33","guid":{"rendered":"https:\/\/us.edu.pl\/szkola-doktorska\/?page_id=13975"},"modified":"2025-02-19T14:41:52","modified_gmt":"2025-02-19T13:41:52","slug":"seminarium-obszarowe-doktorantow-w-ramach-seminarium-zespolu-teorii-i-historii-kultury-us","status":"publish","type":"page","link":"https:\/\/us.edu.pl\/szkola-doktorska\/seminaria-obszarowe-w-roku-akademickim-2024-2025\/seminarium-obszarowe-doktorantow-w-ramach-seminarium-zespolu-teorii-i-historii-kultury-us\/","title":{"rendered":"Seminarium obszarowe doktorant\u00f3w w ramach seminarium Zespo\u0142u Teorii i Historii Kultury U\u015a"},"content":{"rendered":"<p>[vc_row][vc_column]\r\n                <div class=\"text-modules \">\r\n                    <div class=\"container\">\r\n                        <h3 class=\"section-title section-title_border-bottom\">Seminarium obszarowe doktorant\u00f3w w ramach seminarium Zespo\u0142u Teorii i Historii Kultury U\u015a<\/h3> \r\n                        <div class=\"row m-0\">\r\n                            <div class=\"text-modules__content\">\r\n                                Wydzia\u0142 Humanistyczny, ul. Uniwersytecka 4, pok\u00f3j 5.20, godzina: 17:15<\/p>\n<p>12.05.2025 &#8211; mgr Dagmara Wasilewska &#8211; &#8222;Angielskie przek\u0142ady puran (od 1840 r.) i ich wp\u0142yw na imaginarium jogiczne w pi\u015bmiennictwie zachodnioeuropejskim w XIX w.&#8221;<br \/>\n19.05.2025 &#8211; mgr Magdalena Pospiesza\u0142owska &#8211; &#8222;Spotka\u0107 (nie)obecnych. Dziedzictwo powojennej spo\u0142eczno\u015bci \u017cydowskiej w Bytomiu: projekt \u015bcie\u017cki dydaktycznej&#8221; \r\n                                <div class=\"mt-3\"><\/div>\r\n                            <\/div>\r\n                            \r\n                            <div class=\"text-modules__img\"><img src=\"https:\/\/us.edu.pl\/szkola-doktorska\/wp-content\/uploads\/sites\/50\/Bez-kategorii\/1200x1200_ogolny_SD_Seminaria_Obszarowe_Doktorant-w-2.png\" alt=\"img\"><\/div>\r\n                        <\/div>\r\n                    <\/div>\r\n                <\/div>[\/vc_column][\/vc_row]<\/p>","protected":false},"excerpt":{"rendered":"<p>[vc_row][vc_column][\/vc_column][\/vc_row] [&#8230;]<\/p>\n<p><a class=\"btn btn-secondary understrap-read-more-link\" href=\"https:\/\/us.edu.pl\/szkola-doktorska\/seminaria-obszarowe-w-roku-akademickim-2024-2025\/seminarium-obszarowe-doktorantow-w-ramach-seminarium-zespolu-teorii-i-historii-kultury-us\/\">Read More&#8230;<\/a><\/p>\n","protected":false},"author":205,"featured_media":0,"parent":7779,"menu_order":0,"comment_status":"closed","ping_status":"closed","template":"","meta":{"_expiration-date-status":"","_expiration-date":0,"_expiration-date-type":"","_expiration-date-categories":[],"_expiration-date-options":[]},"acf":[],"_links":{"self":[{"href":"https:\/\/us.edu.pl\/szkola-doktorska\/wp-json\/wp\/v2\/pages\/13975"}],"collection":[{"href":"https:\/\/us.edu.pl\/szkola-doktorska\/wp-json\/wp\/v2\/pages"}],"about":[{"href":"https:\/\/us.edu.pl\/szkola-doktorska\/wp-json\/wp\/v2\/types\/page"}],"author":[{"embeddable":true,"href":"https:\/\/us.edu.pl\/szkola-doktorska\/wp-json\/wp\/v2\/users\/205"}],"replies":[{"embeddable":true,"href":"https:\/\/us.edu.pl\/szkola-doktorska\/wp-json\/wp\/v2\/comments?post=13975"}],"version-history":[{"count":1,"href":"https:\/\/us.edu.pl\/szkola-doktorska\/wp-json\/wp\/v2\/pages\/13975\/revisions"}],"predecessor-version":[{"id":13976,"href":"https:\/\/us.edu.pl\/szkola-doktorska\/wp-json\/wp\/v2\/pages\/13975\/revisions\/13976"}],"up":[{"embeddable":true,"href":"https:\/\/us.edu.pl\/szkola-doktorska\/wp-json\/wp\/v2\/pages\/7779"}],"wp:attachment":[{"href":"https:\/\/us.edu.pl\/szkola-doktorska\/wp-json\/wp\/v2\/media?parent=13975"}],"curies":[{"name":"wp","href":"https:\/\/api.w.org\/{rel}","templated":true}]}}