{"id":23830,"date":"2025-11-10T18:11:23","date_gmt":"2025-11-10T17:11:23","guid":{"rendered":"https:\/\/us.edu.pl\/szkola-doktorska\/?page_id=23830"},"modified":"2025-12-12T11:20:17","modified_gmt":"2025-12-12T10:20:17","slug":"ogloszenie-konkursu-na-zwiekszenie-stypendium-doktoranckiego-2025-2026","status":"publish","type":"page","link":"https:\/\/us.edu.pl\/szkola-doktorska\/stypendium-doktoranckie-w-szkole-doktorskiej\/ogloszenie-konkursu-na-zwiekszenie-stypendium-doktoranckiego-2025-2026\/","title":{"rendered":"Og\u0142oszenie konkursu na zwi\u0119kszenie stypendium doktoranckiego 2025\/2026"},"content":{"rendered":"<p>[vc_row][vc_column]\r\n                <div class=\"text-modules\">\r\n                    <div class=\"container\">\r\n                        <h3 class=\"page-title text__title\">Og\u0142oszenie konkursu na zwi\u0119kszenie stypendium doktoranckiego dla doktorant\u00f3w szk\u00f3\u0142 doktorskich na rok akademicki 2025\/2026<\/h3>\r\n                        <div class=\"text-modules__content\"><\/p>\n<h2>Og\u0142oszenie<\/h2>\n<p>W dniu 7 listopada 2025 roku Dziekan Szko\u0142y Doktorskiej og\u0142asza konkurs na zwi\u0119kszenie stypendium doktoranckiego dla doktorant\u00f3w Szk\u00f3\u0142 Doktorskich w ramach Inicjatywy Doskona\u0142o\u015bci Naukowej, na rok akademicki 2025\/2026.<\/p>\n<p>Celem konkursu jest wy\u0142onienie 10 procent najlepszych doktorant\u00f3w drugiego, trzeciego i czwartego roku kszta\u0142cenia, w poszczeg\u00f3lnych obszarach kszta\u0142cenia w Szkole Doktorskiej oraz w Mi\u0119dzynarodowej \u015arodowiskowej Szkole Doktorskiej.<\/p>\n<p>Osoby sk\u0142adaj\u0105ce wniosek zobowi\u0105zane s\u0105 do zapoznania si\u0119 z Regulaminem przyznawania zwi\u0119kszenia stypendium doktoranckiego dla doktorant\u00f3w szk\u00f3\u0142 doktorskich w U\u015a w ramach Inicjatywy Doskona\u0142o\u015bci Badawczej: <!--StartFragment --><a href=\"\/szkola-doktorska\/stypendium-doktoranckie-w-szkole-doktorskiej\/zwiekszenie-stypendium-doktoranckiego-reguly-2025-2026\/\"><span class=\"cf0\">Zwi<\/span><span class=\"cf1\">\u0119kszenie stypendium doktoranckiego w roku akademickim 2025\/2026 &#8211; regu\u0142y<\/span><\/a><\/p>\n<p><!--EndFragment --><\/p>\n<h2>Terminy i forma sk\u0142adania wniosk\u00f3w<\/h2>\n<p>Nab\u00f3r wniosk\u00f3w trwa\u0107 b\u0119dzie do 26 listopada, do godziny 12:00.<\/p>\n<p>Wnioski w formie papierowej nale\u017cy sk\u0142ada\u0107 w biurze szko\u0142y doktorskiej, w kt\u00f3rej doktorant odbywa kszta\u0142cenie, w godzinach pracy biura. Wnioski z\u0142o\u017cone po terminie nie b\u0119d\u0105 rozpatrywane.<\/p>\n<p>Informacja o adresach biur:<\/p>\n<p>Szko\u0142a Doktorska: <a href=\"https:\/\/us.edu.pl\/szkola-doktorska\/biuro-szkoly-doktorskiej\/\">https:\/\/us.edu.pl\/szkola-doktorska\/biuro-szkoly-doktorskiej\/<\/a><\/p>\n<p>Mi\u0119dzynarodowa \u015arodowiskowa Szko\u0142a Doktorska: <a href=\"https:\/\/www.mssd.us.edu.pl\/kontakt\/\">https:\/\/www.mssd.us.edu.pl\/kontakt\/<\/a><\/p>\n<h2>Formularze wniosk\u00f3w<\/h2>\n<p>Wniosek nale\u017cy z\u0142o\u017cy\u0107 na za\u0142\u0105czonym poni\u017cej formularzu, odpowiednim dla szko\u0142y doktorskiej i obszaru kszta\u0142cenia, w j\u0119zyku polskim lub w j\u0119zyku angielskim. Nie jest dost\u0119pny wniosek w j\u0119zyku angielskim dla doktorant\u00f3w dyscyplin artystycznych (nie ma w tych dyscyplinach doktorant\u00f3w niepolskoj\u0119zycznych)<\/p>\n<h3>Formularze w j\u0119zyku polskim<\/h3>\n<ul>\n<li>obszar nauk humanistycznych, nauk teologicznych i sztuki &#8211; <strong>dyscypliny artystyczne<\/strong>: <a href=\"https:\/\/us.edu.pl\/szkola-doktorska\/wp-content\/uploads\/sites\/50\/stypendium\/zwiekszenie-2025\/2025_zwiekszenie_stypendium_wniosek_nauki_humanistyczne_teologiczne_i_sztuka_dyscypliny_artystyczne_pl.docx\" class=\"mtli_attachment mtli_docx\" data-mtli=\"mtli_filesize44,43kB\" class=\"mtli_attachment mtli_docx\" data-mtli=\"mtli_filesize44,43kB\">2025_zwiekszenie_stypendium_wniosek_nauki_humanistyczne_teologiczne_i_sztuka_dyscypliny_artystyczne_pl<\/a><\/li>\n<li>obszar nauk humanistycznych, nauk teologicznych i sztuki &#8211; <strong>dyscypliny naukowe<\/strong>: <a href=\"https:\/\/us.edu.pl\/szkola-doktorska\/wp-content\/uploads\/sites\/50\/stypendium\/zwiekszenie-2025\/2025_zwiekszenie_stypendium_wniosek_nauki_humanistyczne_teologiczne_i_sztuka_dyscypliny_naukowe_pl.docx\" class=\"mtli_attachment mtli_docx\" data-mtli=\"mtli_filesize37,05kB\" class=\"mtli_attachment mtli_docx\" data-mtli=\"mtli_filesize37,05kB\">2025_zwiekszenie_stypendium_wniosek_nauki_humanistyczne_teologiczne_i_sztuka_dyscypliny_naukowe_pl<\/a><\/li>\n<li>obszar nauk spo\u0142ecznych: <a href=\"https:\/\/us.edu.pl\/szkola-doktorska\/wp-content\/uploads\/sites\/50\/stypendium\/zwiekszenie-2025\/2025_zwiekszenie_stypendium_wniosek_nauki_spoleczne_pl.docx\" class=\"mtli_attachment mtli_docx\" data-mtli=\"mtli_filesize37,47kB\" class=\"mtli_attachment mtli_docx\" data-mtli=\"mtli_filesize37,47kB\">2025_zwiekszenie_stypendium_wniosek_nauki_spoleczne_pl<\/a><\/li>\n<li>obszar nauk \u015bcis\u0142ych i przyrodniczych oraz in\u017cynieryjno-technicznych, a tak\u017ce doktoranci Mi\u0119dzynarodowej \u015arodowiskowej Szko\u0142y Doktorskiej: <a href=\"https:\/\/us.edu.pl\/szkola-doktorska\/wp-content\/uploads\/sites\/50\/stypendium\/zwiekszenie-2025\/2025_zwiekszenie_stypendium_wniosek_nauki_scisle_przyrodnicze_inz._oraz_MSSD_pl.docx\" class=\"mtli_attachment mtli_docx\" data-mtli=\"mtli_filesize38,33kB\" class=\"mtli_attachment mtli_docx\" data-mtli=\"mtli_filesize38,33kB\">2025_zwiekszenie_stypendium_wniosek_nauki_scisle_przyrodnicze_inz._oraz_M\u015aSD_pl<\/a><\/li>\n<\/ul>\n<h3>Formularze w j\u0119zyku angielskim<\/h3>\n<ul>\n<li>obszar nauk humanistycznych, nauk teologicznych i sztuki &#8211; <strong>dyscypliny naukowe<\/strong>: <a href=\"https:\/\/us.edu.pl\/szkola-doktorska\/wp-content\/uploads\/sites\/50\/stypendium\/zwiekszenie-2025\/2025_scholarship_increase_application_humanities_theology_and_arts_eng.docx\" class=\"mtli_attachment mtli_docx\" data-mtli=\"mtli_filesize36,12kB\" class=\"mtli_attachment mtli_docx\" data-mtli=\"mtli_filesize36,12kB\">2025_scholarship_increase_application_humanities_theology_and_arts_eng<\/a><\/li>\n<li>obszar nauk spo\u0142ecznych: <a href=\"https:\/\/us.edu.pl\/szkola-doktorska\/wp-content\/uploads\/sites\/50\/stypendium\/zwiekszenie-2025\/2025_scholarship_increase_application_social_sciences_eng.docx\" class=\"mtli_attachment mtli_docx\" data-mtli=\"mtli_filesize35,67kB\" class=\"mtli_attachment mtli_docx\" data-mtli=\"mtli_filesize35,67kB\">2025_scholarship_increase_application_social_sciences_eng<\/a><\/li>\n<li>obszar nauk \u015bcis\u0142ych i przyrodniczych oraz in\u017cynieryjno-technicznych, a tak\u017ce doktoranci Mi\u0119dzynarodowej \u015arodowiskowej Szko\u0142y Doktorskiej: <a href=\"https:\/\/us.edu.pl\/szkola-doktorska\/wp-content\/uploads\/sites\/50\/stypendium\/zwiekszenie-2025\/2025_scholarship_increase_application_exact_and_natural_sciences_as_well_as_engineering_or_IEDS_eng.docx\" class=\"mtli_attachment mtli_docx\" data-mtli=\"mtli_filesize36,86kB\" class=\"mtli_attachment mtli_docx\" data-mtli=\"mtli_filesize36,86kB\">2025_scholarship_increase_application_exact_and_natural_sciences_as_well_as_engineering_or_IEDS_eng<\/a><\/li>\n<\/ul>\n<p>\n<style type=\"text\/css\">a[data-mtli~=\"mtli_filesize44,43kB\"]:after {content:\" (44,43 kB)\"}a[data-mtli~=\"mtli_filesize37,05kB\"]:after {content:\" (37,05 kB)\"}a[data-mtli~=\"mtli_filesize37,47kB\"]:after {content:\" (37,47 kB)\"}a[data-mtli~=\"mtli_filesize38,33kB\"]:after {content:\" (38,33 kB)\"}a[data-mtli~=\"mtli_filesize36,12kB\"]:after {content:\" (36,12 kB)\"}a[data-mtli~=\"mtli_filesize35,67kB\"]:after {content:\" (35,67 kB)\"}a[data-mtli~=\"mtli_filesize36,86kB\"]:after {content:\" (36,86 kB)\"}<\/style><\/div>\r\n                    <\/div>\r\n                <\/div>[\/vc_column][\/vc_row]<\/p>\n<style type=\"text\/css\">a[data-mtli~=\"mtli_filesize44,43kB\"]:after {content:\" (44,43 kB)\"}a[data-mtli~=\"mtli_filesize37,05kB\"]:after {content:\" (37,05 kB)\"}a[data-mtli~=\"mtli_filesize37,47kB\"]:after {content:\" (37,47 kB)\"}a[data-mtli~=\"mtli_filesize38,33kB\"]:after {content:\" (38,33 kB)\"}a[data-mtli~=\"mtli_filesize36,12kB\"]:after {content:\" (36,12 kB)\"}a[data-mtli~=\"mtli_filesize35,67kB\"]:after {content:\" (35,67 kB)\"}a[data-mtli~=\"mtli_filesize36,86kB\"]:after {content:\" (36,86 kB)\"}<\/style>","protected":false},"excerpt":{"rendered":"<p>[vc_row][vc_column][\/vc_column][\/vc_row] [&#8230;]<\/p>\n<p><a class=\"btn btn-secondary understrap-read-more-link\" href=\"https:\/\/us.edu.pl\/szkola-doktorska\/stypendium-doktoranckie-w-szkole-doktorskiej\/ogloszenie-konkursu-na-zwiekszenie-stypendium-doktoranckiego-2025-2026\/\">Read More&#8230;<\/a><\/p>\n","protected":false},"author":42,"featured_media":0,"parent":8923,"menu_order":0,"comment_status":"closed","ping_status":"closed","template":"page-templates\/page-with-sidebar.php","meta":{"_expiration-date-status":"","_expiration-date":0,"_expiration-date-type":"","_expiration-date-categories":[],"_expiration-date-options":[]},"acf":[],"_links":{"self":[{"href":"https:\/\/us.edu.pl\/szkola-doktorska\/wp-json\/wp\/v2\/pages\/23830"}],"collection":[{"href":"https:\/\/us.edu.pl\/szkola-doktorska\/wp-json\/wp\/v2\/pages"}],"about":[{"href":"https:\/\/us.edu.pl\/szkola-doktorska\/wp-json\/wp\/v2\/types\/page"}],"author":[{"embeddable":true,"href":"https:\/\/us.edu.pl\/szkola-doktorska\/wp-json\/wp\/v2\/users\/42"}],"replies":[{"embeddable":true,"href":"https:\/\/us.edu.pl\/szkola-doktorska\/wp-json\/wp\/v2\/comments?post=23830"}],"version-history":[{"count":4,"href":"https:\/\/us.edu.pl\/szkola-doktorska\/wp-json\/wp\/v2\/pages\/23830\/revisions"}],"predecessor-version":[{"id":23948,"href":"https:\/\/us.edu.pl\/szkola-doktorska\/wp-json\/wp\/v2\/pages\/23830\/revisions\/23948"}],"up":[{"embeddable":true,"href":"https:\/\/us.edu.pl\/szkola-doktorska\/wp-json\/wp\/v2\/pages\/8923"}],"wp:attachment":[{"href":"https:\/\/us.edu.pl\/szkola-doktorska\/wp-json\/wp\/v2\/media?parent=23830"}],"curies":[{"name":"wp","href":"https:\/\/api.w.org\/{rel}","templated":true}]}}