{"id":2437,"date":"2020-06-15T11:44:17","date_gmt":"2020-06-15T09:44:17","guid":{"rendered":"https:\/\/us.edu.pl\/szkola-doktorska\/?page_id=2437"},"modified":"2020-07-08T09:09:26","modified_gmt":"2020-07-08T07:09:26","slug":"znajdz-promotora-sztuki-filmowe-i-teatralne","status":"publish","type":"page","link":"https:\/\/us.edu.pl\/szkola-doktorska\/en\/znajdz-promotora\/znajdz-promotora-sztuki-filmowe-i-teatralne\/","title":{"rendered":"(Polski) znajd\u017a promotora &#8211; sztuki filmowe i teatralne"},"content":{"rendered":"<p>[vc_row][vc_column]\r\n                <div class=\"text-modules\">\r\n                    <div class=\"container\">\r\n                        \r\n                        <div class=\"text-modules__content\"><p>Poni\u017cej znajduje si\u0119 lista os\u00f3b, kt\u00f3re zadeklarowa\u0142y gotowo\u015b\u0107 pracy jako promotorzy w dyscyplinie sztuki filmowe i teatralne. Promotorem doktoranta w Szkole Doktorskiej mo\u017ce by\u0107 ka\u017cdy pracownik naukowy ze stopniem doktora habilitowanego lub tytu\u0142em profesora, kt\u00f3ry jest aktywny naukowo i jego zainteresowania naukowe s\u0105 zbli\u017cone do plan\u00f3w naukowych doktoranta. Kompletna lista nauczycieli akademickich prowadz\u0105cych badania w dyscyplinie sztuki filmowe i teatralne znajduje si\u0119 na stronie internetowej <a href=\"\/instytut\/isft\/\">Instytutu Sztuk Filmowych i Teatralnych<\/a>.<\/p>\n<\/div>\r\n                    <\/div>\r\n                <\/div>\r\n                <div class=\"text-modules \">\r\n                    <div class=\"container\">\r\n                        <h3 class=\"section-title section-title_border-bottom\">dr hab. Krystyna Doktorowicz, prof. U\u015a<\/h3> <h3 class=\"subtitle text-modules__subtitle\">Krzysztof Kie\u015blowski Film School<\/h3>\r\n                        <div class=\"row m-0\">\r\n                            <div class=\"text-modules__content\">\r\n                                <strong>Dyscypliny:<\/strong><\/p>\n<p>nauki o komunikacji spo\u0142ecznej i mediach<br \/>\nsztuki filmowe i teatralne<\/p>\n<p><strong>Zainteresowania naukowe:<\/strong><\/p>\n<p>media, dziennikarstwo, produkcja filmowa i telewizyjna<\/p>\n<p><strong>Zobacz wi\u0119cej:<\/strong><\/p>\n<p>&nbsp;<\/p>\n<p><strong>Kontakt<\/strong>:<\/p>\n<p><a href=\"mailto:krystyna.doktorowicz@us.edu.pl\">krystyna.doktorowicz@us.edu.pl<\/a><\/p>\n<div class=\"mt-3\"><\/div>\r\n                            <\/div>\r\n                            \r\n                            \r\n                        <\/div>\r\n                    <\/div>\r\n                <\/div>\r\n                <div class=\"text-modules \">\r\n                    <div class=\"container\">\r\n                        <h3 class=\"section-title section-title_border-bottom\">dr hab. Sonia Front, prof. U\u015a<\/h3> <h3 class=\"subtitle text-modules__subtitle\">Wydzia\u0142 Humanistyczny<\/h3>\r\n                        <div class=\"row m-0\">\r\n                            <div class=\"text-modules__content\">\r\n                                <strong>Dyscypliny:<\/strong><\/p>\n<p>literaturoznawstwo<\/p>\n<p>sztuki filmowe i teatralne<\/p>\n<p><strong>Zainteresowania naukowe:<\/strong><\/p>\n<p>literaturoznawstwo (literatura XXI wieku, czas i temporalno\u015b\u0107, reprezentacje \u015bwiadomo\u015bci, fizyka kwantowa w literaturze); filmoznawstwo (filmy i seriale science fiction, puzzle films, czas i temporalno\u015b\u0107, reprezentacje \u015bwiadomo\u015bci, fizyka kwantowa w filmie)<\/p>\n<p><strong>Zobacz wi\u0119cej:<\/strong><\/p>\n<p><a href=\"https:\/\/orcid.org\/0000-0002-9334-6531\">ORCID<\/a><\/p>\n<p><a href=\"https:\/\/www.researchgate.net\/profile\/Sonia_Front\">ResearchGate<\/a><\/p>\n<p><a href=\"https:\/\/silesian.academia.edu\/SoniaFront\">Silesianacademia<\/a><\/p>\n<p><strong>Kontakt<\/strong>:<\/p>\n<p><a href=\"mailto:sonia.front@us.edu.pl\">sonia.front@us.edu.pl<\/a> \r\n                                <div class=\"mt-3\"><\/div>\r\n                            <\/div>\r\n                            \r\n                            \r\n                        <\/div>\r\n                    <\/div>\r\n                <\/div>\r\n                <div class=\"text-modules \">\r\n                    <div class=\"container\">\r\n                        <h3 class=\"section-title section-title_border-bottom\">dr hab. Janusz Musia\u0142, prof. U\u015a<\/h3> <h3 class=\"subtitle text-modules__subtitle\">Szko\u0142a Filmowa im. Krzysztofa Kie\u015blowskiego<\/h3>\r\n                        <div class=\"row m-0\">\r\n                            <div class=\"text-modules__content\">\r\n                                <strong>Dyscypliny:<\/strong><\/p>\n<p>sztuki filmowe i teatralne<\/p>\n<p><strong>Zainteresowania naukowe:<\/strong><\/p>\n<p>fotografia, fotografia intermedialna, film eksperymentalny, sztuka medi\u00f3w<\/p>\n<p><strong>Zobacz wi\u0119cej:<\/strong><\/p>\n<p>&nbsp;<\/p>\n<p><strong>Kontakt<\/strong>:<\/p>\n<p><a href=\"mailto:janusz.musial@us.edu.pl\">janusz.musial@us.edu.pl<\/a> \r\n                                <div class=\"mt-3\"><\/div>\r\n                            <\/div>\r\n                            \r\n                            \r\n                        <\/div>\r\n                    <\/div>\r\n                <\/div>[\/vc_column][\/vc_row]<\/p>","protected":false},"excerpt":{"rendered":"<p>[vc_row][vc_column][\/vc_column][\/vc_row] [&#8230;]<\/p>\n<p><a class=\"btn btn-secondary understrap-read-more-link\" href=\"https:\/\/us.edu.pl\/szkola-doktorska\/en\/znajdz-promotora\/znajdz-promotora-sztuki-filmowe-i-teatralne\/\">Read More&#8230;<\/a><\/p>\n","protected":false},"author":205,"featured_media":0,"parent":1443,"menu_order":0,"comment_status":"closed","ping_status":"closed","template":"page-templates\/page-with-sidebar.php","meta":{"_expiration-date-status":"saved","_expiration-date":0,"_expiration-date-type":"","_expiration-date-categories":[],"_expiration-date-options":[]},"acf":[],"_links":{"self":[{"href":"https:\/\/us.edu.pl\/szkola-doktorska\/en\/wp-json\/wp\/v2\/pages\/2437"}],"collection":[{"href":"https:\/\/us.edu.pl\/szkola-doktorska\/en\/wp-json\/wp\/v2\/pages"}],"about":[{"href":"https:\/\/us.edu.pl\/szkola-doktorska\/en\/wp-json\/wp\/v2\/types\/page"}],"author":[{"embeddable":true,"href":"https:\/\/us.edu.pl\/szkola-doktorska\/en\/wp-json\/wp\/v2\/users\/205"}],"replies":[{"embeddable":true,"href":"https:\/\/us.edu.pl\/szkola-doktorska\/en\/wp-json\/wp\/v2\/comments?post=2437"}],"version-history":[{"count":0,"href":"https:\/\/us.edu.pl\/szkola-doktorska\/en\/wp-json\/wp\/v2\/pages\/2437\/revisions"}],"up":[{"embeddable":true,"href":"https:\/\/us.edu.pl\/szkola-doktorska\/en\/wp-json\/wp\/v2\/pages\/1443"}],"wp:attachment":[{"href":"https:\/\/us.edu.pl\/szkola-doktorska\/en\/wp-json\/wp\/v2\/media?parent=2437"}],"curies":[{"name":"wp","href":"https:\/\/api.w.org\/{rel}","templated":true}]}}