{"id":25319,"date":"2026-04-02T15:52:38","date_gmt":"2026-04-02T13:52:38","guid":{"rendered":"https:\/\/us.edu.pl\/szkola-doktorska\/?page_id=25319"},"modified":"2026-04-02T16:08:25","modified_gmt":"2026-04-02T14:08:25","slug":"staze-krajowe-doktorantow-idb-2026","status":"publish","type":"page","link":"https:\/\/us.edu.pl\/szkola-doktorska\/srodki-na-dzialalnosc-naukowa-doktorantow-2026\/konkursy-dla-doktorantow-srodki-na-dzialalnosc-naukowa-2026\/staze-krajowe-doktorantow-idb-2026\/","title":{"rendered":"Sta\u017ce krajowe doktorant\u00f3w &#8211; projekty finansowane ze \u015brodk\u00f3w programu Inicjatywa Doskona\u0142o\u015bci Badawczej 2026"},"content":{"rendered":"<p>[vc_row][vc_column]\r\n                <div class=\"text-modules\">\r\n                    <div class=\"container\">\r\n                        <h3 class=\"page-title text__title\">Sta\u017ce krajowe doktorant\u00f3w - projekty finansowane ze \u015brodk\u00f3w programu Inicjatywa Doskona\u0142o\u015bci Badawczej 2026<\/h3>\r\n                        <div class=\"text-modules__content\"><p>\u015arodki przyznane w konkursie Sta\u017ce krajowe doktorant\u00f3w w ramach programu Inicjatywa Doskona\u0142o\u015bci Badawczej 2026<\/p>\n<\/div>\r\n                    <\/div>\r\n                <\/div>[\/vc_column][\/vc_row][vc_row][vc_column]\r\n                <div class=\"text-modules\">\r\n                    <div class=\"container\">\r\n                        \r\n                        <div class=\"text-modules__content\"><\/p>\n<table style=\"height: 12px; width: 101.732%;\" border=\"1\" width=\"101.732%\">\n<tbody>\n<tr style=\"height: 10px;\">\n<td style=\"width: 4.70796%; height: 72px;\" width=\"49\"><strong>No.<\/strong><\/td>\n<td style=\"width: 22.0606%; height: 72px;\" width=\"221\"><strong>Name and last name \/ Imi\u0119 i nazwisko<\/strong><\/td>\n<td style=\"width: 25.7912%; height: 72px;\" width=\"211\"><strong>Scientific discipline \/ Dyscyplina naukowa<\/strong><\/td>\n<td style=\"width: 38.9206%; height: 72px;\" width=\"258\"><strong>Miejsce planowanego sta\u017cu \/ Planned internship localization<\/strong><\/td>\n<td style=\"width: 7.61481%; height: 72px;\" width=\"135\"><strong>Allocated funds \/ Przyznane \u015brodki<\/strong><\/td>\n<\/tr>\n<tr style=\"height: 10px;\">\n<td style=\"width: 4.70796%;\" width=\"120\">1.<\/td>\n<td style=\"width: 22.0606%;\" width=\"236\">Farny Zuzanna<\/td>\n<td style=\"width: 25.7912%;\" width=\"196\">psychology (psychologia)<\/td>\n<td style=\"width: 38.9206%;\" width=\"130\">Uniwersytet Rzeszowski w Rzeszowie<\/td>\n<td style=\"width: 7.61481%;\" width=\"171\">3 760,00 z\u0142<\/td>\n<\/tr>\n<tr style=\"height: 10px;\">\n<td style=\"width: 4.70796%;\">2.<\/td>\n<td style=\"width: 22.0606%;\">Kosmala Paula<\/td>\n<td style=\"width: 25.7912%;\">Polish studies (polonistyka)<\/td>\n<td style=\"width: 38.9206%;\">Instytut Bada\u0144 Literackich Polskiej Akademii Nauk<\/td>\n<td style=\"width: 7.61481%;\">12 000,00 z\u0142<\/td>\n<\/tr>\n<tr style=\"height: 10px;\">\n<td style=\"width: 4.70796%;\">3.<\/td>\n<td style=\"width: 22.0606%;\">Kryczka Anna<\/td>\n<td style=\"width: 25.7912%;\">chemical sciences (nauki chemiczne)<\/td>\n<td style=\"width: 38.9206%;\">Instytut Materia\u0142\u00f3w Zaawansowanych, Wydzia\u0142 Chemii, Politechnika Wroc\u0142awska<\/td>\n<td style=\"width: 7.61481%;\">5 500,00 z\u0142<\/td>\n<\/tr>\n<tr style=\"height: 10px;\">\n<td style=\"width: 4.70796%;\">4.<\/td>\n<td style=\"width: 22.0606%;\">Lisiecka Monika<\/td>\n<td style=\"width: 25.7912%;\">law (nauki prawne)<\/td>\n<td style=\"width: 38.9206%;\">Uniwersytet Jagiello\u0144ski, Centrum Interdyscyplinarnych Studi\u00f3w Konstytucyjnych<\/td>\n<td style=\"width: 7.61481%;\">6 900,00 z\u0142<\/td>\n<\/tr>\n<tr style=\"height: 10px;\">\n<td style=\"width: 4.70796%;\">5.<\/td>\n<td style=\"width: 22.0606%;\">Matsko Yelyzaveta<\/td>\n<td style=\"width: 25.7912%;\">biological sciences (nauki biologiczne)<\/td>\n<td style=\"width: 38.9206%;\">Uniwersytet Warszawski, Instytut Biologii Ewolucyjnej, Zesp\u00f3\u0142 badawczy Zoologii Por\u00f3wnawczej Bezkr\u0119gowc\u00f3w<\/td>\n<td style=\"width: 7.61481%;\">6 000,00 z\u0142<\/td>\n<\/tr>\n<\/tbody>\n<\/table>\n<p>\n<\/div>\r\n                    <\/div>\r\n                <\/div>[\/vc_column][\/vc_row]<\/p>","protected":false},"excerpt":{"rendered":"<p>[vc_row][vc_column][\/vc_column][\/vc_row][vc_row][vc_column][\/vc_column][\/vc_row] [&#8230;]<\/p>\n<p><a class=\"btn btn-secondary understrap-read-more-link\" href=\"https:\/\/us.edu.pl\/szkola-doktorska\/srodki-na-dzialalnosc-naukowa-doktorantow-2026\/konkursy-dla-doktorantow-srodki-na-dzialalnosc-naukowa-2026\/staze-krajowe-doktorantow-idb-2026\/\">Read More&#8230;<\/a><\/p>\n","protected":false},"author":42,"featured_media":0,"parent":25244,"menu_order":0,"comment_status":"closed","ping_status":"closed","template":"","meta":{"_expiration-date-status":"","_expiration-date":0,"_expiration-date-type":"","_expiration-date-categories":[],"_expiration-date-options":[]},"acf":[],"_links":{"self":[{"href":"https:\/\/us.edu.pl\/szkola-doktorska\/wp-json\/wp\/v2\/pages\/25319"}],"collection":[{"href":"https:\/\/us.edu.pl\/szkola-doktorska\/wp-json\/wp\/v2\/pages"}],"about":[{"href":"https:\/\/us.edu.pl\/szkola-doktorska\/wp-json\/wp\/v2\/types\/page"}],"author":[{"embeddable":true,"href":"https:\/\/us.edu.pl\/szkola-doktorska\/wp-json\/wp\/v2\/users\/42"}],"replies":[{"embeddable":true,"href":"https:\/\/us.edu.pl\/szkola-doktorska\/wp-json\/wp\/v2\/comments?post=25319"}],"version-history":[{"count":4,"href":"https:\/\/us.edu.pl\/szkola-doktorska\/wp-json\/wp\/v2\/pages\/25319\/revisions"}],"predecessor-version":[{"id":25325,"href":"https:\/\/us.edu.pl\/szkola-doktorska\/wp-json\/wp\/v2\/pages\/25319\/revisions\/25325"}],"up":[{"embeddable":true,"href":"https:\/\/us.edu.pl\/szkola-doktorska\/wp-json\/wp\/v2\/pages\/25244"}],"wp:attachment":[{"href":"https:\/\/us.edu.pl\/szkola-doktorska\/wp-json\/wp\/v2\/media?parent=25319"}],"curies":[{"name":"wp","href":"https:\/\/api.w.org\/{rel}","templated":true}]}}