{"id":25359,"date":"2026-04-07T11:03:32","date_gmt":"2026-04-07T09:03:32","guid":{"rendered":"https:\/\/us.edu.pl\/szkola-doktorska\/?page_id=25359"},"modified":"2026-04-07T13:00:26","modified_gmt":"2026-04-07T11:00:26","slug":"wybrane-perspektywy-badan-nad-jezykiem-dydaktyka-oraz-komunikacja-internetowa","status":"publish","type":"page","link":"https:\/\/us.edu.pl\/szkola-doktorska\/wybrane-perspektywy-badan-nad-jezykiem-dydaktyka-oraz-komunikacja-internetowa\/","title":{"rendered":"Wybrane perspektywy bada\u0144 nad j\u0119zykiem: dydaktyka oraz komunikacja internetowa"},"content":{"rendered":"<p>[vc_row][vc_column]\r\n                <div class=\"text-modules \">\r\n                    <div class=\"container\">\r\n                        <h3 class=\"section-title section-title_border-bottom\">Wybrane perspektywy bada\u0144 nad j\u0119zykiem: dydaktyka oraz komunikacja internetowa<\/h3> \r\n                        <div class=\"row m-0\">\r\n                            <div class=\"text-modules__content\">\r\n                                Miejsce odbywanie seminarium: forma hybrydowa &amp; Wydzia\u0142 Humanistyczny w Sosnowcu oraz platforma MS Teams.<\/p>\n<p>1. 02.06.2026 \u2014 Katarzyna Roszkowska-Bachanek \u2014 EduScrum jako metoda nauczania w kontek\u015bcie l\u0119ku j\u0119zykowego i motywacji u uczni\u00f3w szko\u0142y bran\u017cowej<br \/>\n2. 16.06.2026 \u2014 Marlena Moskal \u2014 konceptualizacje sytuacji kryzysowych w memach internetowych z perspektywy j\u0119zykoznawstwa kognitywnego<\/p>\n<p>Opiekun seminarium: dr Anna Stwora \r\n                                <div class=\"mt-3\"><\/div>\r\n                            <\/div>\r\n                            \r\n                            <div class=\"text-modules__img\"><img src=\"https:\/\/us.edu.pl\/szkola-doktorska\/wp-content\/uploads\/sites\/50\/Bez-kategorii\/1200x1200_ogolny_SD_Seminaria_Obszarowe_Doktorant-w-2.png\" alt=\"img\"><\/div>\r\n                        <\/div>\r\n                    <\/div>\r\n                <\/div>[\/vc_column][\/vc_row]<\/p>","protected":false},"excerpt":{"rendered":"<p>[vc_row][vc_column][\/vc_column][\/vc_row] [&#8230;]<\/p>\n<p><a class=\"btn btn-secondary understrap-read-more-link\" href=\"https:\/\/us.edu.pl\/szkola-doktorska\/wybrane-perspektywy-badan-nad-jezykiem-dydaktyka-oraz-komunikacja-internetowa\/\">Read More&#8230;<\/a><\/p>\n","protected":false},"author":205,"featured_media":0,"parent":0,"menu_order":0,"comment_status":"closed","ping_status":"closed","template":"","meta":{"_expiration-date-status":"","_expiration-date":0,"_expiration-date-type":"","_expiration-date-categories":[],"_expiration-date-options":[]},"acf":[],"_links":{"self":[{"href":"https:\/\/us.edu.pl\/szkola-doktorska\/wp-json\/wp\/v2\/pages\/25359"}],"collection":[{"href":"https:\/\/us.edu.pl\/szkola-doktorska\/wp-json\/wp\/v2\/pages"}],"about":[{"href":"https:\/\/us.edu.pl\/szkola-doktorska\/wp-json\/wp\/v2\/types\/page"}],"author":[{"embeddable":true,"href":"https:\/\/us.edu.pl\/szkola-doktorska\/wp-json\/wp\/v2\/users\/205"}],"replies":[{"embeddable":true,"href":"https:\/\/us.edu.pl\/szkola-doktorska\/wp-json\/wp\/v2\/comments?post=25359"}],"version-history":[{"count":2,"href":"https:\/\/us.edu.pl\/szkola-doktorska\/wp-json\/wp\/v2\/pages\/25359\/revisions"}],"predecessor-version":[{"id":25397,"href":"https:\/\/us.edu.pl\/szkola-doktorska\/wp-json\/wp\/v2\/pages\/25359\/revisions\/25397"}],"wp:attachment":[{"href":"https:\/\/us.edu.pl\/szkola-doktorska\/wp-json\/wp\/v2\/media?parent=25359"}],"curies":[{"name":"wp","href":"https:\/\/api.w.org\/{rel}","templated":true}]}}