{"id":4134,"date":"2020-10-12T16:04:13","date_gmt":"2020-10-12T14:04:13","guid":{"rendered":"https:\/\/us.edu.pl\/szkola-doktorska\/?page_id=4134"},"modified":"2020-10-16T13:28:06","modified_gmt":"2020-10-16T11:28:06","slug":"zarzadzenie-dziekana-szkoly-doktorskiej-w-sprawie-powolania-komisji-ewaluacyjnych","status":"publish","type":"page","link":"https:\/\/us.edu.pl\/szkola-doktorska\/zarzadzenie-dziekana-szkoly-doktorskiej-w-sprawie-powolania-komisji-ewaluacyjnych\/","title":{"rendered":"Powo\u0142anie komisji ewaluacyjnych dla doktorant\u00f3w Szko\u0142y Doktorskiej"},"content":{"rendered":"<p>[vc_row][vc_column]\r\n                <div class=\"text-modules \">\r\n                    <div class=\"container\">\r\n                         \r\n                        <div class=\"row m-0\">\r\n                            <div class=\"text-modules__content\">\r\n                                Dziekan Szko\u0142y Doktorskiej w Uniwersytecie \u015al\u0105skim w Katowicach, dr hab Alina \u015awie\u015bciak-Fast, prof. U\u015a, wyda\u0142a zarz\u0105dzenie w sprawie powo\u0142ania komisji ewaluacyjnych do oceny doktorant\u00f3w w Szkole Doktorskiej i ustalenia przebiegu ewaluacji po pierwszym roku kszta\u0142cenia. Doktoranci zobowi\u0105zani s\u0105 do zapoznania si\u0119 z zarz\u0105dzeniem i realizacji jego postanowie\u0144.<\/p>\n<p><a href=\"https:\/\/us.edu.pl\/szkola-doktorska\/wp-content\/uploads\/sites\/50\/Nieprzypisane\/zarz\u0105dzenie-nr-1-2020-skan.pdf\" class=\"mtli_attachment mtli_pdf\" class=\"mtli_attachment mtli_pdf\">zarz\u0105dzenie nr 1-2020 &#8211; skan<\/a><\/p>\n<p><a href=\"https:\/\/us.edu.pl\/szkola-doktorska\/wp-content\/uploads\/sites\/50\/Nieprzypisane\/zarz\u0105dzenie-nr-1-2020-komisje-ewaluacyjne.pdf\" class=\"mtli_attachment mtli_pdf\" class=\"mtli_attachment mtli_pdf\">zarz\u0105dzenie nr 1-2020 &#8211; komisje ewaluacyjne<\/a><\/p>\n<p>za\u0142\u0105cznik nr\u00a0 &#8211; lista cz\u0142onk\u00f3w komisji &#8211; ukryte ze wzgl\u0119du na bezpiecze\u0144stwo danych<\/p>\n<p><a href=\"https:\/\/us.edu.pl\/szkola-doktorska\/wp-content\/uploads\/sites\/50\/Nieprzypisane\/klauzula-RODO-dla-cz\u0142onk\u00f3w-komisji.pdf\" class=\"mtli_attachment mtli_pdf\" data-mtli=\"mtli_filesize124,67kB\">klauzula RODO dla cz\u0142onk\u00f3w komisji<\/a><\/p>\n<p>link do protoko\u0142u dla przewodnicz\u0105cego komisji: <a href=\"https:\/\/formularze.us.edu.pl\/form\/index\/2142\">https:\/\/formularze.us.edu.pl\/form\/index\/2142<\/a> \r\n                                <div class=\"mt-3\"><\/div>\r\n                            <\/div>\r\n                            \r\n                            \r\n                        <\/div>\r\n                    <\/div>\r\n                <\/div>[\/vc_column][\/vc_row]<\/p>\n<style type=\"text\/css\">a[data-mtli~=\"mtli_filesize124,67kB\"]:after {content:\" (124,67 kB)\"}<\/style>","protected":false},"excerpt":{"rendered":"<p>[vc_row][vc_column][\/vc_column][\/vc_row] [&#8230;]<\/p>\n<p><a class=\"btn btn-secondary understrap-read-more-link\" href=\"https:\/\/us.edu.pl\/szkola-doktorska\/zarzadzenie-dziekana-szkoly-doktorskiej-w-sprawie-powolania-komisji-ewaluacyjnych\/\">Read More&#8230;<\/a><\/p>\n","protected":false},"author":42,"featured_media":0,"parent":0,"menu_order":0,"comment_status":"closed","ping_status":"closed","template":"","meta":{"_expiration-date-status":"saved","_expiration-date":0,"_expiration-date-type":"","_expiration-date-categories":[],"_expiration-date-options":[]},"acf":[],"_links":{"self":[{"href":"https:\/\/us.edu.pl\/szkola-doktorska\/wp-json\/wp\/v2\/pages\/4134"}],"collection":[{"href":"https:\/\/us.edu.pl\/szkola-doktorska\/wp-json\/wp\/v2\/pages"}],"about":[{"href":"https:\/\/us.edu.pl\/szkola-doktorska\/wp-json\/wp\/v2\/types\/page"}],"author":[{"embeddable":true,"href":"https:\/\/us.edu.pl\/szkola-doktorska\/wp-json\/wp\/v2\/users\/42"}],"replies":[{"embeddable":true,"href":"https:\/\/us.edu.pl\/szkola-doktorska\/wp-json\/wp\/v2\/comments?post=4134"}],"version-history":[{"count":5,"href":"https:\/\/us.edu.pl\/szkola-doktorska\/wp-json\/wp\/v2\/pages\/4134\/revisions"}],"predecessor-version":[{"id":4148,"href":"https:\/\/us.edu.pl\/szkola-doktorska\/wp-json\/wp\/v2\/pages\/4134\/revisions\/4148"}],"wp:attachment":[{"href":"https:\/\/us.edu.pl\/szkola-doktorska\/wp-json\/wp\/v2\/media?parent=4134"}],"curies":[{"name":"wp","href":"https:\/\/api.w.org\/{rel}","templated":true}]}}