{"id":4383,"date":"2020-11-12T15:45:26","date_gmt":"2020-11-12T14:45:26","guid":{"rendered":"https:\/\/us.edu.pl\/szkola-doktorska\/?page_id=4383"},"modified":"2024-12-05T09:57:38","modified_gmt":"2024-12-05T08:57:38","slug":"osiagniecia-naukowe-doktorantow-a-ewaluacja-dyscyplin","status":"publish","type":"page","link":"https:\/\/us.edu.pl\/szkola-doktorska\/osiagniecia-naukowe-doktorantow-a-ewaluacja-dyscyplin\/","title":{"rendered":"Osi\u0105gni\u0119cia naukowe doktorant\u00f3w a ewaluacja dyscyplin"},"content":{"rendered":"<p>[vc_row][vc_column]\r\n                <div class=\"text-modules\">\r\n                    <div class=\"container\">\r\n                        <h3 class=\"page-title text__title\">O\u015bwiadczenie doktoranta na potrzeby ewaluacji<\/h3>\r\n                        <div class=\"text-modules__content\"><p>Ka\u017cdy doktorant wskazuje jedn\u0105 dyscyplin\u0119, do kt\u00f3rej mog\u0105 zosta\u0107 przypisane jego lub jej osi\u0105gni\u0119cia naukowe. Doktorant sk\u0142ada o\u015bwiadczenie przy przyj\u0119ciu do Szko\u0142y Doktorskiej, a w przypadku zmiany dyscypliny sk\u0142ada je ponownie. Formularz o\u015bwiadczenia stanowi za\u0142\u0105cznik nr 3a do <a href=\"https:\/\/aktyprawne.us.edu.pl\/d\/4729\/5\/\">zarz\u0105dzenia nr 168\/2020 rektora Uniwersytetu \u015al\u0105skiego<\/a>.<\/p>\n<p><a href=\"https:\/\/us.edu.pl\/szkola-doktorska\/wp-content\/uploads\/sites\/50\/Bez-kategorii\/zalacznik-nr-3a-do-tekstu-jednolitego-1.pdf\" class=\"mtli_attachment mtli_pdf\" data-mtli=\"mtli_filesize191,68kB\" class=\"mtli_attachment mtli_pdf\" data-mtli=\"mtli_filesize191,68kB\">za\u0142\u0105cznik nr 3a do tekstu jednolitego<\/a><\/p>\n<style type=\"text\/css\">a[data-mtli~=\"mtli_filesize191,68kB\"]:after {content:\" (191,68 kB)\"}<\/style><\/div>\r\n                    <\/div>\r\n                <\/div>\r\n                <div class=\"text-modules\">\r\n                    <div class=\"container\">\r\n                        <h3 class=\"page-title text__title\">Osi\u0105gni\u0119cia naukowe przypisane do ewaluacji<\/h3>\r\n                        <div class=\"text-modules__content\"><p>Doktorant, kt\u00f3ry opublikowa\u0142 artyku\u0142 w punktowanym czasopi\u015bmie albo wyda\u0142 monografi\u0119 lub opublikowa\u0142 rozdzia\u0142 w monografii wydanej w jednym z wydawnictw znajduj\u0105cych si\u0119 na li\u015bcie ministerialnej, na bie\u017c\u0105co zg\u0142asza to osi\u0105gni\u0119cie do Biblioteki Uniwersytetu \u015al\u0105skiego.<\/p>\n<p>Link do formularza: <a href=\"https:\/\/ciniba.edu.pl\/system-e-zgloszenie\/\">https:\/\/ciniba.edu.pl\/system-e-zgloszenie\/<\/a><\/p>\n<p>Pod koniec ka\u017cdego roku kalendarzowego doktorant podpisuje w biurze Szko\u0142y Doktorskiej wykaz swoich osi\u0105gni\u0119\u0107 za ca\u0142y rok kalendarzowy. W przypadku wykazu sk\u0142adanego po raz pierwszy \u2013 od dnia rozpocz\u0119cie kszta\u0142cenia w Szkole Doktorskiej, a osoba ko\u0144cz\u0105ca kszta\u0142cenia \u2013 do dnia zako\u0144czenia kszta\u0142cenia. W przypadku braku osi\u0105gni\u0119\u0107 doktorant podpisuje puste o\u015bwiadczenie. Biuro SD przekazuje o\u015bwiadczenia do instytut\u00f3w.<\/p>\n<p>O\u015bwiadczenie generowane jest z Portalu Pracownika, wa\u017cne jest wi\u0119c aby doktorant wcze\u015bniej zweryfikowa\u0142 sw\u00f3j wykaz publikacji w Portalu Pracownika i zg\u0142osi\u0142 braki poprzez powy\u017cszy formularz. <u>Doktorant podpisuje wykaz wygenerowany w Szkole Doktorskiej. Wykazy przygotowane samodzielnie nie b\u0119d\u0105 przyjmowane<\/u>.<\/p>\n<\/div>\r\n                    <\/div>\r\n                <\/div>[\/vc_column][\/vc_row]<\/p>\n<style type=\"text\/css\">a[data-mtli~=\"mtli_filesize191,68kB\"]:after {content:\" (191,68 kB)\"}<\/style>","protected":false},"excerpt":{"rendered":"<p>[vc_row][vc_column][\/vc_column][\/vc_row] [&#8230;]<\/p>\n<p><a class=\"btn btn-secondary understrap-read-more-link\" href=\"https:\/\/us.edu.pl\/szkola-doktorska\/osiagniecia-naukowe-doktorantow-a-ewaluacja-dyscyplin\/\">Read More&#8230;<\/a><\/p>\n","protected":false},"author":42,"featured_media":0,"parent":0,"menu_order":0,"comment_status":"closed","ping_status":"closed","template":"","meta":{"_expiration-date-status":"","_expiration-date":0,"_expiration-date-type":"","_expiration-date-categories":[],"_expiration-date-options":[]},"acf":[],"_links":{"self":[{"href":"https:\/\/us.edu.pl\/szkola-doktorska\/wp-json\/wp\/v2\/pages\/4383"}],"collection":[{"href":"https:\/\/us.edu.pl\/szkola-doktorska\/wp-json\/wp\/v2\/pages"}],"about":[{"href":"https:\/\/us.edu.pl\/szkola-doktorska\/wp-json\/wp\/v2\/types\/page"}],"author":[{"embeddable":true,"href":"https:\/\/us.edu.pl\/szkola-doktorska\/wp-json\/wp\/v2\/users\/42"}],"replies":[{"embeddable":true,"href":"https:\/\/us.edu.pl\/szkola-doktorska\/wp-json\/wp\/v2\/comments?post=4383"}],"version-history":[{"count":10,"href":"https:\/\/us.edu.pl\/szkola-doktorska\/wp-json\/wp\/v2\/pages\/4383\/revisions"}],"predecessor-version":[{"id":12401,"href":"https:\/\/us.edu.pl\/szkola-doktorska\/wp-json\/wp\/v2\/pages\/4383\/revisions\/12401"}],"wp:attachment":[{"href":"https:\/\/us.edu.pl\/szkola-doktorska\/wp-json\/wp\/v2\/media?parent=4383"}],"curies":[{"name":"wp","href":"https:\/\/api.w.org\/{rel}","templated":true}]}}