{"id":465,"date":"2019-11-24T00:22:35","date_gmt":"2019-11-23T23:22:35","guid":{"rendered":"http:\/\/us.edu.pl\/szkola-doktorska\/?page_id=465"},"modified":"2022-01-15T15:17:54","modified_gmt":"2022-01-15T14:17:54","slug":"prom","status":"publish","type":"page","link":"https:\/\/us.edu.pl\/szkola-doktorska\/prom\/","title":{"rendered":"PROM"},"content":{"rendered":"<p>[vc_row][vc_column]\r\n                <div class=\"text-modules\">\r\n                    <div class=\"container\">\r\n                        <h3 class=\"page-title text__title\">PROM \u2013 Mi\u0119dzynarodowa wymiana stypendialna doktorant\u00f3w i kadry akademickiej<\/h3>\r\n                        <div class=\"text-modules__content\"><p>Projekt PROM &#8211; Mi\u0119dzynarodowa wymiana stypendialna doktorant\u00f3w i kadry akademickiej jest realizowany na Uniwersytecie \u015al\u0105skim w roku akademickim 2019\/2020 i 2020\/2021. Celem projektu jest finansowanie kr\u00f3tkoterminowych (od 5 do 30 dni) wyjazd\u00f3w zagranicznych m\u0142odych naukowc\u00f3w (do 40. roku \u017cycia), kt\u00f3rzy mog\u0105 wyjecha\u0107 mi\u0119dzy innymi w celu prowadzenia bada\u0144 naukowych, pozyskiwania materia\u0142\u00f3w do pracy, uczestnictwa w konferencjach naukowcy, a tak\u017ce szkoleniach i innych dzia\u0142aniach rozwojowych.<\/p>\n<p>Ze wzgl\u0119du na post\u0119p pandemii od marca 2020 roku program zosta\u0142 wstrzymany. Realizowane by\u0142y tylko pojedyncze wyjazdy, kt\u00f3re uzyska\u0142y indywidualn\u0105 zgod\u0119 rektora. Od marca 2021 program jest stopniowo uruchamiany.<\/p>\n<p>W ramach projektu przewidziano co najmniej 60 wjazd\u00f3w zagranicznych dla doktorant\u00f3w oraz co najmniej 20 przyjazd\u00f3w doktorant\u00f3w i 20 przyjazd\u00f3w m\u0142odych pracownik\u00f3w naukowych (do 40. roku \u017cycia) z zagranicznych uczelni na Uniwersytet \u015al\u0105ski.<\/p>\n<p>W pierwszym etapie naboru do wyjazd\u00f3w zakwalifikowano 66 doktorant\u00f3w Uniwersytetu \u015al\u0105skiego, kt\u00f3rzy wyjad\u0105 do uczelni, o\u015brodk\u00f3w badawczych i szkoleniowych oraz na badania terenowe do 27 r\u00f3\u017cnych kraj\u00f3w &#8211; &#8211; od Czech, Niemiec i Litwy a\u017c po Norwegi\u0119 (stacja polarna na Spitzbergenie), Kirgistan, Chiny i Stany Zjednoczone.<\/p>\n<p>Drugi etap naboru &#8211; przyjazdy z zagranicy na Uniwersytet \u015al\u0105ski zosta\u0142 wstrzymany z powodu pandemii i ma by\u0107 uruchomiony w marcu 2021.<\/p>\n<p>W ramach mobilno\u015bci pokryte zostan\u0105 nast\u0119puj\u0105ce koszty:<\/p>\n<ol>\n<li>Rycza\u0142towe stawki koszt\u00f3w podr\u00f3\u017cy, ubezpieczenia zdrowotnego, OC, NNW, op\u0142at wizowych i zwi\u0105zanych z legalizacj\u0105 pobytu uzale\u017cnione od odleg\u0142o\u015bci.<\/li>\n<li>Rycza\u0142towe stawki dofinansowania koszt\u00f3w utrzymania uzale\u017cnione od kraju i d\u0142ugo\u015bci pobytu (od 260 z\u0142 do 800 za dzie\u0144).<\/li>\n<li>Koszty op\u0142at konferencyjnych\/szkole\u0144\/kurs\u00f3w.<\/li>\n<\/ol>\n<p>Finansowanie wyp\u0142acane jest w formie stypendium z wyj\u0105tkiem poz. 3.<\/p>\n<p>&nbsp;<\/p>\n<p><strong>Szczeg\u00f3\u0142owa informacja o projekcie PROM mo\u017cna uzyska\u0107 w Biurze Projektu w Szkole Doktorskiej.<\/strong><\/p>\n<p><img class=\"aligncenter size-large wp-image-466\" src=\"http:\/\/us.edu.pl\/szkola-doktorska\/wp-content\/uploads\/sites\/50\/2019\/11\/logotypy-pl-1024x136.jpg\" alt=\"\" width=\"640\" height=\"85\" srcset=\"https:\/\/us.edu.pl\/szkola-doktorska\/wp-content\/uploads\/sites\/50\/2019\/11\/logotypy-pl.jpg 1024w, https:\/\/us.edu.pl\/szkola-doktorska\/wp-content\/uploads\/sites\/50\/2019\/11\/logotypy-pl-300x40.jpg 300w, https:\/\/us.edu.pl\/szkola-doktorska\/wp-content\/uploads\/sites\/50\/2019\/11\/logotypy-pl-768x102.jpg 768w, https:\/\/us.edu.pl\/szkola-doktorska\/wp-content\/uploads\/sites\/50\/2019\/11\/logotypy-pl-575x76.jpg 575w\" sizes=\"(max-width: 640px) 100vw, 640px\" \/><em>Program jest wsp\u00f3\u0142finansowany ze \u015brodk\u00f3w Europejskiego Funduszu Spo\u0142ecznego w ramach Programu Operacyjnego Wiedza Edukacja Rozw\u00f3j, projekt pozakonkursowy pt. \u201eMi\u0119dzynarodowa wymiana stypendialna doktorant\u00f3w i kadry akademickiej\u201d, realizowany w ramach Dzia\u0142ania okre\u015blony we wniosku o dofinansowanie projektu nr POWR.03.03.00-00-PN13\/18.<\/em><\/p>\n<\/div>\r\n                    <\/div>\r\n                <\/div>[\/vc_column][\/vc_row]<\/p>","protected":false},"excerpt":{"rendered":"<p>[vc_row][vc_column][\/vc_column][\/vc_row] [&#8230;]<\/p>\n<p><a class=\"btn btn-secondary understrap-read-more-link\" href=\"https:\/\/us.edu.pl\/szkola-doktorska\/prom\/\">Read More&#8230;<\/a><\/p>\n","protected":false},"author":42,"featured_media":0,"parent":0,"menu_order":0,"comment_status":"closed","ping_status":"closed","template":"page-templates\/page-with-sidebar.php","meta":{"_expiration-date-status":"saved","_expiration-date":0,"_expiration-date-type":"","_expiration-date-categories":[],"_expiration-date-options":[]},"acf":[],"_links":{"self":[{"href":"https:\/\/us.edu.pl\/szkola-doktorska\/wp-json\/wp\/v2\/pages\/465"}],"collection":[{"href":"https:\/\/us.edu.pl\/szkola-doktorska\/wp-json\/wp\/v2\/pages"}],"about":[{"href":"https:\/\/us.edu.pl\/szkola-doktorska\/wp-json\/wp\/v2\/types\/page"}],"author":[{"embeddable":true,"href":"https:\/\/us.edu.pl\/szkola-doktorska\/wp-json\/wp\/v2\/users\/42"}],"replies":[{"embeddable":true,"href":"https:\/\/us.edu.pl\/szkola-doktorska\/wp-json\/wp\/v2\/comments?post=465"}],"version-history":[{"count":11,"href":"https:\/\/us.edu.pl\/szkola-doktorska\/wp-json\/wp\/v2\/pages\/465\/revisions"}],"predecessor-version":[{"id":4657,"href":"https:\/\/us.edu.pl\/szkola-doktorska\/wp-json\/wp\/v2\/pages\/465\/revisions\/4657"}],"wp:attachment":[{"href":"https:\/\/us.edu.pl\/szkola-doktorska\/wp-json\/wp\/v2\/media?parent=465"}],"curies":[{"name":"wp","href":"https:\/\/api.w.org\/{rel}","templated":true}]}}