{"id":5035,"date":"2021-03-22T10:10:11","date_gmt":"2021-03-22T09:10:11","guid":{"rendered":"https:\/\/us.edu.pl\/szkola-doktorska\/?page_id=5035"},"modified":"2025-07-24T10:33:48","modified_gmt":"2025-07-24T08:33:48","slug":"informacja-dla-kierownikow-grantow","status":"publish","type":"page","link":"https:\/\/us.edu.pl\/szkola-doktorska\/promotor\/tryby-wyznaczenia-promotora\/informacja-dla-kierownikow-grantow\/","title":{"rendered":"Informacja dla kierownik\u00f3w grant\u00f3w"},"content":{"rendered":"<p>[vc_row][vc_column]\r\n                <div class=\"text-modules\">\r\n                    <div class=\"container\">\r\n                        <h3 class=\"page-title text__title\">Podstawa przyj\u0119cia doktoranta w ramach grantu<\/h3>\r\n                        <div class=\"text-modules__content\"><p>Konkurs przeprowadzany jest na podstawie<\/p>\n<ol>\n<li>regulacji zwi\u0105zanej ze \u017ar\u00f3d\u0142em finansowania (np. regulaminu konkurs\u00f3w NCN) oraz<\/li>\n<li><a href=\"https:\/\/aktyprawne.us.edu.pl\/423-lista\/d\/6056\/5\/\">Uchwa\u0142a nr 344\/2022 Senatu U\u015a w sprawie zasad i trybu rekrutacji do Szko\u0142y Doktorskiej w Uniwersytecie \u015al\u0105skim w Katowicach na rok akademicki 2023\/2024<\/a>, w szczeg\u00f3lno\u015bci \u00a7 11 i \u00a7 12.<\/li>\n<\/ol>\n<p>\n<\/div>\r\n                    <\/div>\r\n                <\/div>\r\n                <div class=\"text-modules\">\r\n                    <div class=\"container\">\r\n                        <h3 class=\"page-title text__title\">Post\u0119powanie konkursowe<\/h3>\r\n                        <div class=\"text-modules__content\"><p>Konkurs przeprowadza Szko\u0142a Doktorska na wniosek i w porozumieniu z kierownikiem grantu. Kierownik kontaktuje si\u0119 z biurem szko\u0142y (<a href=\"mailto:szkola.doktorska@us.edu.pl\">szkola.doktorska@us.edu.pl<\/a>), ustala szczeg\u00f3\u0142y m.in. zwi\u0105zane ze stypendium i terminem rozpocz\u0119cia kszta\u0142cenia oraz przekazuje:<\/p>\n<ol>\n<li>Og\u0142oszenie konkursowe w j\u0119zyku polskim i angielskim:\n<ul style=\"list-style-type: disc;\">\n<li>w j\u0119zyku polskim: <a href=\"https:\/\/us.edu.pl\/szkola-doktorska\/wp-content\/uploads\/sites\/50\/Bez-kategorii\/2025-ogloszenie-grant-pl.docx\" class=\"mtli_attachment mtli_docx\" class=\"mtli_attachment mtli_docx\">2025 og\u0142oszenie grant pl<\/a><\/li>\n<li>w j\u0119zyku angielskim: <a href=\"https:\/\/us.edu.pl\/szkola-doktorska\/wp-content\/uploads\/sites\/50\/Bez-kategorii\/2025-grant-announcement-eng.docx\" class=\"mtli_attachment mtli_docx\" class=\"mtli_attachment mtli_docx\">2025 grant announcement eng<\/a><\/li>\n<\/ul>\n<\/li>\n<li>Wniosek o powo\u0142anie komisji rekrutacyjnej: <a href=\"https:\/\/us.edu.pl\/szkola-doktorska\/wp-content\/uploads\/sites\/50\/Bez-kategorii\/2025-wniosek-o-powolanie-komisji.docx\" class=\"mtli_attachment mtli_docx\" class=\"mtli_attachment mtli_docx\">2025 wniosek o powo\u0142anie komisji<\/a><\/li>\n<li>Grafik\u0119 poziom\u0105 (np. zdj\u0119cie z bada\u0144, fotografi\u0119 aparatury, zdj\u0119cie &#8222;metaforyczne&#8221; dot. projektu). Grafika nie jest obowi\u0105zkowa ale znacz\u0105co u\u0142atwi i rozszerzy promocj\u0119 rekrutacji.<\/li>\n<\/ol>\n<p>Obecnie ca\u0142e post\u0119powanie rekrutacyjne prowadzone jest online. Kierownik grantu decyduje, czy rozmowa kwalifikacyjna odb\u0119dzie si\u0119 na miejscu czy zdalnie.<\/p>\n<p>Dokumenty od kierownik\u00f3w projekt\u00f3w r\u00f3wnie\u017c przyjmowane s\u0105 online &#8211; nale\u017cy przes\u0142a\u0107 dokumenty w plikach edytowalnych (np. docx, a nie pdf) ze skrzynki pocztowej w domenie us.edu.pl. Dokumenty przes\u0142ane ze skrzynki w domenie traktujemy jak podpisane, nie licz\u0105c tych, kt\u00f3re maj\u0105 prawne konsekwencje (np. protok\u00f3\u0142 z post\u0119powania rekrutacyjnego). Wyj\u0105tek stanowi wniosek o finansowanie cz\u0119\u015bci stypendium z koszt\u00f3w uczelni (przypadek opisany poni\u017cej).<\/p>\n<p>W za\u0142o\u017ceniu rekrutacja prowadzona jest w zasi\u0119gu mi\u0119dzynarodowym, nale\u017cy wi\u0119c przygotowa\u0107 og\u0142oszenie po polsku i po angielsku (lub tylko po angielsku). Je\u017celi uzasadnione jest prowadzenie rekrutacji wy\u0142\u0105cznie po polsku &#8211; nale\u017cy poinformowa\u0107 o tym biuro. Formularze poddawane s\u0105 korekcie j\u0119zykowej przed og\u0142oszeniem (korekta nie uwzgl\u0119dnia s\u0142ownictwa specjalistycznego), chyba \u017ce zostan\u0105 przes\u0142ane &#8222;na ostatni\u0105 chwil\u0119&#8221;.<\/p>\n<\/div>\r\n                    <\/div>\r\n                <\/div>\r\n                <div class=\"text-modules\">\r\n                    <div class=\"container\">\r\n                        <h3 class=\"page-title text__title\">Stypendium naukowe a stypendium doktoranckie<\/h3>\r\n                        <div class=\"text-modules__content\"><p>Cz\u0119\u015b\u0107 konkurs\u00f3w (np. OPUS, SONATA BIS) umo\u017cliwia wnioskowanie o stypendium naukowe. Stypendium to przeznaczone jest dla doktorant\u00f3w, a wi\u0119c dla os\u00f3b, kt\u00f3re ju\u017c s\u0105 w szkole doktorskiej. Aby na tej podstawie przyj\u0105\u0107 nowego doktoranta, nale\u017cy uzna\u0107 to stypendium za stypendium doktoranckie. NCN dopuszcza takie rozwi\u0105zanie. W przypadku \u015brodk\u00f3w z innych \u017ar\u00f3de\u0142 nale\u017cy upewni\u0107 si\u0119, czy taka procedura nie jest zakazana. Oba stypendia s\u0105 nieopodatkowane, ale stypendium doktoranckie obarczone jest kosztami ubezpiecze\u0144 spo\u0142ecznych. Oznacza to, \u017ce stypendium wyp\u0142acane doktorantowi b\u0119dzie pomniejszone o ok. 25 procent (koszty ubezpiecze\u0144 spo\u0142ecznych po stronie doktoranta i uczelni). Szczeg\u00f3\u0142owymi dzia\u0142aniami w tym zakresie zajmuje si\u0119 <a href=\"\/szkola-doktorska\/biuro-szkoly-doktorskiej\/\">biuro Szko\u0142y Doktorskiej<\/a> w porozumieniu z Dzia\u0142em Projekt\u00f3w lub biurem projektowym na odpowiednim wydziale.<\/p>\n<p>Konkursami dotycz\u0105cymi stypendi\u00f3w naukowych zajmuje si\u0119 Dzia\u0142 Projekt\u00f3w lub odpowiednie biuro na wydziale. Konkursy na stypendium doktoranckie prowadzi biuro Szko\u0142y Doktorskiej. Je\u017celi wi\u0119c kierownik grantu, w kt\u00f3rym zaplanowano stypendium naukowe chce przyj\u0105\u0107 nowego doktoranta proszony jest o kontakt z biurem Szko\u0142y Doktorskiej.<\/p>\n<\/div>\r\n                    <\/div>\r\n                <\/div>\r\n                <div class=\"text-modules\">\r\n                    <div class=\"container\">\r\n                        <h3 class=\"page-title text__title\">Stypendium doktoranckie<\/h3>\r\n                        <div class=\"text-modules__content\"><p>Planuj\u0105c stypendium doktoranckie w przygotowywanym projekcie grantowym nale\u017cy zweryfikowa\u0107 czy mo\u017cliwe jest zapewnienie stypendium w odpowiedniej wysoko\u015bci i na odpowiedni czas:<\/p>\n<p><strong>Czas wyp\u0142acania stypendium<\/strong>:<\/p>\n<p>Kszta\u0142cenie w Szkole Doktorskiej trwa <strong>48 miesi\u0119cy<\/strong> i na ten okres powinno by\u0107 zapewnione stypendium. Je\u017celi \u015brodki z grantu nie zapewniaj\u0105 stypendium na taki okres, kierownik grantu wyst\u0119puje do Prorektora ds. nauki i finans\u00f3w, za po\u015brednictwem Szko\u0142y Doktorskiej, o zapewnienie \u015brodk\u00f3w na reszt\u0119 kszta\u0142cenia.<\/p>\n<p>Uwaga &#8211; je\u017celi doktorant z\u0142o\u017cy rozpraw\u0119 doktorsk\u0105 przed ustalonym terminem 48 miesi\u0119cy, stypendium wyp\u0142acane mu jest do ustalonego terminu, ale nie d\u0142u\u017cej ni\u017c przez 6 miesi\u0119cy od z\u0142o\u017cenia rozprawy.<\/p>\n<p><strong>Wysoko\u015b\u0107 stypendium<\/strong>:<\/p>\n<p>\u015arodki z grantu maj\u0105 zapewnia\u0107 zar\u00f3wno kwot\u0119 brutto stypendium doktoranckiego, jak i \u015brodki na pokrycie koszt\u00f3w ubezpieczenia spo\u0142ecznego po stronie uczelni (tzw. koszty pracodawcy). Kierownik grantu podaje w biurze SD informacj\u0119 o ca\u0142o\u015bci \u015brodk\u00f3w i o tym, czy s\u0105 w grancie zaplanowane oddzielne \u015brodki na koszty pracodawcy, czy nale\u017cy je odliczy\u0107 od wysoko\u015bci stypendium. Koszty oblicza biuro SD. W og\u0142oszeniu podana b\u0119dzie zawsze kwota brutto stypendium (bez koszt\u00f3w pracodawcy).<\/p>\n<p>Minimalna wysoko\u015b\u0107 stypendium:<\/p>\n<ul>\n<li>przez pierwsze dwa lata nie mniej ni\u017c 37 proc. minimalnego wynagrodzenia profesora + koszty ubezpiecze\u0144 po stronie uczelni, czyli obecnie ok. 4200 z\u0142.<\/li>\n<li>przez kolejne dwa lata po ocenie \u015br\u00f3dokresowej nie mniej ni\u017c 57 proc. minimalnego wynagrodzenia profesora + koszty ubezpiecze\u0144, czyli obecnie ok. 6400 z\u0142.<\/li>\n<\/ul>\n<p>Stypendium w grancie mo\u017ce by\u0107 wy\u017csze. Z perspektywy przepis\u00f3w obowi\u0105zuj\u0105cych w Szkole Doktorskiej nie ma g\u00f3rnej granicy. Takie granice stawia za to np. NCN.<\/p>\n<p><strong>Umowa stypendialna<\/strong><\/p>\n<p>Doktorant b\u0119dzie otrzymywa\u0142 stypendium wyp\u0142acane przez uczelni\u0119 (procedur\u0119 prowadzi <a href=\"\/szkola-doktorska\/biuro-szkoly-doktorskiej\/\">biuro Szko\u0142y Doktorskiej<\/a>) <strong>dopiero od momentu podpisania umowy stypendialnej<\/strong>, kt\u00f3r\u0105 oczywi\u015bcie poprzedzi\u0107 musi og\u00f3lna umowa o finansowanie (mi\u0119dzy fundatorem grantu a uczelni\u0105) i rekrutacja do grantu. Z tego powodu warto zaplanowa\u0107 rekrutacj\u0119 z wyprzedzeniem, aby doktorant m\u00f3g\u0142 dosta\u0107 stypendium ju\u017c od pierwszego miesi\u0105ca. Stypendium wyp\u0142acane jest &#8222;z do\u0142u&#8221;, tzn. w ostatnim roboczym dniu miesi\u0105ca.<\/p>\n<p>Wz\u00f3r umowy zatwierdzony przez kwestur\u0119 (umow\u0119 przygotowuje biuro, mo\u017ce si\u0119 r\u00f3\u017cni\u0107 szczeg\u00f3\u0142ami w zale\u017cno\u015bci od konkursu): <a href=\"https:\/\/us.edu.pl\/szkola-doktorska\/wp-content\/uploads\/sites\/50\/Nieprzypisane\/wz\u00f3r-umowy-grantowej.docx\" class=\"mtli_attachment mtli_docx\" data-mtli=\"mtli_filesize40,24kB\" class=\"mtli_attachment mtli_docx\" data-mtli=\"mtli_filesize40,24kB\">wz\u00f3r umowy grantowej<\/a><\/p>\n<style type=\"text\/css\">a[data-mtli~=\"mtli_filesize40,24kB\"]:after {content:\" (40,24 kB)\"}<\/style><\/div>\r\n                    <\/div>\r\n                <\/div>\r\n                <div class=\"text-modules\">\r\n                    <div class=\"container\">\r\n                        <h3 class=\"page-title text__title\">Kszta\u0142cenie doktorant\u00f3w, kt\u00f3rzy realizuj\u0105 sw\u00f3j projekt w ramach grantu<\/h3>\r\n                        <div class=\"text-modules__content\"><p>Doktoranci zrekrutowani drog\u0105 grantow\u0105 staj\u0105 si\u0119 pe\u0142noprawnymi doktorantami w Szkole Doktorskiej ze wszystkimi prawami i obowi\u0105zkami. Realizuj\u0105 ten sam <a href=\"\/szkola-doktorska\/program-ksztalcenia\/\">program kszta\u0142cenia<\/a> co pozostali doktoranci.<\/p>\n<p>W programie wi\u0119kszo\u015b\u0107 zaj\u0119\u0107 zaplanowana jest na dwa pierwsze lata kszta\u0142cenia, przy czym doktoranci mog\u0105 ubiega\u0107 si\u0119 o indywidualny tryb kszta\u0142cenia, a tak\u017ce o przeniesienie niekt\u00f3rych obowi\u0105zk\u00f3w na kolejne lata. Zasady planowania kszta\u0142cenia s\u0105 na tyle zindywidualizowane i elastyczne, \u017ce umo\u017cliwiaj\u0105 r\u00f3wnoleg\u0142e prowadzenie nawet bardzo intensywnych prac badawczych. Doktoranci mog\u0105 tak zaplanowa\u0107 swoje zaj\u0119cia, \u017ce wi\u0119kszo\u015b\u0107 lub wszystkie realizowane s\u0105 w ci\u0105gu jednego lub dw\u00f3ch dni. Te zaj\u0119cia, kt\u00f3re maj\u0105 po kilka grup, s\u0105 planowane tak, \u017ceby mo\u017cna by\u0142o wybra\u0107 grup\u0119 &#8222;dzienn\u0105&#8221; lub popo\u0142udniow\u0105.<\/p>\n<p>Wszyscy doktoranci w Szkole Doktorskiej maj\u0105 obowi\u0105zek z\u0142o\u017cenia projektu grantowego do ko\u0144ca drugiego roku kszta\u0142cenia. Doktoranci, kt\u00f3rzy realizuj\u0105 sw\u00f3j projekt w ramach grantu mog\u0105 zosta\u0107 zwolnieni z tego obowi\u0105zku, o ile nowy projekt grantowy m\u00f3g\u0142by by\u0107 przeszkod\u0105 w realizacji g\u0142\u00f3wnego projektu. Doktoranci pracuj\u0105cy w ramach PRELUDIUM BIS NCN zgodnie z za\u0142o\u017ceniem tego programu sk\u0142adaj\u0105 wniosek na wyjazd sta\u017cowy do NAWA i jest to na te potrzeby wystarczaj\u0105cy projekt grantowy. Przepisy NCN nie wykluczaj\u0105 jednak r\u00f3wnie\u017c sk\u0142adania wniosk\u00f3w o PRELUDIUM przez doktorant\u00f3w realizuj\u0105cych sw\u00f3j doktorant w ramach grantu z PRELUDIUM BIS, OPUS itd., oczywi\u015bcie pod warunkiem, \u017ce nie b\u0119d\u0105 dotyczy\u0142y tych samych bada\u0144.<\/p>\n<\/div>\r\n                    <\/div>\r\n                <\/div>[\/vc_column][\/vc_row]<\/p>\n<style type=\"text\/css\">a[data-mtli~=\"mtli_filesize40,24kB\"]:after {content:\" (40,24 kB)\"}<\/style>","protected":false},"excerpt":{"rendered":"<p>[vc_row][vc_column][\/vc_column][\/vc_row] [&#8230;]<\/p>\n<p><a class=\"btn btn-secondary understrap-read-more-link\" href=\"https:\/\/us.edu.pl\/szkola-doktorska\/promotor\/tryby-wyznaczenia-promotora\/informacja-dla-kierownikow-grantow\/\">Read More&#8230;<\/a><\/p>\n","protected":false},"author":42,"featured_media":0,"parent":503,"menu_order":0,"comment_status":"closed","ping_status":"closed","template":"","meta":{"_expiration-date-status":"","_expiration-date":0,"_expiration-date-type":"","_expiration-date-categories":[],"_expiration-date-options":[]},"acf":[],"_links":{"self":[{"href":"https:\/\/us.edu.pl\/szkola-doktorska\/wp-json\/wp\/v2\/pages\/5035"}],"collection":[{"href":"https:\/\/us.edu.pl\/szkola-doktorska\/wp-json\/wp\/v2\/pages"}],"about":[{"href":"https:\/\/us.edu.pl\/szkola-doktorska\/wp-json\/wp\/v2\/types\/page"}],"author":[{"embeddable":true,"href":"https:\/\/us.edu.pl\/szkola-doktorska\/wp-json\/wp\/v2\/users\/42"}],"replies":[{"embeddable":true,"href":"https:\/\/us.edu.pl\/szkola-doktorska\/wp-json\/wp\/v2\/comments?post=5035"}],"version-history":[{"count":10,"href":"https:\/\/us.edu.pl\/szkola-doktorska\/wp-json\/wp\/v2\/pages\/5035\/revisions"}],"predecessor-version":[{"id":23464,"href":"https:\/\/us.edu.pl\/szkola-doktorska\/wp-json\/wp\/v2\/pages\/5035\/revisions\/23464"}],"up":[{"embeddable":true,"href":"https:\/\/us.edu.pl\/szkola-doktorska\/wp-json\/wp\/v2\/pages\/503"}],"wp:attachment":[{"href":"https:\/\/us.edu.pl\/szkola-doktorska\/wp-json\/wp\/v2\/media?parent=5035"}],"curies":[{"name":"wp","href":"https:\/\/api.w.org\/{rel}","templated":true}]}}