{"id":511,"date":"2019-12-08T20:23:25","date_gmt":"2019-12-08T19:23:25","guid":{"rendered":"http:\/\/us.edu.pl\/szkola-doktorska\/?page_id=511"},"modified":"2020-05-25T11:47:01","modified_gmt":"2020-05-25T09:47:01","slug":"cykl-ksztalcenia-doktoranta-w-szkole-doktorskiej","status":"publish","type":"page","link":"https:\/\/us.edu.pl\/szkola-doktorska\/cykl-ksztalcenia-doktoranta-w-szkole-doktorskiej\/","title":{"rendered":"Cykl kszta\u0142cenia doktoranta w Szkole Doktorskiej"},"content":{"rendered":"<p>[vc_row][vc_column]\r\n                <div class=\"tiles-section\" style=\"background: #002E5A\">\r\n                    <div class=\"container\">\r\n                        <div class=\"tiles tiles-3\">\r\n\r\n                            <a href=\"\" class=\"tile tile_info\" style=\"background-color: #EBEBEB; border: 0 \">\r\n                                 <div class=\"tile_info__title\">Rekrutacja<\/div>\r\n                                <div class=\"tile_info__subtitle\">Przygotowanie lub do\u0142\u0105czenie do projektu <br>- wyb\u00f3r tematu<br>- ustalenie kandydata na promotora<br>- wyb\u00f3r dyscypliny naukowej<\/div>\r\n                            <\/a>\r\n\r\n                            <a href=\"\" class=\"tile tile_info\" style=\"background-color: #EBEBEB; border: 0 \">\r\n                                 <div class=\"tile_info__title\">Rozpocz\u0119cie kszta\u0142cenia<\/div>\r\n                                <div class=\"tile_info__subtitle\"><br>- wniosek o powo\u0142anie promotora (promotor\u00f3w, promotora pomocniczego w uzasadnionych przypadkach) <br>- prezentacja tematu i kandydata na promotora na radzie naukowej instytutu (z udzia\u0142em doktoranta lub bez)<\/div>\r\n                            <\/a>\r\n\r\n                            <a href=\"\" class=\"tile tile_info\" style=\"background-color: #EBEBEB; border: 0 \">\r\n                                 <div class=\"tile_info__title\">Do ko\u0144ca I roku kszta\u0142cenia<\/div>\r\n                                <div class=\"tile_info__subtitle\"><br>- przygotowanie i zatwierdzenie indywidualnego planu badawczego <br>- wst\u0119pne przygotowanie lub z\u0142o\u017cenie wniosku grantowego <br>- znajomo\u015b\u0107 j\u0119zyka angielskiego co najmniej na poziomie B2<\/div>\r\n                            <\/a>\r\n\r\n                            <a href=\"\" class=\"tile tile_info\" style=\"background-color: #EBEBEB; border: 0 \">\r\n                                 <div class=\"tile_info__title\">Ocena \u015br\u00f3dokresowa po II roku kszta\u0142cenia<\/div>\r\n                                <div class=\"tile_info__subtitle\"><br>-  z\u0142o\u017cenie wniosku grantowego <br>- prezentacja projektu przed rad\u0105 naukow\u0105 instytutu <br>- ocena komisji ewaluacyjnej <br>- zwi\u0119kszenie stypendium doktoranckiego dla os\u00f3b, kt\u00f3re uzyska\u0142y pozytywn\u0105 opini\u0119 komisji ewaluacyjnej<\/div>\r\n                            <\/a>\r\n\r\n                            <a href=\"\" class=\"tile tile_info\" style=\"background-color: #EBEBEB; border: 0 \">\r\n                                 <div class=\"tile_info__title\">Do ko\u0144ca III roku kszta\u0142cenia<\/div>\r\n                                <div class=\"tile_info__subtitle\">Sta\u017c zagraniczny lub prezentacja wynik\u00f3w bada\u0144 na mi\u0119dzynarodowej, zagranicznej konferencji naukowej<\/div>\r\n                            <\/a>\r\n\r\n                            <a href=\"\" class=\"tile tile_info\" style=\"background-color: #EBEBEB; border: 0 \">\r\n                                 <div class=\"tile_info__title\">Do ko\u0144ca IV roku kszta\u0142cenia<\/div>\r\n                                <div class=\"tile_info__subtitle\">Z\u0142o\u017cenie rozprawy doktorskiej<\/div>\r\n                            <\/a><\/div>\r\n                    <\/div>\r\n                <\/div>[\/vc_column][\/vc_row]<\/p>","protected":false},"excerpt":{"rendered":"<p>[vc_row][vc_column][\/vc_column][\/vc_row] [&#8230;]<\/p>\n<p><a class=\"btn btn-secondary understrap-read-more-link\" href=\"https:\/\/us.edu.pl\/szkola-doktorska\/cykl-ksztalcenia-doktoranta-w-szkole-doktorskiej\/\">Read More&#8230;<\/a><\/p>\n","protected":false},"author":42,"featured_media":0,"parent":0,"menu_order":0,"comment_status":"closed","ping_status":"closed","template":"","meta":{"_expiration-date-status":"saved","_expiration-date":0,"_expiration-date-type":"","_expiration-date-categories":[],"_expiration-date-options":[]},"acf":[],"_links":{"self":[{"href":"https:\/\/us.edu.pl\/szkola-doktorska\/wp-json\/wp\/v2\/pages\/511"}],"collection":[{"href":"https:\/\/us.edu.pl\/szkola-doktorska\/wp-json\/wp\/v2\/pages"}],"about":[{"href":"https:\/\/us.edu.pl\/szkola-doktorska\/wp-json\/wp\/v2\/types\/page"}],"author":[{"embeddable":true,"href":"https:\/\/us.edu.pl\/szkola-doktorska\/wp-json\/wp\/v2\/users\/42"}],"replies":[{"embeddable":true,"href":"https:\/\/us.edu.pl\/szkola-doktorska\/wp-json\/wp\/v2\/comments?post=511"}],"version-history":[{"count":10,"href":"https:\/\/us.edu.pl\/szkola-doktorska\/wp-json\/wp\/v2\/pages\/511\/revisions"}],"predecessor-version":[{"id":1430,"href":"https:\/\/us.edu.pl\/szkola-doktorska\/wp-json\/wp\/v2\/pages\/511\/revisions\/1430"}],"wp:attachment":[{"href":"https:\/\/us.edu.pl\/szkola-doktorska\/wp-json\/wp\/v2\/media?parent=511"}],"curies":[{"name":"wp","href":"https:\/\/api.w.org\/{rel}","templated":true}]}}