{"id":5680,"date":"2021-06-10T14:58:21","date_gmt":"2021-06-10T12:58:21","guid":{"rendered":"https:\/\/us.edu.pl\/szkola-doktorska\/?page_id=5680"},"modified":"2026-04-07T09:56:24","modified_gmt":"2026-04-07T07:56:24","slug":"ocena-srodokresowa","status":"publish","type":"page","link":"https:\/\/us.edu.pl\/szkola-doktorska\/ocena-srodokresowa\/","title":{"rendered":"Ewaluacja i ocena \u015br\u00f3dokresowa"},"content":{"rendered":"<p>[vc_row][vc_column]\r\n                <div class=\"text-modules\">\r\n                    <div class=\"container\">\r\n                        <h3 class=\"page-title text__title\">Komisja ewaluacyjna w Szkole Doktorskiej<\/h3>\r\n                        <div class=\"text-modules__content\"><p>Komisja ewaluacyjna to komisja powo\u0142ywana w celu realizacji ustawowego obowi\u0105zku przeprowadzenia oceny \u015br\u00f3dokresowej. W sk\u0142ad komisji wchodz\u0105 trzy osoby, w tym co najmniej jedna osoba posiadaj\u0105ca stopie\u0144 doktora habilitowanego lub tytu\u0142 profesora w dyscyplinie, w kt\u00f3rej przygotowywana jest rozprawa doktorska, zatrudniona poza podmiotem prowadz\u0105cym szko\u0142\u0119 doktorsk\u0105.<br \/>\nPromotor i promotor pomocniczy nie mog\u0105 by\u0107 cz\u0142onkami komisji.<\/p>\n<p>W Szkole Doktorskiej w Uniwersytecie \u015al\u0105skim w Katowicach wszyscy cz\u0142onkowie komisji posiadaj\u0105 co najmniej stopie\u0144 doktora habilitowanego (dopuszcza si\u0119, \u017ceby jedna osoba mia\u0142a stopie\u0144 doktora) lub s\u0105 pracownikami zagranicznej uczelni i posiadaj\u0105 du\u017cy dorobek naukowy, a komisja powo\u0142ywana jest wcze\u015bniej ni\u017c wymaga tego ustawa &#8211; ju\u017c na pierwszym roku kszta\u0142cenia doktoranta.<\/p>\n<p>Okre\u015blana jest jako komisja ewaluacyjna, poniewa\u017c dokonuje ewaluacji pracy doktoranta po ka\u017cdym roku kszta\u0142cenia. Dzi\u0119ki temu komisja nie tylko wype\u0142nia ustawowy obowi\u0105zek przeprowadzenia oceny \u015br\u00f3dokresowej, ale tak\u017ce wspiera rozw\u00f3j doktoranta, opiniuj\u0105c jego indywidualny plan badawczy na etapie jego zatwierdzania i \u015bledz\u0105c rozw\u00f3j doktoranta przez kolejne lata jego kszta\u0142cenia.<\/p>\n<p>Po zako\u0144czeniu pierwszego roku komisja opiniuje z\u0142o\u017cony przez doktoranta indywidualny plan badawczy, a tak\u017ce ocenia pierwsze roczne sprawozdanie. Komisja mo\u017ce wtedy wyda\u0107 ocen\u0119 pozytywn\u0105, negatywn\u0105 lub warunkow\u0105.<\/p>\n<p>Po zako\u0144czeniu drugiego roku odbywa si\u0119 ocena \u015br\u00f3dokresowa.<\/p>\n<p>Po zako\u0144czeniu trzeciego roku komisja ocenia dalsz\u0105 realizacj\u0119 IPB, czyli\u00a0 post\u0119py i stopie\u0144 przygotowania rozprawy doktorskiej. Ta ocena jest fakultatywna i odbywa si\u0119 tylko na wniosek (dziekana SD, przewodnicz\u0105cego komisji, promotora lub doktoranta).<\/p>\n<p>&nbsp;<\/p>\n<p><em>Podstawa prawna:<\/em><\/p>\n<p><em> <a href=\"http:\/\/isap.sejm.gov.pl\/isap.nsf\/DocDetails.xsp?id=WDU20180001668\">Ustawa z dnia 20 lipca 2018 r. &#8211; Prawo o szkolnictwie wy\u017cszym i nauce (Dz. U. 2018, poz. 1668)<\/a> art. 202, art. 209 ust. 10.<\/em><\/p>\n<p><i>Regulamin Szko\u0142y Doktorskiej obowi\u0105zuj\u0105cy <strong>od 1 pa\u017adziernika 2024 roku \u2013 uchwa\u0142a nr 502\/2024 z dnia 19-03-2024 Senatu U\u015a<\/strong>\u00a0\u2013\u00a0<a href=\"https:\/\/aktyprawne.us.edu.pl\/423-lista\/d\/7221\/5\/\">link do uchwa\u0142y<\/a><\/i><\/p>\n<p><i>Regulamin Szko\u0142y Doktorskiej obowi\u0105zuj\u0105cy <strong>od 1 pa\u017adziernika 2026 roku \u2013 uchwa\u0142a nr 204\/2026 z dnia 24-03-2026 Senatu U\u015a<\/strong>\u00a0\u2013\u00a0<a href=\"https:\/\/aktyprawne.us.edu.pl\/d\/9050\/5\/\">link do uchwa\u0142y<\/a><\/i><\/p>\n<\/div>\r\n                    <\/div>\r\n                <\/div>\r\n                <div class=\"title-with-link color-blue\" style=\"background: \">\r\n                    <div class=\"container\">\r\n                        <div class=\"title-with-link-container links-align-left\">\r\n                            <div class=\"title-with-link__title\"><span>Procedura wyznaczania komisji ewaluacyjnej (obowi\u0105zuj\u0105ca dla roku akademickiego 2025\/2026)<\/span><\/div>\r\n                            <a href=\"\/szkola-doktorska\/ocena-srodokresowa\/procedura-powolania-komisji-ewaluacyjnych-dla-doktorantow-i-roku-w-roku-akademickim-2025-2026\/\" class=\"title-with-link__link\">link do strony<\/a>\r\n                        <\/div>\r\n                    <\/div>\r\n                <\/div>\r\n            \r\n\r\n            <div class=\"blocks\" style=\"text-align: \">\r\n               <div class=\"container\">\r\n                  <div class=\"page-title\">Etapy ewaluacji doktoranta<\/div>\r\n                  <div class=\"row m-0 blocks_3\">\r\n                  \r\n                     <a href=\"https:\/\/us.edu.pl\/szkola-doktorska\/ocena-srodokresowa\/zadania-komisji-po-pierwszym-roku-ksztalcenia-doktoranta\/\" class=\"thumbnail blocks__item\" style=\"background-image: url(https:\/\/us.edu.pl\/szkola-doktorska\/wp-content\/uploads\/sites\/50\/Nieprzypisane\/us_szkola_doktorska_2020_radoslaw_kazmierczak_2676-1024x684.jpg)\">\r\n                        <span>wi\u0119cej<\/span>\r\n                        <div class=\"blocks__bottom\">\r\n                        <div class=\"blocks__title\">Ewaluacja po pierwszym roku kszta\u0142cenia doktoranta<\/div>\r\n                        \r\n                        <\/div>\r\n                     <\/a>\r\n                  \r\n                     <a href=\"\/szkola-doktorska\/ocena-srodokresowa\/ocenia-srodokresowa-po-drugim-roku-ksztalcenia-doktoranta\/\" class=\"thumbnail blocks__item\" style=\"background-image: url(https:\/\/us.edu.pl\/szkola-doktorska\/wp-content\/uploads\/sites\/50\/Unorganized\/us_szkola_doktorska_2020_radoslaw_kazmierczak_1427-1024x684.jpg)\">\r\n                        <span>wi\u0119cej<\/span>\r\n                        <div class=\"blocks__bottom\">\r\n                        <div class=\"blocks__title\">Ocenia \u015br\u00f3dokresowa po drugim roku kszta\u0142cenia doktoranta<\/div>\r\n                        \r\n                        <\/div>\r\n                     <\/a>\r\n                  \r\n                     <a href=\"https:\/\/us.edu.pl\/szkola-doktorska\/ocena-srodokresowa\/ewaluacja-po-trzecim-roku-ksztalcenia-rocznik-2020-2021\/\" class=\"thumbnail blocks__item\" style=\"background-image: url(https:\/\/us.edu.pl\/szkola-doktorska\/wp-content\/uploads\/sites\/50\/Unorganized\/book-gffb4ad738_1280-1024x683.jpg)\">\r\n                        <span>wi\u0119cej<\/span>\r\n                        <div class=\"blocks__bottom\">\r\n                        <div class=\"blocks__title\">Ewaluacja po trzecim roku kszta\u0142cenia doktoranta<\/div>\r\n                        \r\n                        <\/div>\r\n                     <\/a><\/div>     \r\n               <\/div>\r\n            <\/div>[\/vc_column][\/vc_row]<\/p>","protected":false},"excerpt":{"rendered":"<p>[vc_row][vc_column][\/vc_column][\/vc_row] [&#8230;]<\/p>\n<p><a class=\"btn btn-secondary understrap-read-more-link\" href=\"https:\/\/us.edu.pl\/szkola-doktorska\/ocena-srodokresowa\/\">Read More&#8230;<\/a><\/p>\n","protected":false},"author":42,"featured_media":0,"parent":0,"menu_order":0,"comment_status":"closed","ping_status":"closed","template":"","meta":{"_expiration-date-status":"","_expiration-date":0,"_expiration-date-type":"","_expiration-date-categories":[],"_expiration-date-options":[]},"acf":[],"_links":{"self":[{"href":"https:\/\/us.edu.pl\/szkola-doktorska\/wp-json\/wp\/v2\/pages\/5680"}],"collection":[{"href":"https:\/\/us.edu.pl\/szkola-doktorska\/wp-json\/wp\/v2\/pages"}],"about":[{"href":"https:\/\/us.edu.pl\/szkola-doktorska\/wp-json\/wp\/v2\/types\/page"}],"author":[{"embeddable":true,"href":"https:\/\/us.edu.pl\/szkola-doktorska\/wp-json\/wp\/v2\/users\/42"}],"replies":[{"embeddable":true,"href":"https:\/\/us.edu.pl\/szkola-doktorska\/wp-json\/wp\/v2\/comments?post=5680"}],"version-history":[{"count":12,"href":"https:\/\/us.edu.pl\/szkola-doktorska\/wp-json\/wp\/v2\/pages\/5680\/revisions"}],"predecessor-version":[{"id":25334,"href":"https:\/\/us.edu.pl\/szkola-doktorska\/wp-json\/wp\/v2\/pages\/5680\/revisions\/25334"}],"wp:attachment":[{"href":"https:\/\/us.edu.pl\/szkola-doktorska\/wp-json\/wp\/v2\/media?parent=5680"}],"curies":[{"name":"wp","href":"https:\/\/api.w.org\/{rel}","templated":true}]}}