{"id":60,"date":"2019-10-04T14:12:48","date_gmt":"2019-10-04T12:12:48","guid":{"rendered":"https:\/\/us.edu.pl\/sd\/?page_id=60"},"modified":"2024-10-16T22:40:52","modified_gmt":"2024-10-16T20:40:52","slug":"dzialania-miedzynarodowe","status":"publish","type":"page","link":"https:\/\/us.edu.pl\/szkola-doktorska\/dzialania-miedzynarodowe\/","title":{"rendered":"Dzia\u0142ania mi\u0119dzynarodowe"},"content":{"rendered":"<p>[vc_row][vc_column]\r\n                <div class=\"text-modules\">\r\n                    <div class=\"container\">\r\n                        \r\n                        <div class=\"text-modules__content\"><p>Ka\u017cdy doktorant w Szkole Doktorskiej ma mo\u017cliwo\u015b\u0107 rozszerzenia swojego kszta\u0142cenia i prowadzenia swoich bada\u0144 w mi\u0119dzynarodowym \u015brodowisku akademickim i naukowych. W zale\u017cno\u015bci od potrzeb, mo\u017ce to by\u0107 udzia\u0142 w zaj\u0119ciach akademickich, inne formy kszta\u0142cenia i wymiany wiedzy, sta\u017c, czy przeprowadzenie cz\u0119\u015bci lub ca\u0142o\u015bci swoich bada\u0144 we wsp\u00f3\u0142pracy z instytucjami zagranicznymi. Istotnym aspektem jest tak\u017ce prezentacja swoich osi\u0105gni\u0119\u0107 na mi\u0119dzynarodowych i zagranicznych konferencjach naukowych. W przypadku, kiedy ca\u0142o\u015b\u0107 projektu doktorskiego powstaje we wsp\u00f3\u0142pracy z innym o\u015brodkiem akademickim, sam doktorat mo\u017ce mie\u0107 charakter mi\u0119dzynarodowy, to znaczy mo\u017ce by\u0107 to stopie\u0144 nadany r\u00f3wnocze\u015bnie przez Uniwersytet \u015al\u0105ski i drugi o\u015brodek. Obecnie Szko\u0142a Doktorska jest na etapie nawi\u0105zywania kontakt\u00f3w z partnerami zagranicznymi.<\/p>\n<\/div>\r\n                    <\/div>\r\n                <\/div>\r\n                <div class=\"tiles-section\" style=\"background: \">\r\n                    <div class=\"container\">\r\n                        <h3 class=\"page-title\">Programy i projekty<\/h3>\r\n                        <div class=\"tiles tiles-3\">\r\n                            <a href=\"https:\/\/us.edu.pl\/szkola-doktorska\/ster\" class=\"tile tile_ justify-content-center\" style=\"background-color: #ffffff; font-weight: ; color: #002E5A;  \">\r\n                                \r\n                                   \r\n                               \r\n                                <div class=\"tile__name\">International from the beginning - wsparcie umi\u0119dzynarodowienia (NAWA - STER)<\/div>\r\n                            <\/a>\r\n                            <a href=\"https:\/\/us.edu.pl\/t4e\/\" class=\"tile tile_ justify-content-center\" style=\"background-color: #ffffff; font-weight: ; color: #002E5A;  \">\r\n                                \r\n                                   \r\n                               \r\n                                <div class=\"tile__name\">konsorcjum Transform4Europe<\/div>\r\n                            <\/a>\r\n                            <a href=\"https:\/\/us.edu.pl\/szkola-doktorska\/en\/nasi-doktoranci-2\/\" class=\"tile tile_ justify-content-center\" style=\"background-color: #ffffff; font-weight: ; color: #002E5A;  \">\r\n                                \r\n                                   \r\n                               \r\n                                <div class=\"tile__name\">Doktorant wsp\u00f3lny z Uniwersytetem Sapienza w Rzymie (amerykanistyka)<\/div>\r\n                            <\/a><\/div>\r\n                    <\/div>\r\n                <\/div>[\/vc_column][\/vc_row]<\/p>","protected":false},"excerpt":{"rendered":"<p>[vc_row][vc_column][\/vc_column][\/vc_row] [&#8230;]<\/p>\n<p><a class=\"btn btn-secondary understrap-read-more-link\" href=\"https:\/\/us.edu.pl\/szkola-doktorska\/dzialania-miedzynarodowe\/\">Read More&#8230;<\/a><\/p>\n","protected":false},"author":29,"featured_media":0,"parent":0,"menu_order":0,"comment_status":"closed","ping_status":"closed","template":"","meta":{"_expiration-date-status":"","_expiration-date":0,"_expiration-date-type":"","_expiration-date-categories":[],"_expiration-date-options":[]},"acf":[],"_links":{"self":[{"href":"https:\/\/us.edu.pl\/szkola-doktorska\/wp-json\/wp\/v2\/pages\/60"}],"collection":[{"href":"https:\/\/us.edu.pl\/szkola-doktorska\/wp-json\/wp\/v2\/pages"}],"about":[{"href":"https:\/\/us.edu.pl\/szkola-doktorska\/wp-json\/wp\/v2\/types\/page"}],"author":[{"embeddable":true,"href":"https:\/\/us.edu.pl\/szkola-doktorska\/wp-json\/wp\/v2\/users\/29"}],"replies":[{"embeddable":true,"href":"https:\/\/us.edu.pl\/szkola-doktorska\/wp-json\/wp\/v2\/comments?post=60"}],"version-history":[{"count":10,"href":"https:\/\/us.edu.pl\/szkola-doktorska\/wp-json\/wp\/v2\/pages\/60\/revisions"}],"predecessor-version":[{"id":11790,"href":"https:\/\/us.edu.pl\/szkola-doktorska\/wp-json\/wp\/v2\/pages\/60\/revisions\/11790"}],"wp:attachment":[{"href":"https:\/\/us.edu.pl\/szkola-doktorska\/wp-json\/wp\/v2\/media?parent=60"}],"curies":[{"name":"wp","href":"https:\/\/api.w.org\/{rel}","templated":true}]}}