{"id":6050,"date":"2021-10-01T15:40:37","date_gmt":"2021-10-01T13:40:37","guid":{"rendered":"https:\/\/us.edu.pl\/szkola-doktorska\/?page_id=6050"},"modified":"2021-10-06T09:47:37","modified_gmt":"2021-10-06T07:47:37","slug":"plan-zajec-semestr-zimowy-i-rok-2021","status":"publish","type":"page","link":"https:\/\/us.edu.pl\/szkola-doktorska\/harmonogram-zajec-semestr-zimowy-2021-2022\/plan-zajec-semestr-zimowy-i-rok-2021\/","title":{"rendered":"Plan zaj\u0119\u0107 &#8211; semestr zimowy &#8211; I rok SD"},"content":{"rendered":"<p>[vc_row][vc_column]\r\n                <div class=\"text-modules \">\r\n                    <div class=\"container\">\r\n                        <h3 class=\"section-title section-title_border-bottom\">Seminarium doktorskie i tutoring<\/h3> \r\n                        <div class=\"row m-0\">\r\n                            <div class=\"text-modules__content\">\r\n                                Zaj\u0119cia indywidualne (seminarium, tutoring) realizowane s\u0105 zgodnie ze zg\u0142oszeniami. O formie zaj\u0119\u0107 i kryteriach zaliczenia decyduj\u0105 wsp\u00f3lnie prowadz\u0105cy i doktorant. Je\u017celi co\u015b wymaga poprawy w USOS &#8211; <a href=\"agnieszka.filipowska@us.edu.pl\">zg\u0142o\u015b to<\/a>.<\/p>\n<p>Wi\u0119cej na temat tutoringu: <a href=\"\/szkola-doktorska\/ksztalcenie-indywidualne\/tutoring\/\">tutoring ekspercki w Szkole Doktorskiej<\/a> \r\n                                <div class=\"mt-3\"><\/div>\r\n                            <\/div>\r\n                            \r\n                            <div class=\"text-modules__img\"><img src=\"https:\/\/us.edu.pl\/szkola-doktorska\/wp-content\/uploads\/sites\/50\/2019\/11\/apple-256268_1920-300x199.jpg\" alt=\"img\"><\/div>\r\n                        <\/div>\r\n                    <\/div>\r\n                <\/div>\r\n                <div class=\"text-modules \">\r\n                    <div class=\"container\">\r\n                        <h3 class=\"section-title section-title_border-bottom\">Metodyka bada\u0144 naukowych<\/h3> <h3 class=\"subtitle text-modules__subtitle\">30 godzin, 5 ECTS<\/h3>\r\n                        <div class=\"row m-0\">\r\n                            <div class=\"text-modules__content\">\r\n                                Ka\u017cdy doktorant uczestniczy w trzech dziesi\u0119ciogodzinnych zaj\u0119ciach. Doktoranci wybieraj\u0105 dwa lub trzy modu\u0142y &#8211; w naukach spo\u0142ecznych i w naukach przyrodniczych i \u015bcis\u0142ych jeden modu\u0142 jest wsp\u00f3lny dla wszystkich, a w naukach humanistycznych wszystkie trzy modu\u0142y s\u0105 do wyboru. Doktoranci dyscyplin artystycznych zamiast tych zaj\u0119\u0107 mog\u0105 zrealizowa\u0107 dodatkowy tutoring.<\/p>\n<p>Szczeg\u00f3\u0142owa oferta zaj\u0119\u0107 &#8211; <a href=\"\/szkola-doktorska\/harmonogram-zajec-semestr-zimowy-2021-2022\/plan-zajec-semestr-zimowy-i-rok-2021\/metodyka-badan-naukowych\/\">metodyka bada\u0144 naukowych<\/a>.<\/p>\n<p><span style=\"text-decoration: underline;\"><strong>Rejestracja na zaj\u0119cia w systemie USOS rozpocznie si\u0119 w \u015brod\u0119 6 pa\u017adziernika o godzinie 9:00.<\/strong><\/span> \r\n                                <div class=\"mt-3\"><\/div>\r\n                            <\/div>\r\n                            \r\n                            <div class=\"text-modules__img\"><img src=\"https:\/\/us.edu.pl\/szkola-doktorska\/wp-content\/uploads\/sites\/50\/Nieprzypisane\/tools-1083796_640-300x225.jpg\" alt=\"img\"><\/div>\r\n                        <\/div>\r\n                    <\/div>\r\n                <\/div>\r\n                <div class=\"text-modules reverse\">\r\n                    <div class=\"container\">\r\n                        <h3 class=\"section-title section-title_border-bottom\">Dydaktyka szko\u0142y wy\u017cszej<\/h3> <h3 class=\"subtitle text-modules__subtitle\">20 godzin, 4 ECTS<\/h3>\r\n                        <div class=\"row m-0\">\r\n                            <div class=\"text-modules__content\">\r\n                                Zaj\u0119cia w grupach interdyscyplinarnych, w postaci konwersatori\u00f3w i szkole\u0144 z ekspertami w zakresie kszta\u0142cenia. Modu\u0142 organizowany przez <a href=\"https:\/\/www.uniwersytetotwarty.us.edu.pl\/\">Uniwersytet Otwarty<\/a>. Program zaj\u0119\u0107:<\/p>\n<p>1. Historia, metody i zmiana w dydaktyce akademickiej<br \/>\n2. Neurodydaktyka \u2013 procesy nauczania i uczenia si\u0119<br \/>\n3. Psychopedagogiczne mity, modele uczenia (si\u0119)<br \/>\n4. Organizacja pracy w\u0142asnej i z grup\u0105<br \/>\n5. Uczenie przez do\u015bwiadczenie \u2013 cykl Kolba i metody wspomagaj\u0105ce<br \/>\n6. Dydaktyka kontaktowa a uczenie zdalne. Narz\u0119dzia cyfrowe we wsp\u00f3\u0142czesnej dydaktyce akademickiej<br \/>\n7. Jak wykorzysta\u0107 do\u015bwiadczenie dydaktyczne w badaniach naukowych?<br \/>\n8. Informacja zwrotna \u2013 metody weryfikacji wiedzy i umiej\u0119tno\u015bci<\/p>\n<p>Zaj\u0119cia zorganizowane w 8 grupach polskoj\u0119zycznych, realizowane w \u015brody (cz\u0119\u015b\u0107 online) i w czwartki (stacjonarnie) oraz w jednej grupie angloj\u0119zycznej (wtorki, startuj\u0105 online, do czasu przyjazdu wszystkich doktorant\u00f3w z zagranicy).<\/p>\n<p>Doktoranci podczas rejestracji wybieraj\u0105 jedn\u0105 z dziewi\u0119ciu grup. W przypadku wyboru jednej z o\u015bmiu grup polskoj\u0119zycznych, b\u0119d\u0105 mie\u0107 zaj\u0119cia w \u015brody i w czwartki w tych samych godzinach, albo w pierwszej turze (grupy od 1 do 4) albo w drugiej turze (grupy od 5 do 8).<\/p>\n<p><span style=\"text-decoration: underline;\"><strong>Rejestracja na zaj\u0119cia w systemie USOS rozpocznie si\u0119 w \u015brod\u0119 6 pa\u017adziernika o godzinie 9:00.<\/strong><\/span><\/p>\n<p>Harmonogram grup:<\/p>\n<p><strong>I tura &#8211; od 13 pa\u017adziernika do 18 listopada<\/strong><\/p>\n<p>Gr. 1 9:45-11:15<br \/>\nGr. 2 11:30-13:00<br \/>\nGr. 3 13:45-15:15<br \/>\nGr. 4 15:30-17:00<\/p>\n<p><strong>II tura &#8211; od 17 listopada do 16 grudnia<\/strong><\/p>\n<p>Gr. 5 9:45-11:15<br \/>\nGr. 6 11:30-13:00<br \/>\nGr. 7 13:45-15:15<br \/>\nGr. 8 15:30-17:00<\/p>\n<p><strong>Grupa 9 (angloj\u0119zyczna)<\/strong> wtorki od 12 pa\u017adziernika do 16 grudnia, godz. 17:15-18:45. \r\n                                <div class=\"mt-3\"><\/div>\r\n                            <\/div>\r\n                            \r\n                            <div class=\"text-modules__img\"><img src=\"https:\/\/us.edu.pl\/szkola-doktorska\/wp-content\/uploads\/sites\/50\/Nieprzypisane\/library-g7d681f1ca_1280-300x199.jpg\" alt=\"img\"><\/div>\r\n                        <\/div>\r\n                    <\/div>\r\n                <\/div>\r\n                <div class=\"text-modules reverse\">\r\n                    <div class=\"container\">\r\n                        <h3 class=\"section-title section-title_border-bottom\">Lektorat j\u0119zyka angielskiego<\/h3> <h3 class=\"subtitle text-modules__subtitle\">zaj\u0119cia dodatkowe (nieobowi\u0105zkowe), 2 ECTS<\/h3>\r\n                        <div class=\"row m-0\">\r\n                            <div class=\"text-modules__content\">\r\n                                Zobacz wi\u0119cej: <a href=\"\/szkola-doktorska\/2021\/09\/29\/lektorat-jezyka-angielskiego\/\">lektorat j\u0119zyka angielskiego<\/a> \r\n                                <div class=\"mt-3\"><\/div>\r\n                            <\/div>\r\n                            \r\n                            <div class=\"text-modules__img\"><img src=\"https:\/\/us.edu.pl\/szkola-doktorska\/wp-content\/uploads\/sites\/50\/Nieprzypisane\/DSC4867-300x200.jpg\" alt=\"img\"><\/div>\r\n                        <\/div>\r\n                    <\/div>\r\n                <\/div>[\/vc_column][\/vc_row]<\/p>","protected":false},"excerpt":{"rendered":"<p>[vc_row][vc_column][\/vc_column][\/vc_row] [&#8230;]<\/p>\n<p><a class=\"btn btn-secondary understrap-read-more-link\" href=\"https:\/\/us.edu.pl\/szkola-doktorska\/harmonogram-zajec-semestr-zimowy-2021-2022\/plan-zajec-semestr-zimowy-i-rok-2021\/\">Read More&#8230;<\/a><\/p>\n","protected":false},"author":42,"featured_media":0,"parent":6033,"menu_order":0,"comment_status":"closed","ping_status":"closed","template":"","meta":{"_expiration-date-status":"saved","_expiration-date":0,"_expiration-date-type":"","_expiration-date-categories":[],"_expiration-date-options":[]},"acf":[],"_links":{"self":[{"href":"https:\/\/us.edu.pl\/szkola-doktorska\/wp-json\/wp\/v2\/pages\/6050"}],"collection":[{"href":"https:\/\/us.edu.pl\/szkola-doktorska\/wp-json\/wp\/v2\/pages"}],"about":[{"href":"https:\/\/us.edu.pl\/szkola-doktorska\/wp-json\/wp\/v2\/types\/page"}],"author":[{"embeddable":true,"href":"https:\/\/us.edu.pl\/szkola-doktorska\/wp-json\/wp\/v2\/users\/42"}],"replies":[{"embeddable":true,"href":"https:\/\/us.edu.pl\/szkola-doktorska\/wp-json\/wp\/v2\/comments?post=6050"}],"version-history":[{"count":7,"href":"https:\/\/us.edu.pl\/szkola-doktorska\/wp-json\/wp\/v2\/pages\/6050\/revisions"}],"predecessor-version":[{"id":6101,"href":"https:\/\/us.edu.pl\/szkola-doktorska\/wp-json\/wp\/v2\/pages\/6050\/revisions\/6101"}],"up":[{"embeddable":true,"href":"https:\/\/us.edu.pl\/szkola-doktorska\/wp-json\/wp\/v2\/pages\/6033"}],"wp:attachment":[{"href":"https:\/\/us.edu.pl\/szkola-doktorska\/wp-json\/wp\/v2\/media?parent=6050"}],"curies":[{"name":"wp","href":"https:\/\/api.w.org\/{rel}","templated":true}]}}