{"id":6750,"date":"2022-01-28T12:22:14","date_gmt":"2022-01-28T11:22:14","guid":{"rendered":"https:\/\/us.edu.pl\/szkola-doktorska\/?page_id=6750"},"modified":"2022-03-02T11:27:21","modified_gmt":"2022-03-02T10:27:21","slug":"harmonogram-zajec-semestr-letni-2021-2022","status":"publish","type":"page","link":"https:\/\/us.edu.pl\/szkola-doktorska\/harmonogram-zajec-semestr-letni-2021-2022\/","title":{"rendered":"Harmonogram zaj\u0119\u0107 &#8211; semestr letni 2021\/2022"},"content":{"rendered":"<p>[vc_row][vc_column]\r\n                <div class=\"text-modules \">\r\n                    <div class=\"container\">\r\n                        <h3 class=\"section-title section-title_border-bottom\">Informacja o formie prowadzenia zaj\u0119\u0107<\/h3> \r\n                        <div class=\"row m-0\">\r\n                            <div class=\"text-modules__content\">\r\n                                Cz\u0119\u015b\u0107 zaj\u0119\u0107 zaplanowana zosta\u0142a w formie zdalnej, a cz\u0119\u015b\u0107 w formie bezpo\u015bredniej. Zaj\u0119cia w pierwszym tygodniu semestru b\u0119d\u0105 realizowane tylko w formie zdalnej. W kolejnych tygodniach zaj\u0119cia zaplanowane w formie stacjonarnej mog\u0105 zosta\u0107 przeniesione do formy zdalnej. Mo\u017cliwy jest te\u017c ruch przeciwny, ale wy\u0142\u0105cznie wtedy, kiedy mo\u017cliwe b\u0119dzie uczestnictwo doktorant\u00f3w w zaj\u0119ciach na miejscu.<\/p>\n<p>Wi\u0119cej o zdalnej formie zaj\u0119\u0107 &#8211; zobacz <a href=\"https:\/\/www.zdalny.us.edu.pl\">zdalny.us.edu.pl<\/a> \r\n                                <div class=\"mt-3\"><\/div>\r\n                            <\/div>\r\n                            \r\n                            <div class=\"text-modules__img\"><a href=\"https:\/\/www.zdalny.us.edu.pl\/\" target=\"_blank\"><img src=\"https:\/\/us.edu.pl\/szkola-doktorska\/wp-content\/uploads\/sites\/50\/Nieprzypisane\/uczelnia_mobilna-1-150x150.jpg\" alt=\"img\"><\/a><\/div>\r\n                        <\/div>\r\n                    <\/div>\r\n                <\/div>[\/vc_column][\/vc_row][vc_row][vc_column]\r\n                <div class=\"tiles-section\" style=\"background: \">\r\n                    <div class=\"container\">\r\n                        <h3 class=\"page-title\"><\/h3>\r\n                        <div class=\"tiles tiles-3\">\r\n                            <a href=\"\/szkola-doktorska\/harmonogram-zajec-semestr-letni-2021-2022\/plan-zajec-semestr-letni-i-rok-2021-2022\/\" class=\"tile tile_ justify-content-center\" style=\"background-color: #ffffff; font-weight: ; color: #002E5A;  \">\r\n                                \r\n                                   \r\n                               \r\n                                <div class=\"tile__name\">I rok - zaj\u0119cia wsp\u00f3lne<\/div>\r\n                            <\/a>\r\n                            <a href=\"https:\/\/us.edu.pl\/szkola-doktorska\/harmonogram-zajec-semestr-letni-2021-2022\/plan-zajec-semestr-letni-ii-rok-2021-2022-2\/\" class=\"tile tile_ justify-content-center\" style=\"background-color: #002E5A; font-weight: ; color: #ffffff;  \">\r\n                                \r\n                                   \r\n                               \r\n                                <div class=\"tile__name\">II rok - zaj\u0119cia wsp\u00f3lne<\/div>\r\n                            <\/a>\r\n                            <a href=\"\/szkola-doktorska\/harmonogram-zajec-semestr-letni-2021-2022\/zajecia-fakultatywne-semestr-letni-2021-2022\/\" class=\"tile tile_ justify-content-center\" style=\"background-color: #ffffff; font-weight: ; color: #002E5A;  \">\r\n                                \r\n                                   \r\n                               \r\n                                <div class=\"tile__name\">Zaj\u0119cia fakultatywne<\/div>\r\n                            <\/a><\/div>\r\n                    <\/div>\r\n                <\/div>[\/vc_column][\/vc_row]<\/p>","protected":false},"excerpt":{"rendered":"<p>[vc_row][vc_column][\/vc_column][\/vc_row][vc_row][vc_column][\/vc_column][\/vc_row] [&#8230;]<\/p>\n<p><a class=\"btn btn-secondary understrap-read-more-link\" href=\"https:\/\/us.edu.pl\/szkola-doktorska\/harmonogram-zajec-semestr-letni-2021-2022\/\">Read More&#8230;<\/a><\/p>\n","protected":false},"author":42,"featured_media":0,"parent":0,"menu_order":0,"comment_status":"closed","ping_status":"closed","template":"","meta":{"_expiration-date-status":"saved","_expiration-date":0,"_expiration-date-type":"","_expiration-date-categories":[],"_expiration-date-options":[]},"acf":[],"_links":{"self":[{"href":"https:\/\/us.edu.pl\/szkola-doktorska\/wp-json\/wp\/v2\/pages\/6750"}],"collection":[{"href":"https:\/\/us.edu.pl\/szkola-doktorska\/wp-json\/wp\/v2\/pages"}],"about":[{"href":"https:\/\/us.edu.pl\/szkola-doktorska\/wp-json\/wp\/v2\/types\/page"}],"author":[{"embeddable":true,"href":"https:\/\/us.edu.pl\/szkola-doktorska\/wp-json\/wp\/v2\/users\/42"}],"replies":[{"embeddable":true,"href":"https:\/\/us.edu.pl\/szkola-doktorska\/wp-json\/wp\/v2\/comments?post=6750"}],"version-history":[{"count":10,"href":"https:\/\/us.edu.pl\/szkola-doktorska\/wp-json\/wp\/v2\/pages\/6750\/revisions"}],"predecessor-version":[{"id":6865,"href":"https:\/\/us.edu.pl\/szkola-doktorska\/wp-json\/wp\/v2\/pages\/6750\/revisions\/6865"}],"wp:attachment":[{"href":"https:\/\/us.edu.pl\/szkola-doktorska\/wp-json\/wp\/v2\/media?parent=6750"}],"curies":[{"name":"wp","href":"https:\/\/api.w.org\/{rel}","templated":true}]}}