{"id":69,"date":"2019-10-04T14:15:45","date_gmt":"2019-10-04T12:15:45","guid":{"rendered":"https:\/\/us.edu.pl\/sd\/?page_id=69"},"modified":"2026-03-08T18:08:13","modified_gmt":"2026-03-08T17:08:13","slug":"jak-zostac-doktorantem","status":"publish","type":"page","link":"https:\/\/us.edu.pl\/szkola-doktorska\/jak-zostac-doktorantem\/","title":{"rendered":"Jak zosta\u0107 doktorantem"},"content":{"rendered":"<p>[vc_row][vc_column]\r\n                <div class=\"text-modules\">\r\n                    <div class=\"container\">\r\n                        \r\n                        <div class=\"text-modules__content\"><p>Kandydat do Szko\u0142y Doktorskiej mo\u017ce ubiega\u0107 si\u0119 o przyj\u0119cie trzema \u015bcie\u017ckami:<\/p>\n<ol>\n<li>Poprzez otwarty, mi\u0119dzynarodowy konkurs rekrutacyjny, kt\u00f3rego limity i zasady rekrutacji s\u0105 og\u0142aszane w ka\u017cdym roku przez uchwal\u0119 rekrutacyjn\u0105 &#8211; aktualnie og\u0142oszone s\u0105 <a href=\"https:\/\/us.edu.pl\/szkola-doktorska\/rekrutacja-na-rok-akademicki-2026-2027\/\">kryteria naboru na rok akademicki 2026\/2027<\/a>. W zale\u017cno\u015bci od dyscypliny naukowej\/artystycznej, konkurs odbywa si\u0119 wed\u0142ug jednej ze \u015bcie\u017cek:\n<ul>\n<li>w naukach \u015bcis\u0142ych (nauki fizyczne, nauki chemiczne, matematyka, informatyka) i w naukach in\u017cynieryjno-technicznych (in\u017cynieria biomedyczna, in\u017cynieria materia\u0142owa) &#8211; kandydat aplikuje do wbieranego z listy tematu i przypisanego do niego promotora<\/li>\n<li>w pozosta\u0142ych dyscyplinach &#8211; kandydat samodzielnie proponuje temat i znajduje promotora, kt\u00f3ry zgadza si\u0119 podj\u0105\u0107 opieki nad nim.<\/li>\n<\/ul>\n<\/li>\n<li>Za po\u015brednictwem miejsc stypendialnych <a href=\"\/szkola-doktorska\/rekrutacja-przez-grant\/\">w konkursach grantowych<\/a>, takich jak granty NCN<\/li>\n<li>Za po\u015brednictwem program\u00f3w, takich jak <a href=\"\/szkola-doktorska\/doktorat-wdrozeniowy\/\">doktorat wdro\u017ceniowy<\/a>. Szko\u0142a Doktorska publikuje informacje o konkursach na miejsca stypendialne na swoich stronach internetowych.<\/li>\n<\/ol>\n<p>\n<\/div>\r\n                    <\/div>\r\n                <\/div>[\/vc_column][\/vc_row]<\/p>","protected":false},"excerpt":{"rendered":"<p>[vc_row][vc_column][\/vc_column][\/vc_row] [&#8230;]<\/p>\n<p><a class=\"btn btn-secondary understrap-read-more-link\" href=\"https:\/\/us.edu.pl\/szkola-doktorska\/jak-zostac-doktorantem\/\">Read More&#8230;<\/a><\/p>\n","protected":false},"author":29,"featured_media":0,"parent":0,"menu_order":0,"comment_status":"closed","ping_status":"closed","template":"","meta":{"_expiration-date-status":"","_expiration-date":0,"_expiration-date-type":"","_expiration-date-categories":[],"_expiration-date-options":[]},"acf":[],"_links":{"self":[{"href":"https:\/\/us.edu.pl\/szkola-doktorska\/wp-json\/wp\/v2\/pages\/69"}],"collection":[{"href":"https:\/\/us.edu.pl\/szkola-doktorska\/wp-json\/wp\/v2\/pages"}],"about":[{"href":"https:\/\/us.edu.pl\/szkola-doktorska\/wp-json\/wp\/v2\/types\/page"}],"author":[{"embeddable":true,"href":"https:\/\/us.edu.pl\/szkola-doktorska\/wp-json\/wp\/v2\/users\/29"}],"replies":[{"embeddable":true,"href":"https:\/\/us.edu.pl\/szkola-doktorska\/wp-json\/wp\/v2\/comments?post=69"}],"version-history":[{"count":10,"href":"https:\/\/us.edu.pl\/szkola-doktorska\/wp-json\/wp\/v2\/pages\/69\/revisions"}],"predecessor-version":[{"id":24998,"href":"https:\/\/us.edu.pl\/szkola-doktorska\/wp-json\/wp\/v2\/pages\/69\/revisions\/24998"}],"wp:attachment":[{"href":"https:\/\/us.edu.pl\/szkola-doktorska\/wp-json\/wp\/v2\/media?parent=69"}],"curies":[{"name":"wp","href":"https:\/\/api.w.org\/{rel}","templated":true}]}}