{"id":72,"date":"2019-10-04T13:16:30","date_gmt":"2019-10-04T11:16:30","guid":{"rendered":"https:\/\/us.edu.pl\/sd\/?page_id=72"},"modified":"2020-02-05T14:31:30","modified_gmt":"2020-02-05T13:31:30","slug":"kryteria-rekrutacji","status":"publish","type":"page","link":"https:\/\/us.edu.pl\/szkola-doktorska\/kryteria-rekrutacji\/","title":{"rendered":"Kryteria rekrutacji"},"content":{"rendered":"<p>[vc_row][vc_column]\r\n                <div class=\"text-modules\">\r\n                    <div class=\"container\">\r\n                        <h3 class=\"page-title text__title\">Kryteria rekrutacji na rok akademicki 2020\/2021<\/h3>\r\n                        <div class=\"text-modules__content\"><p>Kryteria ustalone s\u0105 w <a href=\"http:\/\/bip.us.edu.pl\/uchwala-nr-4932020\">Uchwale nr 493\/2020 z dnia 28 stycznia 2020 roku Senatu U\u015a w sprawie zasad i trybu rekrutacji do Szko\u0142y Doktorskiej w Uniwersytecie \u015al\u0105skim w Katowicach na rok akademicki 2020\/2021<\/a>.<\/p>\n<table style=\"height: 386px;width: 0%;border-collapse: collapse\" border=\"1\">\n<tbody>\n<tr style=\"height: 15px\">\n<td style=\"width: 3.92473%;height: 15px\">Lp.<\/td>\n<td style=\"width: 30.233%;height: 15px\">WYMAGANIA<\/td>\n<td style=\"width: 50.5914%;height: 15px\">OPIS WYMAGA\u0143<\/td>\n<td style=\"width: 15.2509%;height: 15px\">MAKS.<\/td>\n<\/tr>\n<tr style=\"height: 85px\">\n<td style=\"width: 3.92473%;height: 85px\">1.<\/td>\n<td style=\"width: 30.233%;height: 85px\">Projekt planu badawczego<br \/>\n(do 15 000 znak\u00f3w ze spacjami) podpisany przez kandydata oraz kandydata\u00a0 na promotora<\/td>\n<td style=\"width: 50.5914%;height: 85px\">Projekt powinien zawiera\u0107:<\/p>\n<ul>\n<li>cel naukowy projektu (problem naukowy, kt\u00f3ry kandydat podejmuje, pytania i\u00a0hipotezy badawcze) (do 5 pkt)<\/li>\n<li>znaczenie projektu dla dyscypliny (uzasadnienie podj\u0119cia bada\u0144 w tym zakresie, nowatorsko\u015b\u0107 projektu) (do 4 pkt)<\/li>\n<li>og\u00f3lny plan bada\u0144 (wst\u0119pnie wskazane etapy post\u0119powania badawczego) (do 5 pkt)<\/li>\n<li>metodyka bada\u0144 (metody, techniki, narz\u0119dzia badawcze) (do 5 pkt)<\/li>\n<li>literatura (10 najwa\u017cniejszych pozycji bibliograficznych, z kt\u00f3rych zamierza skorzysta\u0107 kandydat) (do 1 pkt)<\/li>\n<li>w przypadku gdy kandydat b\u0119dzie cz\u0119\u015bci\u0105 zespo\u0142u badawczego, nale\u017cy opisa\u0107 jego wk\u0142ad w projekt badawczy<\/li>\n<\/ul>\n<\/td>\n<td style=\"width: 15.2509%;height: 85px\">20 pkt.<\/td>\n<\/tr>\n<tr style=\"height: 235px\">\n<td style=\"width: 3.92473%;height: 236px\">2.<\/td>\n<td style=\"width: 30.233%;height: 236px\">Rozmowa kwalifikacyjna<\/td>\n<td style=\"width: 50.5914%;height: 236px\">Podczas rozmowy kandydat prezentuje planowany projekt \u2014 koncepcj\u0119 doktoratu.<\/p>\n<p>Elementy oceny:<\/p>\n<ul>\n<li>\u201eobrona\u201d projektu badawczego \u2014 odpowiedzi na pytania dotycz\u0105ce przedstawionego przez kandydata projektu<\/li>\n<li>wiedza z\u00a0zakresu obszaru badawczego<\/li>\n<li>znajomo\u015b\u0107 j\u0119zyka angielskiego odpowiednia dla danego obszaru (patrz \u00a7 8 ust. 4 uchwa\u0142y)<\/li>\n<li>predyspozycje do prowadzenia bada\u0144 i prezentacji ich wynik\u00f3w<\/li>\n<\/ul>\n<\/td>\n<td style=\"width: 15.2509%;height: 236px\">50 pkt.<\/p>\n<p>minimum 30 pkt.<\/td>\n<\/tr>\n<tr style=\"height: 20px\">\n<td style=\"width: 3.92473%;height: 20px\">3.<\/td>\n<td style=\"width: 30.233%;height: 20px\">Osi\u0105gni\u0119cia naukowe<\/td>\n<td style=\"width: 50.5914%;height: 20px\">\n<ul>\n<li>wyst\u0105pienia konferencyjne (konferencja krajowa\u2014 1 pkt, konferencja zagraniczna, czyli odbywaj\u0105ca si\u0119 za granic\u0105 \u2014 3 pkt; maks. 3 pkt)<a href=\"#_ftn1\" name=\"_ftnref1\">[1]<\/a><\/li>\n<li>autorstwo lub wsp\u00f3\u0142autorstwo publikacji w\u00a0wydawnictwach i\u00a0czasopismach z\u00a0list ministerialnych<a href=\"#_ftn2\" name=\"_ftnref2\">[2]<\/a> (monografia \u2014 10 pkt, rozdzia\u0142 w\u00a0monografii \u2014 2 pkt, artyku\u0142 w\u00a0czasopi\u015bmie \u2014 5 pkt; maks. 10 pkt)<a href=\"#_ftn3\" name=\"_ftnref3\">[3]<\/a><\/li>\n<li>realizacja projektu badawczego finansowanego ze \u015brodk\u00f3w zewn\u0119trznych (kierownik \u2014 4 pkt, wykonawca \u2014 2 pkt; maks. 4 pkt)<a href=\"#_ftn4\" name=\"_ftnref4\">[4]<\/a><\/li>\n<li>inne osi\u0105gni\u0119cia naukowe lub artystyczne (maks. 5 pkt)<\/li>\n<\/ul>\n<p><a href=\"#_ftnref1\" name=\"_ftn1\"><\/a><\/td>\n<td style=\"width: 15.2509%;height: 20px\">22 pkt.<\/td>\n<\/tr>\n<tr style=\"height: 15px\">\n<td style=\"width: 3.92473%;height: 15px\">4.<\/td>\n<td style=\"width: 30.233%;height: 15px\">Wsp\u00f3\u0142praca mi\u0119dzynarodowa<\/td>\n<td style=\"width: 50.5914%;height: 15px\">\n<ul>\n<li>uczestnictwo w\u00a0programie Erasmus lub innej wymianie mi\u0119dzynarodowej (maks. 3 pkt),<\/li>\n<li>projekty realizowane wsp\u00f3lnie z\u00a0zagranicznymi instytucjami naukowymi, w\u00a0tym sta\u017ce i\u00a0stypendia zagraniczne (maks. 5 pkt)<\/li>\n<\/ul>\n<\/td>\n<td style=\"width: 15.2509%;height: 15px\">8 pkt.<\/td>\n<\/tr>\n<tr style=\"height: 15px\">\n<td style=\"width: 3.92473%;height: 15px\">SUMA<\/td>\n<td style=\"width: 30.233%;height: 15px\"><\/td>\n<td style=\"width: 50.5914%;height: 15px\"><\/td>\n<td style=\"width: 15.2509%;height: 15px\">100 pkt.<\/td>\n<\/tr>\n<\/tbody>\n<\/table>\n<p>&nbsp;<\/p>\n<p>Obowi\u0105zuj\u0105cy spos\u00f3b potwierdzenia osi\u0105gni\u0119\u0107:<\/p>\n<p><a href=\"#_ftnref1\" name=\"_ftn1\">[1]<\/a> Potwierdzenie czynnego udzia\u0142u przez organizatora konferencji.<\/p>\n<p><a href=\"#_ftnref2\" name=\"_ftn2\">[2]<\/a> http:\/\/www.bip.nauka.gov.pl\/g2\/oryginal\/2019_08\/a07248ec34e343035b433bb61f39c053.pdf.<\/p>\n<p><a href=\"#_ftnref3\" name=\"_ftn3\">[3]<\/a> W przypadku tekstu przyj\u0119tego do druku \u2014 potwierdzenie przyj\u0119cia do druku (wystarczy e-mail z\u00a0wydawnictwa lub nr DOI), w\u00a0przypadku tekstu opublikowanego \u2014 pierwsza strona artyku\u0142u i\u00a0spis tre\u015bci z nazwiskiem autora.<\/p>\n<p><a href=\"#_ftnref4\" name=\"_ftn4\">[4]<\/a> Numer projektu i instytucja finansuj\u0105ca.<\/p>\n<\/div>\r\n                    <\/div>\r\n                <\/div>[\/vc_column][\/vc_row]<\/p>","protected":false},"excerpt":{"rendered":"<p>[vc_row][vc_column][\/vc_column][\/vc_row] [&#8230;]<\/p>\n<p><a class=\"btn btn-secondary understrap-read-more-link\" href=\"https:\/\/us.edu.pl\/szkola-doktorska\/kryteria-rekrutacji\/\">Read More&#8230;<\/a><\/p>\n","protected":false},"author":29,"featured_media":0,"parent":0,"menu_order":0,"comment_status":"closed","ping_status":"closed","template":"","meta":{"_expiration-date-status":"saved","_expiration-date":0,"_expiration-date-type":"","_expiration-date-categories":[],"_expiration-date-options":[]},"acf":[],"_links":{"self":[{"href":"https:\/\/us.edu.pl\/szkola-doktorska\/wp-json\/wp\/v2\/pages\/72"}],"collection":[{"href":"https:\/\/us.edu.pl\/szkola-doktorska\/wp-json\/wp\/v2\/pages"}],"about":[{"href":"https:\/\/us.edu.pl\/szkola-doktorska\/wp-json\/wp\/v2\/types\/page"}],"author":[{"embeddable":true,"href":"https:\/\/us.edu.pl\/szkola-doktorska\/wp-json\/wp\/v2\/users\/29"}],"replies":[{"embeddable":true,"href":"https:\/\/us.edu.pl\/szkola-doktorska\/wp-json\/wp\/v2\/comments?post=72"}],"version-history":[{"count":11,"href":"https:\/\/us.edu.pl\/szkola-doktorska\/wp-json\/wp\/v2\/pages\/72\/revisions"}],"predecessor-version":[{"id":810,"href":"https:\/\/us.edu.pl\/szkola-doktorska\/wp-json\/wp\/v2\/pages\/72\/revisions\/810"}],"wp:attachment":[{"href":"https:\/\/us.edu.pl\/szkola-doktorska\/wp-json\/wp\/v2\/media?parent=72"}],"curies":[{"name":"wp","href":"https:\/\/api.w.org\/{rel}","templated":true}]}}