{"id":8840,"date":"2023-10-10T16:35:50","date_gmt":"2023-10-10T14:35:50","guid":{"rendered":"https:\/\/us.edu.pl\/szkola-doktorska\/?page_id=8840"},"modified":"2023-10-10T16:35:50","modified_gmt":"2023-10-10T14:35:50","slug":"promotor-arch","status":"publish","type":"page","link":"https:\/\/us.edu.pl\/szkola-doktorska\/promotor-arch\/","title":{"rendered":"Promotor"},"content":{"rendered":"<p>[vc_row][vc_column]\r\n                <div class=\"title-with-link color-blue\" style=\"background: \">\r\n                    <div class=\"container\">\r\n                        <div class=\"title-with-link-container links-align-left\">\r\n                            <div class=\"title-with-link__title\"><span>To jest strona archiwalna. Przejd\u017a do aktualnej strony:<\/span><\/div>\r\n                            <a href=\"https:\/\/us.edu.pl\/szkola-doktorska\/promotor\/\" class=\"title-with-link__link\">https:\/\/us.edu.pl\/szkola-doktorska\/promotor\/<\/a>\r\n                        <\/div>\r\n                    <\/div>\r\n                <\/div>\r\n            \r\n                <div class=\"tiles-section\" style=\"background: \">\r\n                    <div class=\"container\">\r\n                        <h3 class=\"page-title\">Promotor w Szkole Doktorskiej<\/h3>\r\n                        <div class=\"tiles tiles-2\">\r\n                            <a href=\"\/szkola-doktorska\/promotor\/tryby-wyznaczenia-promotora\/\" class=\"tile tile_ justify-content-center\" style=\"background-color: #ffffff; font-weight: ; color: #002E5A;  \">\r\n                                \r\n                                   \r\n                               \r\n                                <div class=\"tile__name\">Jak zosta\u0107 promotorem?<\/div>\r\n                            <\/a>\r\n                            <a href=\"\/szkola-doktorska\/obowiazki-promotora-w-szkole-doktorskiej\/\" class=\"tile tile_ justify-content-center\" style=\"background-color: #ffffff; font-weight: ; color: #002E5A;  \">\r\n                                \r\n                                   \r\n                               \r\n                                <div class=\"tile__name\">Praca promotora w Szkole Doktorskiej<\/div>\r\n                            <\/a><\/div>\r\n                    <\/div>\r\n                <\/div>[\/vc_column][\/vc_row][vc_row][vc_column]\r\n                <div class=\"text-modules\">\r\n                    <div class=\"container\">\r\n                        <h3 class=\"page-title text__title\">Procedura wyznaczenia promotora obowi\u0105zuj\u0105ca w roku akademickim 2022\/2023<\/h3>\r\n                        <div class=\"text-modules__content\"><p><strong>Doktorant<\/strong>, wnioskuj\u0105c o powo\u0142anie promotora:<\/p>\n<ol>\n<li>Przygotowuje wniosek o powo\u0142anie promotora i sk\u0142ada go do biura Szko\u0142y Doktorskiej w formie papierowej. Formularz wniosku: <a href=\"https:\/\/us.edu.pl\/szkola-doktorska\/wp-content\/uploads\/sites\/50\/promotorzy\/wniosek-o-wyznaczenie-promotora-2023-1.docx\" class=\"mtli_attachment mtli_docx\" data-mtli=\"mtli_filesize231,26kB\" class=\"mtli_attachment mtli_docx\" data-mtli=\"mtli_filesize231,26kB\">wniosek-o-wyznaczenie-promotora 2023<\/a><\/li>\n<li>Przygotowuje wniosek o opini\u0119 rady naukowej instytutu i sk\u0142ada go do biura obs\u0142uguj\u0105cego odpowiedni instytut w formie papierowej. Formularz wniosku: <a href=\"https:\/\/us.edu.pl\/szkola-doktorska\/wp-content\/uploads\/sites\/50\/promotorzy\/wniosek-o-opinie-na-temat-promotora-2023.docx\" class=\"mtli_attachment mtli_docx\" data-mtli=\"mtli_filesize231,82kB\" class=\"mtli_attachment mtli_docx\" data-mtli=\"mtli_filesize231,82kB\">wniosek-o-opinie-na-temat-promotora-2023<\/a><\/li>\n<li>Wype\u0142nia formularz elektroniczny:\n<ul>\n<li>doktoranci I roku: <a href=\"https:\/\/formularze.us.edu.pl\/form\/index\/3529\">https:\/\/formularze.us.edu.pl\/form\/index\/3529<\/a><\/li>\n<li>doktoranci, kt\u00f3rzy mieli ju\u017c wyznaczonego promotora i wnioskuj\u0105 zmian\u0119, powo\u0142anie drugiego promotora lub promotora pomocniczego: <a href=\"https:\/\/formularze.us.edu.pl\/form\/index\/3724\">https:\/\/formularze.us.edu.pl\/form\/index\/3724<\/a><\/li>\n<\/ul>\n<\/li>\n<\/ol>\n<p>Wnioskowanie o promotora i promotora pomocniczego lub dw\u00f3ch promotor\u00f3w mo\u017ce by\u0107 odbywa\u0107 jednocze\u015bnie (na jednym wniosku), ale doktorant\/ka mo\u017ce r\u00f3wnie\u017c z\u0142o\u017cy\u0107 wniosek o wyznaczenie drugiego promotora lub promotora pomocniczego p\u00f3\u017aniej.<\/p>\n<p><strong>Rada naukowa dyscypliny<\/strong>:<\/p>\n<ol>\n<li>Otrzymuje od doktorant\u00f3w wnioski o zaopiniowanie kandydata na promotora\/promotor\u00f3w\/promotora i promotora pomocniczego.<\/li>\n<li>Wydaje opinie w formie uchwa\u0142y, oddzielnie dla ka\u017cdego doktoranta<\/li>\n<li>Przekazuje uchwa\u0142y do biura Szko\u0142y Doktorskiej w formie papierowej lub elektronicznej (katarzyna.golaszewska@us.edu.pl).<\/li>\n<\/ol>\n<p><span style=\"text-decoration: underline;\">Uwaga<\/span> &#8211; aktualna lista doktorant\u00f3w pierwszego roku (jak r\u00f3wnie\u017c pozosta\u0142ych doktorant\u00f3w) dost\u0119pna jest stale w Portalu Pracownika (<a href=\"https:\/\/pp.us.edu.pl\/\">https:\/\/pp.us.edu.pl\/<\/a>): Dodatki -&gt; Lista doktorant\u00f3w szk\u00f3\u0142 doktorskich. Je\u017celi pracownik instytutu nie widzi tego raportu, to uprawnienia do raportu mo\u017ce nada\u0107 kierownik organizacyjny wydzia\u0142u w swoim Portalu Pracownika (UPRAWNIENIA &#8211; RAPORTY).<\/p>\n<p><strong>Szko\u0142a Doktorska<\/strong><\/p>\n<ol>\n<li>Biuro SD zbiera dokumentacj\u0119 od doktorant\u00f3w i z instytut\u00f3w.<\/li>\n<li>Dziekan SD wyznacza promotora\/promotor\u00f3w\/promotora i promotora pomocniczego.<\/li>\n<li>Biuro SD tworzy baz\u0119, uzupe\u0142nia dane w USOS do generowania raportu w PP, przekazuje decyzj\u0119 o powo\u0142aniu do doktorant\u00f3w i promotor\u00f3w, uzupe\u0142nia pensum pracownik\u00f3w wyznaczonych na promotor\u00f3w.<\/li>\n<\/ol>\n<p>Osob\u0105 prowadz\u0105c\u0105 proces w biurze SD jest p. Katarzyna Go\u0142aszewska (<a href=\"mailto:katarzyna.golaszewska@us.edu.pl\">katarzyna.golaszewska@us.edu.pl<\/a>).<br \/>\nZa uzupe\u0142nienie pensum pracownik\u00f3w odpowiedzialna jest w biurze SD p. Agnieszka Filipowska (<a href=\"mailto:agnieszka.filipowska@us.edu.pl\">agnieszka.filipowska@us.edu.pl<\/a>).<\/p>\n<p><strong>Terminy<\/strong><br \/>\nDoktoranci I roku sk\u0142adaj\u0105 wnioski do 15 listopada.<br \/>\nDziekan SD wyznacza promotora do 31 grudnia.<br \/>\nDoktoranci, kt\u00f3rzy maj\u0105 ju\u017c wyznaczonego promotora, a chc\u0105 wnioskowa\u0107 o wyznaczenie drugiego promotora lub promotora pomocniczego, mog\u0105 to zrobi\u0107 w dowolnym terminie.<\/p>\n<p><strong>Podstawa prawna<\/strong><br \/>\nUstawa Prawo o Szkolnictwie Wy\u017cszym i Nauce, art. 201<br \/>\nRegulamin Szko\u0142y Doktorskiej, \u00a7 25 (<a href=\"https:\/\/aktyprawne.us.edu.pl\/423-lista\/d\/5653\/5\/\">https:\/\/aktyprawne.us.edu.pl\/423-lista\/d\/5653\/5\/<\/a>)<\/p>\n<style type=\"text\/css\">a[data-mtli~=\"mtli_filesize231,26kB\"]:after {content:\" (231,26 kB)\"}a[data-mtli~=\"mtli_filesize231,82kB\"]:after {content:\" (231,82 kB)\"}<\/style><\/div>\r\n                    <\/div>\r\n                <\/div>[\/vc_column][\/vc_row]<\/p>\n<style type=\"text\/css\">a[data-mtli~=\"mtli_filesize231,26kB\"]:after {content:\" (231,26 kB)\"}a[data-mtli~=\"mtli_filesize231,82kB\"]:after {content:\" (231,82 kB)\"}<\/style>","protected":false},"excerpt":{"rendered":"<p>[vc_row][vc_column][\/vc_column][\/vc_row][vc_row][vc_column][\/vc_column][\/vc_row] [&#8230;]<\/p>\n<p><a class=\"btn btn-secondary understrap-read-more-link\" href=\"https:\/\/us.edu.pl\/szkola-doktorska\/promotor-arch\/\">Read More&#8230;<\/a><\/p>\n","protected":false},"author":42,"featured_media":0,"parent":0,"menu_order":0,"comment_status":"closed","ping_status":"closed","template":"","meta":{"_expiration-date-status":"","_expiration-date":0,"_expiration-date-type":"","_expiration-date-categories":[],"_expiration-date-options":[]},"acf":[],"_links":{"self":[{"href":"https:\/\/us.edu.pl\/szkola-doktorska\/wp-json\/wp\/v2\/pages\/8840"}],"collection":[{"href":"https:\/\/us.edu.pl\/szkola-doktorska\/wp-json\/wp\/v2\/pages"}],"about":[{"href":"https:\/\/us.edu.pl\/szkola-doktorska\/wp-json\/wp\/v2\/types\/page"}],"author":[{"embeddable":true,"href":"https:\/\/us.edu.pl\/szkola-doktorska\/wp-json\/wp\/v2\/users\/42"}],"replies":[{"embeddable":true,"href":"https:\/\/us.edu.pl\/szkola-doktorska\/wp-json\/wp\/v2\/comments?post=8840"}],"version-history":[{"count":1,"href":"https:\/\/us.edu.pl\/szkola-doktorska\/wp-json\/wp\/v2\/pages\/8840\/revisions"}],"predecessor-version":[{"id":8841,"href":"https:\/\/us.edu.pl\/szkola-doktorska\/wp-json\/wp\/v2\/pages\/8840\/revisions\/8841"}],"wp:attachment":[{"href":"https:\/\/us.edu.pl\/szkola-doktorska\/wp-json\/wp\/v2\/media?parent=8840"}],"curies":[{"name":"wp","href":"https:\/\/api.w.org\/{rel}","templated":true}]}}