{"id":116,"date":"2021-01-20T14:42:59","date_gmt":"2021-01-20T13:42:59","guid":{"rendered":"https:\/\/us.edu.pl\/t4e\/?page_id=116"},"modified":"2024-09-17T09:46:07","modified_gmt":"2024-09-17T07:46:07","slug":"misja","status":"publish","type":"page","link":"https:\/\/us.edu.pl\/t4e\/misja\/","title":{"rendered":"misja"},"content":{"rendered":"<p>[vc_row][vc_column]\r\n                <div class=\"text-modules\">\r\n                    <div class=\"container\">\r\n                        <h3 class=\"page-title text__title\">Transform4Europe | misja<\/h3>\r\n                        <div class=\"text-modules__content\"><\/div>\r\n                    <\/div>\r\n                <\/div>[\/vc_column][\/vc_row][vc_row el_class=&#8221;container&#8221;][vc_column width=&#8221;2\/3&#8243;]\r\n                <div class=\"text-modules\">\r\n                    <div class=\"container\">\r\n                        \r\n                        <div class=\"text-modules__content\"><p><span style=\"font-weight: 400;\">Sojusz Transform4Europe chce przyczyni\u0107 si\u0119 do kszta\u0142towania uniwersytetu europejskiego jutra. Tworz\u0105c zjednoczone i zr\u00f3wnowa\u017cone konsorcjum ze wsp\u00f3lnymi strukturami zarz\u0105dzania, infrastruktur\u0105 i us\u0142ugami, nasze nowatorskie programy akademickie i innowacyjne \u015brodowiska edukacyjne b\u0119d\u0105 przyci\u0105ga\u0107 student\u00f3w, naukowc\u00f3w i specjalist\u00f3w z ca\u0142ego \u015bwiata. Mobilno\u015b\u0107, interdyscyplinarno\u015b\u0107 i integracja spo\u0142eczna to warto\u015bci, kt\u00f3re s\u0105 domen\u0105 kampusu T4EU. Cz\u0142onkowie naszych uniwersytet\u00f3w s\u0105 po\u0142\u0105czeni warto\u015bciami silnej to\u017csamo\u015bci europejskiej i staj\u0105 si\u0119 motorami nap\u0119dowymi transformacji. Uto\u017csamiamy si\u0119 z duchem sojuszu opartym na przedsi\u0119biorczo\u015bci wiedzy, a tak\u017ce traktowaniu go jako punkt odniesienia dla swoich potrzeb i dzia\u0142a\u0144 w zakresie kszta\u0142cenia ustawicznego. Studenci, absolwenci oraz kadra T4EU staj\u0105 si\u0119 przedsi\u0119biorcami wiedzy i aktywnie anga\u017cuj\u0105 si\u0119 w transformacj\u0119 Europy, wytyczaj\u0105c drog\u0119 dla zr\u00f3wnowa\u017conej przysz\u0142o\u015bci. Uczelnie partnerskie T4EU tworz\u0105 ekosystemy europejskiej wiedzy i innowacji, nap\u0119dzaj\u0105c tym samym doskona\u0142o\u015b\u0107 badawcz\u0105 i znacznie przyczyniaj\u0105c si\u0119 do atrakcyjno\u015bci i konkurencyjno\u015bci Europejskiego Obszaru Edukacji (EEA) oraz ca\u0142ej Europy.<\/span><\/p>\n<\/div>\r\n                    <\/div>\r\n                <\/div>\r\n                <div class=\"text-modules\">\r\n                    <div class=\"container\">\r\n                        \r\n                        <div class=\"text-modules__content\"><\/p>\n<h3><strong>Cele<\/strong><\/h3>\n<p>\n<\/div>\r\n                    <\/div>\r\n                <\/div>\r\n                <div class=\"text-modules\">\r\n                    <div class=\"container\">\r\n                        \r\n                        <div class=\"text-modules__content\"><\/p>\n<h4><span style=\"font-size: 14pt;\"><strong>Zjednoczony sojusz uniwersytet\u00f3w europejskich<\/strong><\/span><\/h4>\n<p><span style=\"font-weight: 400;\">Naszym celem jest przekszta\u0142cenie i dalsza stopniowa integracja naszych uniwersytet\u00f3w w stron\u0119 jednego zr\u00f3wnowa\u017conego europejskiego sojuszu ze wsp\u00f3lnym o\u015brodkiem zarz\u0105dzania oraz strukturami wsparcia i us\u0142ugami, a tak\u017ce stworzenia podmiotu prawnego widocznego na arenie mi\u0119dzynarodowej, b\u0119d\u0105cego motorem nap\u0119dowym zmian. Jako uniwersytet europejski chcemy doskonali\u0107 podej\u015bcie pedagogiczne skoncentrowane na studentach, bazuj\u0105c na zasadach zarz\u0105dzania partycypacyjnego i zasadach ko-kreacji.<\/span><\/p>\n<ul>\n<li style=\"font-weight: 400;\" aria-level=\"1\"><span style=\"font-weight: 400;\">T4EU Digitalisation strategy and roadmap (dost\u0119pne z pocz\u0105tkiem 2025 roku)<\/span><\/li>\n<li style=\"font-weight: 400;\" aria-level=\"1\"><span style=\"font-weight: 400;\">Communication strategy<\/span><\/li>\n<\/ul>\n<p>\n<\/div>\r\n                    <\/div>\r\n                <\/div>\r\n                <div class=\"text-modules\">\r\n                    <div class=\"container\">\r\n                        \r\n                        <div class=\"text-modules__content\"><\/p>\n<h4><span style=\"font-size: 14pt;\"><b>Mobilno\u015b\u0107 jako norma<\/b><\/span><\/h4>\n<p><span style=\"font-weight: 400;\">Chcemy, by mobilno\u015b\u0107 by\u0142a dost\u0119pna dla wszystkich cz\u0142onk\u00f3w uniwersytet\u00f3w sojuszu. Nasza ulepszona, elastyczna oraz wszechstronna oferta stwarza studentom i pracownikom r\u00f3wne warunki i daje im nieograniczone mo\u017cliwo\u015bci do mobilno\u015bci zar\u00f3wno fizycznej, jak i wirtualnej.<\/span><\/p>\n<ul>\n<li style=\"font-weight: 400;\" aria-level=\"1\"><span style=\"font-weight: 400;\">Mobility4All Strategy Paper<\/span><\/li>\n<\/ul>\n<p>\n<\/div>\r\n                    <\/div>\r\n                <\/div>\r\n                <div class=\"text-modules\">\r\n                    <div class=\"container\">\r\n                        \r\n                        <div class=\"text-modules__content\"><\/p>\n<h4><span style=\"font-size: 14pt;\"><b>Edukowanie i szkolenie przysz\u0142ych europejskich przedsi\u0119biorc\u00f3w wiedzy w ramach wsp\u00f3lnej oferty akademickiej<\/b><\/span><\/h4>\n<p><span style=\"font-weight: 400;\">Opracowujemy now\u0105, kompleksow\u0105 ofert\u0119 akademick\u0105 dost\u0119pn\u0105 na wszystkich trzech stopniach studi\u00f3w, m.in. dopasowane interdyscyplinarne programy studi\u00f3w i szkole\u0144. D\u0105\u017cymy do tego, by perspektywa przedsi\u0119biorstwa opartego na wiedzy sta\u0142a si\u0119 kluczow\u0105 koncepcj\u0105 na rzecz aktywnego obywatelstwa europejskiego. Chcemy kszta\u0142ci\u0107 i szkoli\u0107 przysz\u0142ych europejskich przedsi\u0119biorc\u00f3w wiedzy, zapewniaj\u0105c im niezb\u0119dne kreatywne i innowacyjne podej\u015bcie, a tak\u017ce kompetencje mi\u0119dzykulturowe i umiej\u0119tno\u015bci j\u0119zykowe. Programy s\u0105 prowadzone z wykorzystaniem innowacyjnych metod nauczania skoncentrowanych na uczniach i podej\u015bcia opartego na wyzwaniach. Aby zwi\u0119kszy\u0107 atrakcyjno\u015b\u0107 i potencja\u0142 rekrutacyjny sojuszu, poszczeg\u00f3lne cz\u0119\u015bci tych program\u00f3w s\u0105 opracowywane i udoskonalane w zakresie kluczowych obszar\u00f3w, uwzgl\u0119dniaj\u0105c wytyczne i wymagania europejskiego programu European Joint Degree.<\/span><\/p>\n<ul>\n<li style=\"font-weight: 400;\" aria-level=\"1\"><span style=\"font-weight: 400;\">T4EU student and staff profile strategy paper<\/span><\/li>\n<li style=\"font-weight: 400;\" aria-level=\"1\"><span style=\"font-weight: 400;\">Joint strategy and framework on micro-credentials (dost\u0119pne z ko\u0144cem 2024 roku)<\/span><\/li>\n<\/ul>\n<p>\n<\/div>\r\n                    <\/div>\r\n                <\/div>\r\n                <div class=\"text-modules\">\r\n                    <div class=\"container\">\r\n                        \r\n                        <div class=\"text-modules__content\"><\/p>\n<h4><span style=\"font-size: 14pt;\"><b>Nap\u0119dzanie regionalnej transformacji<\/b><\/span><\/h4>\n<p><span style=\"font-weight: 400;\">Pragniemy sta\u0107 si\u0119 g\u0142\u00f3wn\u0105 si\u0142\u0105 nap\u0119dow\u0105 transformacji regionalnej poprzez nawi\u0105zywanie partnerstw z kluczowymi lokalnymi interesariuszami i u\u0142atwianie interakcji mi\u0119dzy nimi w ramach Transformation Labs, przyczyniaj\u0105c si\u0119 do wsp\u00f3lnych inicjatyw badawczych i innowacyjnych na rzecz region\u00f3w w ramach wzajemnej wsp\u00f3\u0142pracy. Takie podej\u015bcie mo\u017ce da\u0107 pocz\u0105tek istotnemu oraz szeroko zakrojonemu procesowi, maj\u0105cemu na celu stworzenie sieci europejskich ekosystem\u00f3w wiedzy i innowacji, kt\u00f3re przyczyni\u0105 si\u0119 do zr\u00f3wnowa\u017conego rozwoju gospodarczego i \u015brodowiskowego Europy i kt\u00f3re mog\u0105 sta\u0107 si\u0119 centrum bada\u0144 i transferu wiedzy. Jednocze\u015bnie b\u0119dziemy inicjowa\u0107 i usprawnia\u0107 dalsz\u0105 wsp\u00f3\u0142prac\u0119 w ramach wsp\u00f3lnoty akademickiej sojuszu.<\/span><\/p>\n<ul>\n<li style=\"font-weight: 400;\" aria-level=\"1\"><span style=\"font-weight: 400;\">Smart transformation strategy (dost\u0119pne w pa\u017adzierniku 2024 roku)<\/span><\/li>\n<li style=\"font-weight: 400;\" aria-level=\"1\"><span style=\"font-weight: 400;\">Partnership Strategy (dost\u0119pne w pa\u017adzierniku 2024 roku)<\/span><\/li>\n<\/ul>\n<p>\n<\/div>\r\n                    <\/div>\r\n                <\/div>\r\n                <div class=\"text-modules\">\r\n                    <div class=\"container\">\r\n                        \r\n                        <div class=\"text-modules__content\"><\/p>\n<h4><span style=\"font-size: 14pt;\"><b>Podnoszenie kwalifikacji kadry naukowej i administracyjnej<\/b><\/span><\/h4>\n<p><span style=\"font-weight: 400;\">Pragniemy stale podnosi\u0107 kwalifikacje kadry naukowej i nienaukowej oraz wyposa\u017ca\u0107 ich w niezb\u0119dne umiej\u0119tno\u015bci przekrojowe i zawodowe, by zapewnia\u0107 jak najlepsze efekty naszej pracy. Szkolimy kadr\u0119 pedagogiczn\u0105 w zakresie innowacyjnych metod nauczania, a tak\u017ce wspieramy nauczanie skoncentrowane na uczniu oraz podej\u015bcie ko-kreacyjne. Podnosimy kwalifikacje m\u0142odych naukowc\u00f3w m.in. w zakresie koncepcji otwartej nauki i przyw\u00f3dztwa, dzi\u0119ki czemu mog\u0105 przyczyni\u0107 si\u0119 do proces\u00f3w transformacji ich instytucji i praktyki akademickiej. Kadra nienaukowa otrzymuje szerok\u0105 ofert\u0119 szkoleniow\u0105 i zach\u0119t\u0119 do rozwoju zawodowego. Natomiast podmioty zewn\u0119trzne z danych region\u00f3w mog\u0105 skorzysta\u0107 ze specjalnych program\u00f3w nauczania i szkole\u0144 oferowanych w ramach dzia\u0142a\u0144 sojuszu na rzecz kszta\u0142cenia ustawicznego.<\/span><\/p>\n<ul>\n<li style=\"font-weight: 400;\" aria-level=\"1\"><span style=\"font-weight: 400;\">T4EU student and staff profile strategy paper<\/span><\/li>\n<li style=\"font-weight: 400;\" aria-level=\"1\"><span style=\"font-weight: 400;\">HR strategy (dost\u0119pne z ko\u0144cem 2025 roku)<\/span><\/li>\n<li style=\"font-weight: 400;\" aria-level=\"1\"><span style=\"font-weight: 400;\">Science4All strategy (aktualizacja przewidziana na pa\u017adziernik 2024 roku)<\/span><\/li>\n<\/ul>\n<p>\n<\/div>\r\n                    <\/div>\r\n                <\/div>\r\n                <div class=\"text-modules\">\r\n                    <div class=\"container\">\r\n                        \r\n                        <div class=\"text-modules__content\"><\/p>\n<h4><span style=\"font-size: 14pt;\"><b>Tworzenie europejskiego kampusu Transform4Europe<\/b><\/span><\/h4>\n<p><span style=\"font-weight: 400;\">Tworzymy t\u0119tni\u0105cy \u017cyciem, inkluzywny i zielony kampus uniwersytetu europejskiego Transform4Europe, kt\u00f3ry promuje wsp\u00f3ln\u0105 to\u017csamo\u015b\u0107 i jest dopasowany do potrzeb student\u00f3w i pracownik\u00f3w. Ka\u017cdego dnia staramy si\u0119 wzmacnia\u0107 wi\u0119zy mi\u0119dzy cz\u0142onkami naszego sojuszu. Z pomoc\u0105 przychodz\u0105 nam wydarzenia sportowo-kulturalne pokazuj\u0105ce bogat\u0105 r\u00f3\u017cnorodno\u015b\u0107 naszych spo\u0142eczno\u015bci.<\/span><\/p>\n<ul>\n<li style=\"font-weight: 400;\" aria-level=\"1\"><span style=\"font-weight: 400;\">T4EU Diversity Strategy (pierwszy projekt opracowany w pa\u017adzierniku 2024 roku)<\/span><\/li>\n<li style=\"font-weight: 400;\" aria-level=\"1\"><span style=\"font-weight: 400;\">Green Campus Strategy (opracowana do grudnia 2024 roku)<\/span><\/li>\n<\/ul>\n<p>\n<\/div>\r\n                    <\/div>\r\n                <\/div>\r\n                <div class=\"text-modules\">\r\n                    <div class=\"container\">\r\n                        \r\n                        <div class=\"text-modules__content\"><\/p>\n<h4><span style=\"font-size: 14pt;\"><b>Dziedzictwo kulturowe \u2013 podstawa europejskiego stylu \u017cycia<\/b><\/span><\/h4>\n<p><span style=\"font-weight: 400;\">Piel\u0119gnujemy nasze dziedzictwo kulturowe i aktywnie w\u0142\u0105czamy je do naszych dzia\u0142a\u0144 jako podstaw\u0119 europejskiego stylu \u017cycia i naszej wsp\u00f3lnej europejskiej to\u017csamo\u015bci. Promujemy oraz dbamy o wieloj\u0119zyczno\u015b\u0107, korzystaj\u0105c z nowoczesnych sposob\u00f3w nauki i zach\u0119caj\u0105c do poznawania j\u0119zyk\u00f3w obcych. Aktywnie anga\u017cujemy obiekty kulturalne w rozw\u00f3j naszej to\u017csamo\u015bci T4EU, wykorzystuj\u0105c innowacyjne technologie.<\/span><\/p>\n<ul>\n<li style=\"font-weight: 400;\" aria-level=\"1\"><span style=\"font-weight: 400;\">T4EU Multilingual Campus Strategy<\/span><\/li>\n<li style=\"font-weight: 400;\" aria-level=\"1\"><span style=\"font-weight: 400;\">T4EU Cultural Strategy (opracowana do czerwca 2025 roku)<\/span><\/li>\n<\/ul>\n<p>\n<\/div>\r\n                    <\/div>\r\n                <\/div>\r\n                <div class=\"text-modules\">\r\n                    <div class=\"container\">\r\n                        \r\n                        <div class=\"text-modules__content\"><\/p>\n<h4><span style=\"font-size: 14pt;\"><b>Konsolidacja EEA<\/b><\/span><\/h4>\n<p><span style=\"font-weight: 400;\">Chcemy sta\u0107 si\u0119 g\u0142\u00f3wnym graczem w zakresie konsolidacji Europejskiego Obszaru Edukacji (EEA) poprzez wprowadzanie licznych dzia\u0142a\u0144, w ramach kt\u00f3rych sojusz jako ca\u0142o\u015b\u0107 nawi\u0105\u017ce szereg partnerstw zewn\u0119trznych w Europie i na \u015bwiecie z szeregiem priorytetowych podmiot\u00f3w akademickich na ca\u0142ym \u015bwiecie. Aktywnie uczestniczymy w promowaniu europejskich uniwersytet\u00f3w jako wzoru do na\u015bladowania poprzez rozpowszechnianie naszych innowacyjnych inicjatyw i wynik\u00f3w.<\/span><\/p>\n<ul>\n<li style=\"font-weight: 400;\" aria-level=\"1\"><span style=\"font-weight: 400;\">Global Outreach Strategy (opracowana do lutego 2025 roku)<\/span><\/li>\n<\/ul>\n<p>\n<\/div>\r\n                    <\/div>\r\n                <\/div>[\/vc_column][vc_column width=&#8221;1\/3&#8243;]\r\n                <div class=\"text-modules\">\r\n                    <div class=\"container\">\r\n                        \r\n                        <div class=\"text-modules__content\"><p><img class=\"alignnone wp-image-118 size-full\" src=\"https:\/\/us.edu.pl\/t4e\/wp-content\/uploads\/sites\/59\/grafiki\/logo\/Logo_Transform4Europe_official.png\" alt=\"Logo T4E\" width=\"100%\" height=\"auto\" \/><\/p>\n<\/div>\r\n                    <\/div>\r\n                <\/div>[\/vc_column][\/vc_row]<\/p>","protected":false},"excerpt":{"rendered":"<p>[vc_row][vc_column][\/vc_column][\/vc_row][vc_row el_class=&#8221;container&#8221;][vc_column width=&#8221;2\/3&#8243;][\/vc_column][vc_column width=&#8221;1\/3&#8243;][\/vc_column][\/vc_row] [&#8230;]<\/p>\n<p><a class=\"btn btn-secondary understrap-read-more-link\" href=\"https:\/\/us.edu.pl\/t4e\/misja\/\">Read More&#8230;<\/a><\/p>\n","protected":false},"author":139,"featured_media":0,"parent":0,"menu_order":0,"comment_status":"closed","ping_status":"closed","template":"","meta":{"_expiration-date-status":"","_expiration-date":0,"_expiration-date-type":"","_expiration-date-categories":[],"_expiration-date-options":[]},"acf":[],"_links":{"self":[{"href":"https:\/\/us.edu.pl\/t4e\/wp-json\/wp\/v2\/pages\/116"}],"collection":[{"href":"https:\/\/us.edu.pl\/t4e\/wp-json\/wp\/v2\/pages"}],"about":[{"href":"https:\/\/us.edu.pl\/t4e\/wp-json\/wp\/v2\/types\/page"}],"author":[{"embeddable":true,"href":"https:\/\/us.edu.pl\/t4e\/wp-json\/wp\/v2\/users\/139"}],"replies":[{"embeddable":true,"href":"https:\/\/us.edu.pl\/t4e\/wp-json\/wp\/v2\/comments?post=116"}],"version-history":[{"count":10,"href":"https:\/\/us.edu.pl\/t4e\/wp-json\/wp\/v2\/pages\/116\/revisions"}],"predecessor-version":[{"id":3176,"href":"https:\/\/us.edu.pl\/t4e\/wp-json\/wp\/v2\/pages\/116\/revisions\/3176"}],"wp:attachment":[{"href":"https:\/\/us.edu.pl\/t4e\/wp-json\/wp\/v2\/media?parent=116"}],"curies":[{"name":"wp","href":"https:\/\/api.w.org\/{rel}","templated":true}]}}