{"id":1769,"date":"2022-08-12T09:52:40","date_gmt":"2022-08-12T07:52:40","guid":{"rendered":"https:\/\/us.edu.pl\/t4e\/?page_id=1769"},"modified":"2023-10-26T12:16:34","modified_gmt":"2023-10-26T10:16:34","slug":"t4eri","status":"publish","type":"page","link":"https:\/\/us.edu.pl\/t4e\/t4eri\/","title":{"rendered":"T4ERI"},"content":{"rendered":"<p>[vc_row css=&#8221;.vc_custom_1660290847905{margin-bottom: 0px !important;border-bottom-width: 0px !important;padding-bottom: 0px !important;}&#8221; el_class=&#8221;container&#8221;][vc_column width=&#8221;2\/3&#8243; css=&#8221;.vc_custom_1628676746787{margin-bottom: 0px !important;border-bottom-width: 0px !important;padding-bottom: 0px !important;}&#8221;]\r\n                <div class=\"text-modules\">\r\n                    <div class=\"container\">\r\n                        \r\n                        <div class=\"text-modules__content\"><\/p>\n<p style=\"line-height: 0.9; color: #000000; font-family: 'PT Sans Narrow'; font-size: 2.5em;\"><strong>T4ERI:<br \/>\nTRANSFORM 4 EUROPEAN RESEARCH AND INNOVATION<\/strong><\/p>\n<p>\n<\/div>\r\n                    <\/div>\r\n                <\/div>[vc_empty_space height=&#8221;16px&#8221;][vc_row_inner][vc_column_inner width=&#8221;2\/3&#8243;][vc_empty_space height=&#8221;1px&#8221; css=&#8221;.vc_custom_1628690988868{background-color: #71af3a !important;}&#8221;][\/vc_column_inner][vc_column_inner width=&#8221;1\/3&#8243;][\/vc_column_inner][\/vc_row_inner][\/vc_column][vc_column width=&#8221;1\/3&#8243;][\/vc_column][\/vc_row][vc_row el_class=&#8221;container&#8221;][vc_column][vc_empty_space height=&#8221;48px&#8221;]\r\n                <div class=\"text-modules\">\r\n                    <div class=\"container\">\r\n                        \r\n                        <div class=\"text-modules__content\"><\/p>\n<p style=\"line-height: 0.9; color: #000000; font-family: 'PT Sans Narrow'; font-size: 1.8em;\"><strong>BADANIA I INNOWACJE <\/strong><\/p>\n<p>\n<\/div>\r\n                    <\/div>\r\n                <\/div>[\/vc_column][\/vc_row][vc_row el_class=&#8221;container font-content&#8221;][vc_column width=&#8221;1\/4&#8243;][\/vc_column][vc_column width=&#8221;3\/4&#8243;]\r\n                <div class=\"text-modules\">\r\n                    <div class=\"container\">\r\n                        \r\n                        <div class=\"text-modules__content\"><p>Konsorcjum Transform4Europe (T4EU) ma do\u015bwiadczenie w\u00a0strategicznej wsp\u00f3\u0142pracy pomi\u0119dzy uczelniami i interesariuszami otoczenia spo\u0142eczno-gospodarczego region\u00f3w posiadaj\u0105cych z\u0142o\u017cone ekosystemy innowacji. <strong>Kolejnym wyzwaniem dla uczelni partnerskich T4EU jest wykorzystanie tego ekosystemu w obszarze innowacji i bada\u0144. <\/strong>R\u00f3\u017cnorodne podmioty ekosystemu T4EU mog\u0105 dzia\u0142a\u0107 jak si\u0142a nap\u0119dowa dla og\u00f3lnego rozwoju innowacji i zwi\u0119kszenia wydajno\u015bci, wsp\u00f3lnie wzmacniaj\u0105c potencja\u0142 badawczy i przyczyniaj\u0105c si\u0119 do transformacji region\u00f3w, aby sta\u0142y si\u0119 bardziej inteligentne, zr\u00f3wnowa\u017cone i konkurencyjne.<\/p>\n<p>T4ERI jest finansowany przez program Komisji Europejskiej Horizon 2020 w ramach konkursu: \u201eSwafS: wsparcie dla obszaru bada\u0144 i innowacji uniwersytet\u00f3w europejskich\u201d.<\/p>\n<\/div>\r\n                    <\/div>\r\n                <\/div>[\/vc_column][\/vc_row][vc_row el_class=&#8221;container&#8221;][vc_column][vc_empty_space height=&#8221;24px&#8221;]\r\n                <div class=\"text-modules\">\r\n                    <div class=\"container\">\r\n                        \r\n                        <div class=\"text-modules__content\"><\/p>\n<p style=\"line-height: 0.9; color: #000000; font-family: 'PT Sans Narrow'; font-size: 1.8em;\"><strong>O PROJEKCIE T4ERI<\/strong><\/p>\n<p>\n<\/div>\r\n                    <\/div>\r\n                <\/div>[\/vc_column][\/vc_row][vc_row el_class=&#8221;container font-content&#8221;][vc_column width=&#8221;1\/4&#8243;][\/vc_column][vc_column width=&#8221;3\/4&#8243;]\r\n                <div class=\"text-modules\">\r\n                    <div class=\"container\">\r\n                        \r\n                        <div class=\"text-modules__content\"><p>T4ERI opracuje nowe strategie w celu wykorzystania tego potencja\u0142u, realizuj\u0105c misj\u0119 transformacji cyfrowej i\u00a0\u015brodowiskowej na rzecz inteligentnych, zr\u00f3wnowa\u017conych i inkluzyjnych region\u00f3w. Konsorcjum stworzy wsp\u00f3lny program bada\u0144 i innowacji, strategi\u0119 przyci\u0105gni\u0119cia i\u00a0zatrzymania wyj\u0105tkowych badaczy, jak r\u00f3wnie\u017c strategi\u0119 otwarcia nauki dla wszystkich cz\u0142onk\u00f3w ekosystemu T4EU.<\/p>\n<p>T4ERI b\u0119dzie systematycznie wsp\u00f3\u0142pracowa\u0107 z regionalnymi interesariuszami z sektora biznesu, przemys\u0142u, kultury, polityki, jak r\u00f3wnie\u017c ze spo\u0142ecze\u0144stwem obywatelskim na ka\u017cdym etapie. Do 2024 roku T4ERI znacznie zwi\u0119kszy wsp\u00f3\u0142prac\u0119 w\u00a0zakresie bada\u0144 i innowacji we wszystkich dziedzinach naukowych, umo\u017cliwi wsp\u00f3lny dost\u0119p do kluczowej infrastruktury badawczej w ramach konsorcjum i skieruje wsp\u00f3lne plany dzia\u0142a\u0144 w stron\u0119 uruchomienia jednego lub kilku centr\u00f3w badawczych. Przyczyni si\u0119 to do zrealizowania g\u0142\u00f3wnej misji, jak\u0105 jest przyci\u0105gni\u0119cie i zatrzymanie wybitnych m\u0142odych i do\u015bwiadczonych badaczy, a tak\u017ce wzmocnienie zaanga\u017cowania spo\u0142ecze\u0144stwa w badania i innowacje, co otwiera drog\u0119 do uniwersytetu europejskiego przysz\u0142o\u015bci.<\/p>\n<p>Wi\u0119cej informacji o projekcie znajduje si\u0119 stronie <a href=\"https:\/\/transform4europe.eu\/t4eri\/\" target=\"_blank\" rel=\"noopener\">transform4europe.eu\/t4eri<\/a>.<\/p>\n<\/div>\r\n                    <\/div>\r\n                <\/div>[\/vc_column][\/vc_row][vc_row el_class=&#8221;container&#8221;][vc_column][vc_empty_space height=&#8221;24px&#8221;]\r\n                <div class=\"text-modules\">\r\n                    <div class=\"container\">\r\n                        \r\n                        <div class=\"text-modules__content\"><\/p>\n<p style=\"line-height: 0.9; color: #000000; font-family: 'PT Sans Narrow'; font-size: 1.8em;\"><strong>T4ERI \u2013 PROGRAM DZIA\u0141A\u0143<\/strong><\/p>\n<p>\n<\/div>\r\n                    <\/div>\r\n                <\/div>[\/vc_column][\/vc_row][vc_row el_class=&#8221;container font-content&#8221;][vc_column width=&#8221;1\/4&#8243;][\/vc_column][vc_column width=&#8221;3\/4&#8243;]\r\n                <div class=\"text-modules\">\r\n                    <div class=\"container\">\r\n                        \r\n                        <div class=\"text-modules__content\"><p>Proponowana struktura T4ERI jest oparta na 3 filarach, kt\u00f3re uzupe\u0142ni\u0105 program edukacyjny T4EU o komponenty badawcze i innowacyjne:<\/p>\n<ul>\n<li><strong>wsp\u00f3\u0142praca w zakresie bada\u0144 i innowacji <\/strong>\u2013 stworzenie wsp\u00f3lnego programu bada\u0144 i\u00a0innowacji w obszarach priorytetowych T4EU, tj. transformacji cyfrowej i \u015brodowiskowej na rzecz inteligentnych, zr\u00f3wnowa\u017conych i inkluzyjnych region\u00f3w, a tak\u017ce umo\u017cliwienie dost\u0119pu do infrastruktury badawczej i stworzenie wirtualnych centr\u00f3w badawczych;<\/li>\n<li><strong>najlepsze mo\u017cliwo\u015bci zawodowe dla najzdolniejszych <\/strong>\u2013 opracowanie strategii wzmocnienia kapita\u0142u ludzkiego w obszarze bada\u0144 i innowacji, w tym promocja m\u0142odych talent\u00f3w i\u00a0przyw\u00f3dztwo w nauce oraz zwi\u0119kszenie atrakcyjno\u015bci uniwersytet\u00f3w partnerskich T4EU dla najlepszych badaczy poprzez stworzenie wsp\u00f3lnych standard\u00f3w rozwoju zawodowego naukowc\u00f3w i popraw\u0119 wsparcia badawczego;<\/li>\n<li><strong>Science4All (WP4) <\/strong>\u2013 opracowanie wsp\u00f3lnej strategii Science4All na rzecz zaanga\u017cowania spo\u0142ecznego, komunikacji naukowej i otwartej nauki, zapewniaj\u0105cej w\u0142\u0105czenie i\u00a0zaanga\u017cowanie mieszka\u0144c\u00f3w, spo\u0142ecze\u0144stwa obywatelskiego, w\u0142adz publicznych i podmiot\u00f3w prywatnych w obszar bada\u0144 i innowacji. Ponadto celem WP4 jest wzmocnienie wsp\u00f3\u0142pracy z jednostkami otoczenia uczelni, w szczeg\u00f3lno\u015bci z interesariuszami regionalnych ekosystem\u00f3w innowacji.<\/li>\n<\/ul>\n<p>Dodatkowo projekt obejmuje ca\u0142o\u015bciowe zarz\u0105dzanie administracyjne i koordynacj\u0119 oraz zapewnienie sp\u00f3jnej komunikacji i rozpowszechniania informacji przy zachowaniu optymalnej widzialno\u015bci i\u00a0szerokiego zasi\u0119gu w\u015br\u00f3d decydent\u00f3w, spo\u0142eczno\u015bci akademickich, interesariuszy z regionalnych ekosystem\u00f3w innowacji oraz wszystkich cz\u0142onk\u00f3w uniwersytet\u00f3w.<\/p>\n<p>Projekt b\u0119dzie anga\u017cowa\u0142 interesariuszy i dzieli\u0142 si\u0119 dobrymi praktykami z innymi uniwersytetami europejskimi. Jednym z g\u0142\u00f3wnych rezultat\u00f3w T4ERI b\u0119dzie opracowanie <a href=\"https:\/\/ec.europa.eu\/info\/future-europe\/white-paper-future-europe_pl\">bia\u0142ej ksi\u0119gi<\/a> na temat wsp\u00f3\u0142pracy w obszarze bada\u0144 i innowacji, kt\u00f3ra podsumuje kluczowe wnioski z pilota\u017cowych dzia\u0142a\u0144 wdro\u017ceniowych pakiet\u00f3w roboczych projektu, w tym ustalenia dotycz\u0105ce prawnych, regulacyjnych i\u00a0finansowych przeszk\u00f3d oraz rekomendacje zwi\u0105zane z tworzeniem przysz\u0142ych rozwi\u0105za\u0144.<\/p>\n<\/div>\r\n                    <\/div>\r\n                <\/div>[\/vc_column][\/vc_row][vc_row el_class=&#8221;container&#8221;][vc_column][vc_empty_space height=&#8221;24px&#8221;]\r\n                <div class=\"text-modules\">\r\n                    <div class=\"container\">\r\n                        \r\n                        <div class=\"text-modules__content\"><\/p>\n<p style=\"line-height: 0.9; color: #000000; font-family: 'PT Sans Narrow'; font-size: 1.8em;\"><strong>KONTAKT \u2013 UNIWERSYTET KRAJU SAARY (NIEMCY)<\/strong><\/p>\n<p>\n<\/div>\r\n                    <\/div>\r\n                <\/div>[\/vc_column][\/vc_row][vc_row el_class=&#8221;container font-content&#8221;][vc_column width=&#8221;1\/4&#8243;][\/vc_column][vc_column width=&#8221;3\/4&#8243;]\r\n                <div class=\"text-modules\">\r\n                    <div class=\"container\">\r\n                        \r\n                        <div class=\"text-modules__content\"><p><strong>Marie Darimont, Donka Stephan<\/strong><br \/>\nDepartment International Relations<br \/>\ntel.: +49 681 302-2872<br \/>\ne-mail:\u00a0<a href=\"mailto:teresa.amido@uni-saarland.de\">teresa.amido@uni-saarland.de<\/a><\/p>\n<\/div>\r\n                    <\/div>\r\n                <\/div>[\/vc_column][\/vc_row][vc_row el_class=&#8221;container&#8221;][vc_column][vc_empty_space height=&#8221;24px&#8221;]\r\n                <div class=\"text-modules\">\r\n                    <div class=\"container\">\r\n                        \r\n                        <div class=\"text-modules__content\"><\/p>\n<p style=\"line-height: 0.9; color: #000000; font-family: 'PT Sans Narrow'; font-size: 1.8em;\"><strong>KONTAKT \u2013 UNIWERSYTET \u015aL\u0104SKI W KATOWICACH<\/strong><\/p>\n<p>\n<\/div>\r\n                    <\/div>\r\n                <\/div>[\/vc_column][\/vc_row][vc_row el_class=&#8221;container font-content&#8221;][vc_column width=&#8221;1\/4&#8243;][\/vc_column][vc_column width=&#8221;3\/4&#8243;]\r\n                <div class=\"text-modules\">\r\n                    <div class=\"container\">\r\n                        \r\n                        <div class=\"text-modules__content\"><p>Uczelnianym koordynatorem projektu jest dr hab. Damian Guzek, prof. U\u015a.<\/p>\n<p>Cz\u0142onkowie zespo\u0142u (wyb\u00f3r):<\/p>\n<ul>\n<li>prof. dr hab. Micha\u0142 Daszykowski, prorektor ds. nauki i finans\u00f3w,<\/li>\n<li>dr Dawid Matuszek, Dzia\u0142 Nauki U\u015a,<\/li>\n<li>dr Ma\u0142gorzata Chrupa\u0142a-Pniak, Dzia\u0142 HR,<\/li>\n<li>dr Maciej Bisaga, Dzia\u0142 Nauki U\u015a<\/li>\n<li>Patrycja Kierlik, Dzia\u0142 Nauki U\u015a.<\/li>\n<\/ul>\n<p>Kontakt z uczelnianym zespo\u0142em T4ERI:\u00a0<a href=\"mailto:t4eri@us.edu.pl\">t4eri@us.edu.pl<\/a>.<\/p>\n<\/div>\r\n                    <\/div>\r\n                <\/div>[\/vc_column][\/vc_row]<\/p>","protected":false},"excerpt":{"rendered":"<p>[vc_row css=&#8221;.vc_custom_1660290847905{margin-bottom: 0px !important;border-bottom-width: 0px !important;padding-bottom: 0px !important;}&#8221; el_class=&#8221;container&#8221;][vc_column width=&#8221;2\/3&#8243; css=&#8221;.vc_custom_1628676746787{margin-bottom: 0px !important;border-bottom-width: 0px !important;padding-bottom: 0px !important;}&#8221;][vc_empty_space height=&#8221;16px&#8221;][vc_row_inner][vc_column_inner width=&#8221;2\/3&#8243;][vc_empty_space height=&#8221;1px&#8221; css=&#8221;.vc_custom_1628690988868{background-color: #71af3a !important;}&#8221;][\/vc_column_inner][vc_column_inner width=&#8221;1\/3&#8243;][\/vc_column_inner][\/vc_row_inner][\/vc_column][vc_column width=&#8221;1\/3&#8243;][\/vc_column][\/vc_row][vc_row el_class=&#8221;container&#8221;][vc_column][vc_empty_space height=&#8221;48px&#8221;][\/vc_column][\/vc_row][vc_row el_class=&#8221;container font-content&#8221;][vc_column width=&#8221;1\/4&#8243;][\/vc_column][vc_column width=&#8221;3\/4&#8243;][\/vc_column][\/vc_row][vc_row el_class=&#8221;container&#8221;][vc_column][vc_empty_space height=&#8221;24px&#8221;][\/vc_column][\/vc_row][vc_row el_class=&#8221;container font-content&#8221;][vc_column width=&#8221;1\/4&#8243;][\/vc_column][vc_column width=&#8221;3\/4&#8243;][\/vc_column][\/vc_row][vc_row el_class=&#8221;container&#8221;][vc_column][vc_empty_space height=&#8221;24px&#8221;][\/vc_column][\/vc_row][vc_row el_class=&#8221;container font-content&#8221;][vc_column width=&#8221;1\/4&#8243;][\/vc_column][vc_column width=&#8221;3\/4&#8243;][\/vc_column][\/vc_row][vc_row el_class=&#8221;container&#8221;][vc_column][vc_empty_space height=&#8221;24px&#8221;][\/vc_column][\/vc_row][vc_row el_class=&#8221;container font-content&#8221;][vc_column width=&#8221;1\/4&#8243;][\/vc_column][vc_column width=&#8221;3\/4&#8243;][\/vc_column][\/vc_row][vc_row el_class=&#8221;container&#8221;][vc_column][vc_empty_space height=&#8221;24px&#8221;][\/vc_column][\/vc_row][vc_row el_class=&#8221;container font-content&#8221;][vc_column width=&#8221;1\/4&#8243;][\/vc_column][vc_column width=&#8221;3\/4&#8243;][\/vc_column][\/vc_row] [&#8230;]<\/p>\n<p><a class=\"btn btn-secondary understrap-read-more-link\" href=\"https:\/\/us.edu.pl\/t4e\/t4eri\/\">Read More&#8230;<\/a><\/p>\n","protected":false},"author":139,"featured_media":1770,"parent":0,"menu_order":0,"comment_status":"closed","ping_status":"closed","template":"","meta":{"_expiration-date-status":"","_expiration-date":0,"_expiration-date-type":"","_expiration-date-categories":[],"_expiration-date-options":[]},"acf":[],"_links":{"self":[{"href":"https:\/\/us.edu.pl\/t4e\/wp-json\/wp\/v2\/pages\/1769"}],"collection":[{"href":"https:\/\/us.edu.pl\/t4e\/wp-json\/wp\/v2\/pages"}],"about":[{"href":"https:\/\/us.edu.pl\/t4e\/wp-json\/wp\/v2\/types\/page"}],"author":[{"embeddable":true,"href":"https:\/\/us.edu.pl\/t4e\/wp-json\/wp\/v2\/users\/139"}],"replies":[{"embeddable":true,"href":"https:\/\/us.edu.pl\/t4e\/wp-json\/wp\/v2\/comments?post=1769"}],"version-history":[{"count":10,"href":"https:\/\/us.edu.pl\/t4e\/wp-json\/wp\/v2\/pages\/1769\/revisions"}],"predecessor-version":[{"id":2630,"href":"https:\/\/us.edu.pl\/t4e\/wp-json\/wp\/v2\/pages\/1769\/revisions\/2630"}],"wp:featuredmedia":[{"embeddable":true,"href":"https:\/\/us.edu.pl\/t4e\/wp-json\/wp\/v2\/media\/1770"}],"wp:attachment":[{"href":"https:\/\/us.edu.pl\/t4e\/wp-json\/wp\/v2\/media?parent=1769"}],"curies":[{"name":"wp","href":"https:\/\/api.w.org\/{rel}","templated":true}]}}