{"id":108,"date":"2024-01-30T09:43:25","date_gmt":"2024-01-30T08:43:25","guid":{"rendered":"https:\/\/us.edu.pl\/wydawnictwo\/?page_id=108"},"modified":"2025-01-21T07:26:41","modified_gmt":"2025-01-21T06:26:41","slug":"autor","status":"publish","type":"page","link":"https:\/\/us.edu.pl\/wydawnictwo\/autor\/","title":{"rendered":"Informacje wst\u0119pne dla autora"},"content":{"rendered":"<p>[vc_row][vc_column width=&#8221;2\/3&#8243;]\r\n                <div class=\"text-modules\">\r\n                    <div class=\"container\">\r\n                        <h3 class=\"page-title text__title\">Informacje wst\u0119pne dla autora<\/h3>\r\n                        <div class=\"text-modules__content\"><\/p>\n<div class=\"tabs\"><strong>Witamy na stronie informacyjnej dla Autor\u00f3w publikacji oraz Redaktor\u00f3w naukowych tom\u00f3w zbiorowych.<\/strong><\/div>\n<div class=\"region region-content\">\n<div id=\"block-system-main\" class=\"block block-system\">\n<div class=\"content\">\n<div id=\"node-2261\" class=\"node node-page clearfix\">\n<div class=\"content\">\n<div class=\"field field-name-body field-type-text-with-summary field-label-hidden\">\n<div class=\"field-items\">\n<div class=\"field-item even\">\n<p class=\"podstawowy-odstep\">W strukturze Uniwersytetu \u015al\u0105skiego Wydawnictwo U\u015a jest realizatorem wszystkich publikacji naukowych, podr\u0119cznik\u00f3w i skrypt\u00f3w\u00a0 finansowanych (w ca\u0142o\u015bci lub cz\u0119\u015bciowo) ze \u015brodk\u00f3w b\u0119d\u0105cych w dyspozycji Uniwersytetu niezale\u017cnie od\u00a0 planowanego miejsca wydania.<\/p>\n<p class=\"podstawowy-odstep\">Wszystkich Pa\u0144stwa zainteresowanych wydaniem ksi\u0105\u017cki zach\u0119camy do zapoznania si\u0119 z materia\u0142em zamieszczonym w poszczeg\u00f3lnych cz\u0119\u015bciach tej prezentacji. W zale\u017cno\u015bci od planowanego miejsca wydania publikacji prosimy zapozna\u0107 si\u0119 z informacjami zawartymi w zak\u0142adkach.<\/p>\n<p><strong>Jednocze\u015bnie chcieliby\u015bmy przypomnie\u0107, i\u017c dbaj\u0105c o dobre imi\u0119 Uniwersytetu \u015al\u0105skiego oraz jego spo\u0142eczno\u015bci akademickiej, stoimy na stra\u017cy uczciwo\u015bci i rzetelno\u015bci autorskiej, zg\u0142aszaj\u0105c i regauj\u0105c na wszelkie przypadki pagiat\u00f3w i autoplagiat\u00f3w.<\/strong><\/p>\n<\/div>\n<\/div>\n<\/div>\n<\/div>\n<\/div>\n<\/div>\n<\/div>\n<\/div>\n<p>\n<\/div>\r\n                    <\/div>\r\n                <\/div>[\/vc_column][\/vc_row]<\/p>","protected":false},"excerpt":{"rendered":"<p>[vc_row][vc_column width=&#8221;2\/3&#8243;][\/vc_column][\/vc_row] [&#8230;]<\/p>\n<p><a class=\"btn btn-secondary understrap-read-more-link\" href=\"https:\/\/us.edu.pl\/wydawnictwo\/autor\/\">Read More&#8230;<\/a><\/p>\n","protected":false},"author":4994,"featured_media":0,"parent":0,"menu_order":1,"comment_status":"closed","ping_status":"closed","template":"page-templates\/page-with-sidebar.php","meta":{"_expiration-date-status":"","_expiration-date":0,"_expiration-date-type":"","_expiration-date-categories":[],"_expiration-date-options":[]},"acf":[],"_links":{"self":[{"href":"https:\/\/us.edu.pl\/wydawnictwo\/wp-json\/wp\/v2\/pages\/108"}],"collection":[{"href":"https:\/\/us.edu.pl\/wydawnictwo\/wp-json\/wp\/v2\/pages"}],"about":[{"href":"https:\/\/us.edu.pl\/wydawnictwo\/wp-json\/wp\/v2\/types\/page"}],"author":[{"embeddable":true,"href":"https:\/\/us.edu.pl\/wydawnictwo\/wp-json\/wp\/v2\/users\/4994"}],"replies":[{"embeddable":true,"href":"https:\/\/us.edu.pl\/wydawnictwo\/wp-json\/wp\/v2\/comments?post=108"}],"version-history":[{"count":10,"href":"https:\/\/us.edu.pl\/wydawnictwo\/wp-json\/wp\/v2\/pages\/108\/revisions"}],"predecessor-version":[{"id":2234,"href":"https:\/\/us.edu.pl\/wydawnictwo\/wp-json\/wp\/v2\/pages\/108\/revisions\/2234"}],"wp:attachment":[{"href":"https:\/\/us.edu.pl\/wydawnictwo\/wp-json\/wp\/v2\/media?parent=108"}],"curies":[{"name":"wp","href":"https:\/\/api.w.org\/{rel}","templated":true}]}}