{"id":189,"date":"2021-04-21T14:36:28","date_gmt":"2021-04-21T12:36:28","guid":{"rendered":"https:\/\/us.edu.pl\/wydzial\/sf\/?page_id=189"},"modified":"2023-07-13T09:58:03","modified_gmt":"2023-07-13T07:58:03","slug":"dzialalnosc-artystyczna","status":"publish","type":"page","link":"https:\/\/us.edu.pl\/wydzial\/sf\/dzialalnosc-artystyczna\/","title":{"rendered":"Dzia\u0142alno\u015b\u0107 artystyczna"},"content":{"rendered":"<p>[vc_row][vc_column]\r\n                <div class=\"text-modules\">\r\n                    <div class=\"container\">\r\n                        <h3 class=\"page-title text__title\">Dzia\u0142alno\u015b\u0107 artystyczna<\/h3>\r\n                        <div class=\"text-modules__content\"><\/div>\r\n                    <\/div>\r\n                <\/div>[\/vc_column][\/vc_row][vc_row el_class=&#8221;container&#8221;][vc_column width=&#8221;1\/3&#8243;]\r\n                <div class=\"text-modules\">\r\n                    <div class=\"container\">\r\n                        \r\n                        <div class=\"text-modules__content\"><p><strong>Szko\u0142a Filmowa im. Krzysztofa Kie\u015blowskiego jest jednostk\u0105 o du\u017cym potencjale kreacyjnym w zakresie sztuk filmowych i teatralnych. <\/strong><\/p>\n<p>Potencja\u0142 artystyczny Szko\u0142y pozwala na dzia\u0142ania na rzecz rozwoju kultury audiowizualnej oraz tworzenie dzie\u0142 filmowych oraz fotograficznych obecnych w europejskiej przestrzeni kultury. Pracownicy Szko\u0142y Filmowej im. K. Kie\u015blowskiego prezentuj\u0105 swoje prace artystyczne podczas najwa\u017cniejszych wydarze\u0144 artystycznych oraz w najwa\u017cniejszych o\u015brodkach kultury na \u015bwiecie.<\/p>\n<\/div>\r\n                    <\/div>\r\n                <\/div>[\/vc_column][vc_column width=&#8221;1\/3&#8243;][vc_single_image image=&#8221;225&#8243; img_size=&#8221;large&#8221; alignment=&#8221;center&#8221;][\/vc_column][vc_column width=&#8221;1\/3&#8243;][vc_single_image image=&#8221;226&#8243; img_size=&#8221;large&#8221;][\/vc_column][\/vc_row][vc_row][vc_column][vc_single_image image=&#8221;280&#8243; img_size=&#8221;full&#8221;][\/vc_column][\/vc_row][vc_row][vc_column]<div class=\"container\"><div class=\"separator\" style=\"background-color: #000000\"><\/div><\/div>[\/vc_column][\/vc_row][vc_row el_class=&#8221;container&#8221;][vc_column width=&#8221;1\/3&#8243;][vc_hoverbox image=&#8221;296&#8243; primary_title=&#8221;W\u0119giel Film Festival&#8221; primary_title_font_container=&#8221;color:%23545454|line_height:1.5&#8243; primary_title_google_fonts=&#8221;font_family:PT%20Sans%20Caption%3Aregular%2C700|font_style:400%20regular%3A400%3Anormal&#8221; hover_title=&#8221;W\u0119giel Film Festival&#8221; shape=&#8221;square&#8221; hover_background_color=&#8221;custom&#8221; hover_btn_title=&#8221;Strona g\u0142\u00f3wna Festivalu&#8221; hover_btn_shape=&#8221;square&#8221; hover_btn_color=&#8221;inverse&#8221; use_custom_fonts_primary_title=&#8221;true&#8221; hover_add_button=&#8221;true&#8221; hover_btn_link=&#8221;url:https%3A%2F%2Fwww.wff.us.edu.pl%2F|||&#8221; el_class=&#8221;container&#8221; hover_custom_background=&#8221;#f4f4f4&#8243; primary_title_link=&#8221;url:https%3A%2F%2Fwww.wff.us.edu.pl%2F&#8221;]Ide\u0105 festiwalu jest prezentacja tw\u00f3rczo\u015bci student\u00f3w uczelni filmowych z ca\u0142ego \u015bwiata szerszej publiczno\u015bci, a tak\u017ce wzajemna wymiana do\u015bwiadcze\u0144 tw\u00f3rczych i integracja szk\u00f3\u0142. Konfrontacja dokona\u0144 filmowych jest dla student\u00f3w dobr\u0105 okazj\u0105 do obserwacji techniki i rzemios\u0142a koleg\u00f3w. Daje mo\u017cliwo\u015b\u0107 wymiany zda\u0144 na temat prezentowanych pogl\u0105d\u00f3w i strony artystycznej film\u00f3w. Pozwala zosta\u0107 docenionym przez profesjonalne jury i liczn\u0105 publiczno\u015b\u0107.[\/vc_hoverbox][\/vc_column][vc_column width=&#8221;1\/3&#8243;][vc_hoverbox image=&#8221;296&#8243; primary_title=&#8221;Instytut Sztuk Filmowych i Teatralnych&#8221; primary_title_font_container=&#8221;color:%23ffffff|line_height:1.5&#8243; primary_title_google_fonts=&#8221;font_family:PT%20Sans%20Caption%3Aregular%2C700|font_style:400%20regular%3A400%3Anormal&#8221; hover_title=&#8221;Instytut Sztuk Filmowych i Teatralnych&#8221; shape=&#8221;square&#8221; hover_background_color=&#8221;custom&#8221; hover_btn_title=&#8221;Wi\u0119cej&#8221; hover_btn_shape=&#8221;square&#8221; hover_btn_color=&#8221;black&#8221; use_custom_fonts_primary_title=&#8221;true&#8221; hover_add_button=&#8221;true&#8221; hover_btn_link=&#8221;url:http%3A%2F%2Fwww.writv.us.edu.pl%2Fpl%2Finstytut|||&#8221; el_class=&#8221;container&#8221; hover_custom_background=&#8221;#f4f4f4&#8243; primary_title_link=&#8221;url:https%3A%2F%2Fwww.writv.us.edu.pl%2Fpl%2Finstytut&#8221;]Instytut Sztuk Filmowych i Teatralnych jest instytutem naukowym i artystycznym Szko\u0142y Filmowej im. Krzysztofa Kie\u015blowskiego Uniwersytetu \u015al\u0105skiego w Katowicach. Prowadzona jest w nim dzia\u0142alno\u015b\u0107 tw\u00f3rcza w zakresie sztuk filmowych, fotografii oraz sztuk teatralnych.[\/vc_hoverbox][\/vc_column][vc_column width=&#8221;1\/3&#8243;][\/vc_column][\/vc_row][vc_row][vc_column]<div class=\"container\"><div class=\"separator\" style=\"background-color: #000000\"><\/div><\/div>[\/vc_column][\/vc_row]<\/p>","protected":false},"excerpt":{"rendered":"<p>[vc_row][vc_column][\/vc_column][\/vc_row][vc_row el_class=&#8221;container&#8221;][vc_column width=&#8221;1\/3&#8243;][\/vc_column][vc_column width=&#8221;1\/3&#8243;][vc_single_image image=&#8221;225&#8243; img_size=&#8221;large&#8221; alignment=&#8221;center&#8221;][\/vc_column][vc_column width=&#8221;1\/3&#8243;][vc_single_image image=&#8221;226&#8243; img_size=&#8221;large&#8221;][\/vc_column][\/vc_row][vc_row][vc_column][vc_single_image image=&#8221;280&#8243; img_size=&#8221;full&#8221;][\/vc_column][\/vc_row][vc_row][vc_column][\/vc_column][\/vc_row][vc_row el_class=&#8221;container&#8221;][vc_column width=&#8221;1\/3&#8243;][vc_hoverbox image=&#8221;296&#8243; primary_title=&#8221;W\u0119giel Film Festival&#8221; primary_title_font_container=&#8221;color:%23545454|line_height:1.5&#8243; primary_title_google_fonts=&#8221;font_family:PT%20Sans%20Caption%3Aregular%2C700|font_style:400%20regular%3A400%3Anormal&#8221; hover_title=&#8221;W\u0119giel Film Festival&#8221; shape=&#8221;square&#8221; hover_background_color=&#8221;custom&#8221; hover_btn_title=&#8221;Strona g\u0142\u00f3wna Festivalu&#8221; hover_btn_shape=&#8221;square&#8221; hover_btn_color=&#8221;inverse&#8221; use_custom_fonts_primary_title=&#8221;true&#8221; hover_add_button=&#8221;true&#8221; hover_btn_link=&#8221;url:https%3A%2F%2Fwww.wff.us.edu.pl%2F|||&#8221; el_class=&#8221;container&#8221; hover_custom_background=&#8221;#f4f4f4&#8243; primary_title_link=&#8221;url:https%3A%2F%2Fwww.wff.us.edu.pl%2F&#8221;]Ide\u0105 festiwalu jest prezentacja tw\u00f3rczo\u015bci student\u00f3w uczelni filmowych z ca\u0142ego \u015bwiata szerszej publiczno\u015bci, a tak\u017ce wzajemna wymiana do\u015bwiadcze\u0144 tw\u00f3rczych i [&#8230;]<\/p>\n<p><a class=\"btn btn-secondary understrap-read-more-link\" href=\"https:\/\/us.edu.pl\/wydzial\/sf\/dzialalnosc-artystyczna\/\">Read More&#8230;<\/a><\/p>\n","protected":false},"author":2787,"featured_media":0,"parent":0,"menu_order":11,"comment_status":"closed","ping_status":"closed","template":"","meta":{"_expiration-date-status":"","_expiration-date":0,"_expiration-date-type":"","_expiration-date-categories":[],"_expiration-date-options":[]},"acf":[],"_links":{"self":[{"href":"https:\/\/us.edu.pl\/wydzial\/sf\/wp-json\/wp\/v2\/pages\/189"}],"collection":[{"href":"https:\/\/us.edu.pl\/wydzial\/sf\/wp-json\/wp\/v2\/pages"}],"about":[{"href":"https:\/\/us.edu.pl\/wydzial\/sf\/wp-json\/wp\/v2\/types\/page"}],"author":[{"embeddable":true,"href":"https:\/\/us.edu.pl\/wydzial\/sf\/wp-json\/wp\/v2\/users\/2787"}],"replies":[{"embeddable":true,"href":"https:\/\/us.edu.pl\/wydzial\/sf\/wp-json\/wp\/v2\/comments?post=189"}],"version-history":[{"count":10,"href":"https:\/\/us.edu.pl\/wydzial\/sf\/wp-json\/wp\/v2\/pages\/189\/revisions"}],"predecessor-version":[{"id":157098,"href":"https:\/\/us.edu.pl\/wydzial\/sf\/wp-json\/wp\/v2\/pages\/189\/revisions\/157098"}],"wp:attachment":[{"href":"https:\/\/us.edu.pl\/wydzial\/sf\/wp-json\/wp\/v2\/media?parent=189"}],"curies":[{"name":"wp","href":"https:\/\/api.w.org\/{rel}","templated":true}]}}

Działalność artystyczna

<p>[vc_row][vc_column]
                <div class="text-modules">
                    <div class="container">
                        <h3 class="page-title text__title">Działalność artystyczna</h3>
                        <div class="text-modules__content"></div>
                    </div>
                </div>[/vc_column][/vc_row][vc_row el_class=&#8221;container&#8221;][vc_column width=&#8221;1/3&#8243;]
                <div class="text-modules">
                    <div class="container">
                        
                        <div class="text-modules__content"><p><strong>Szkoła Filmowa im. Krzysztofa Kieślowskiego jest jednostką o dużym potencjale kreacyjnym w zakresie sztuk filmowych i teatralnych. </strong></p>
<p>Potencjał artystyczny Szkoły pozwala na działania na rzecz rozwoju kultury audiowizualnej oraz tworzenie dzieł filmowych oraz fotograficznych obecnych w europejskiej przestrzeni kultury. Pracownicy Szkoły Filmowej im. K. Kieślowskiego prezentują swoje prace artystyczne podczas najważniejszych wydarzeń artystycznych oraz w najważniejszych ośrodkach kultury na świecie.</p>
</div>
                    </div>
                </div>[/vc_column][vc_column width=&#8221;1/3&#8243;][vc_single_image image=&#8221;225&#8243; img_size=&#8221;large&#8221; alignment=&#8221;center&#8221;][/vc_column][vc_column width=&#8221;1/3&#8243;][vc_single_image image=&#8221;226&#8243; img_size=&#8221;large&#8221;][/vc_column][/vc_row][vc_row][vc_column][vc_single_image image=&#8221;280&#8243; img_size=&#8221;full&#8221;][/vc_column][/vc_row][vc_row][vc_column]<div class="container"><div class="separator" style="background-color: #000000"></div></div>[/vc_column][/vc_row][vc_row el_class=&#8221;container&#8221;][vc_column width=&#8221;1/3&#8243;][vc_hoverbox image=&#8221;296&#8243; primary_title=&#8221;Węgiel Film Festival&#8221; primary_title_font_container=&#8221;color:%23545454|line_height:1.5&#8243; primary_title_google_fonts=&#8221;font_family:PT%20Sans%20Caption%3Aregular%2C700|font_style:400%20regular%3A400%3Anormal&#8221; hover_title=&#8221;Węgiel Film Festival&#8221; shape=&#8221;square&#8221; hover_background_color=&#8221;custom&#8221; hover_btn_title=&#8221;Strona główna Festivalu&#8221; hover_btn_shape=&#8221;square&#8221; hover_btn_color=&#8221;inverse&#8221; use_custom_fonts_primary_title=&#8221;true&#8221; hover_add_button=&#8221;true&#8221; hover_btn_link=&#8221;url:https%3A%2F%2Fwww.wff.us.edu.pl%2F|||&#8221; el_class=&#8221;container&#8221; hover_custom_background=&#8221;#f4f4f4&#8243; primary_title_link=&#8221;url:https%3A%2F%2Fwww.wff.us.edu.pl%2F&#8221;]Ideą festiwalu jest prezentacja twórczości studentów uczelni filmowych z całego świata szerszej publiczności, a także wzajemna wymiana doświadczeń twórczych i integracja szkół. Konfrontacja dokonań filmowych jest dla studentów dobrą okazją do obserwacji techniki i rzemiosła kolegów. Daje możliwość wymiany zdań na temat prezentowanych poglądów i strony artystycznej filmów. Pozwala zostać docenionym przez profesjonalne jury i liczną publiczność.[/vc_hoverbox][/vc_column][vc_column width=&#8221;1/3&#8243;][vc_hoverbox image=&#8221;296&#8243; primary_title=&#8221;Instytut Sztuk Filmowych i Teatralnych&#8221; primary_title_font_container=&#8221;color:%23ffffff|line_height:1.5&#8243; primary_title_google_fonts=&#8221;font_family:PT%20Sans%20Caption%3Aregular%2C700|font_style:400%20regular%3A400%3Anormal&#8221; hover_title=&#8221;Instytut Sztuk Filmowych i Teatralnych&#8221; shape=&#8221;square&#8221; hover_background_color=&#8221;custom&#8221; hover_btn_title=&#8221;Więcej&#8221; hover_btn_shape=&#8221;square&#8221; hover_btn_color=&#8221;black&#8221; use_custom_fonts_primary_title=&#8221;true&#8221; hover_add_button=&#8221;true&#8221; hover_btn_link=&#8221;url:http%3A%2F%2Fwww.writv.us.edu.pl%2Fpl%2Finstytut|||&#8221; el_class=&#8221;container&#8221; hover_custom_background=&#8221;#f4f4f4&#8243; primary_title_link=&#8221;url:https%3A%2F%2Fwww.writv.us.edu.pl%2Fpl%2Finstytut&#8221;]Instytut Sztuk Filmowych i Teatralnych jest instytutem naukowym i artystycznym Szkoły Filmowej im. Krzysztofa Kieślowskiego Uniwersytetu Śląskiego w Katowicach. Prowadzona jest w nim działalność twórcza w zakresie sztuk filmowych, fotografii oraz sztuk teatralnych.[/vc_hoverbox][/vc_column][vc_column width=&#8221;1/3&#8243;][/vc_column][/vc_row][vc_row][vc_column]<div class="container"><div class="separator" style="background-color: #000000"></div></div>[/vc_column][/vc_row]</p>

<p>[vc_row][vc_column][/vc_column][/vc_row][vc_row el_class=&#8221;container&#8221;][vc_column width=&#8221;1/3&#8243;][/vc_column][vc_column width=&#8221;1/3&#8243;][vc_single_image image=&#8221;225&#8243; img_size=&#8221;large&#8221; alignment=&#8221;center&#8221;][/vc_column][vc_column width=&#8221;1/3&#8243;][vc_single_image image=&#8221;226&#8243; img_size=&#8221;large&#8221;][/vc_column][/vc_row][vc_row][vc_column][vc_single_image image=&#8221;280&#8243; img_size=&#8221;full&#8221;][/vc_column][/vc_row][vc_row][vc_column][/vc_column][/vc_row][vc_row el_class=&#8221;container&#8221;][vc_column width=&#8221;1/3&#8243;][vc_hoverbox image=&#8221;296&#8243; primary_title=&#8221;Węgiel Film Festival&#8221; primary_title_font_container=&#8221;color:%23545454|line_height:1.5&#8243; primary_title_google_fonts=&#8221;font_family:PT%20Sans%20Caption%3Aregular%2C700|font_style:400%20regular%3A400%3Anormal&#8221; hover_title=&#8221;Węgiel Film Festival&#8221; shape=&#8221;square&#8221; hover_background_color=&#8221;custom&#8221; hover_btn_title=&#8221;Strona główna Festivalu&#8221; hover_btn_shape=&#8221;square&#8221; hover_btn_color=&#8221;inverse&#8221; use_custom_fonts_primary_title=&#8221;true&#8221; hover_add_button=&#8221;true&#8221; hover_btn_link=&#8221;url:https%3A%2F%2Fwww.wff.us.edu.pl%2F|||&#8221; el_class=&#8221;container&#8221; hover_custom_background=&#8221;#f4f4f4&#8243; primary_title_link=&#8221;url:https%3A%2F%2Fwww.wff.us.edu.pl%2F&#8221;]Ideą festiwalu jest prezentacja twórczości studentów uczelni filmowych z całego świata szerszej publiczności, a także wzajemna wymiana doświadczeń twórczych i [&#8230;]</p>
<p><a class="btn btn-secondary understrap-read-more-link" href="https://us.edu.pl/wydzial/sf/dzialalnosc-artystyczna/">Read More&#8230;</a></p>
