{"id":7,"date":"2021-02-18T10:50:06","date_gmt":"2021-02-18T09:50:06","guid":{"rendered":"https:\/\/us.edu.pl\/wydzial\/sf\/?page_id=7"},"modified":"2026-03-12T12:39:17","modified_gmt":"2026-03-12T11:39:17","slug":"strona-glona","status":"publish","type":"page","link":"https:\/\/us.edu.pl\/wydzial\/sf\/","title":{"rendered":"Strona g\u0142\u00f3wna"},"content":{"rendered":"<p>[vc_row][vc_column][vc_single_image image=&#8221;123&#8243; img_size=&#8221;full&#8221;][\/vc_column][\/vc_row][vc_row el_class=&#8221;container&#8221;][vc_column width=&#8221;2\/3&#8243;]\r\n                <div class=\"text-modules\">\r\n                    <div class=\"container\">\r\n                        <h3 class=\"page-title text__title\">Struktura organizacyjna<\/h3>\r\n                        <div class=\"text-modules__content\"><p><span style=\"font-size: 12pt;\"><strong>W\u0142adze<\/strong><\/span><\/p>\n<ul>\n<li>Dziekan <a href=\"https:\/\/www.writv.us.edu.pl\/pl\/wykladowcy\/89-doktorowicz-krystyna-pl\"><strong>dr hab. Krystyna Doktorowicz, prof. U\u015a<\/strong><\/a><\/li>\n<li>Prodziekan ds. studenckich i kszta\u0142cenia <a href=\"https:\/\/www.writv.us.edu.pl\/pl\/wykladowcy\/447-forst-katarzyna-pl\"><strong>dr Katarzyna Forst, prof. U\u015a<\/strong><\/a><\/li>\n<li>Prodziekan ds. nauki i tw\u00f3rczo\u015bci artystycznej <a href=\"https:\/\/www.writv.us.edu.pl\/pl\/wykladowcy\/88-lukaszewicz-jerzy-w\"><strong>prof. dr hab. Jerzy \u0141ukaszewicz<\/strong><\/a><\/li>\n<li>Prodziekan ds. organizacji i projekt\u00f3w <a href=\"https:\/\/www.writv.us.edu.pl\/pl\/wykladowcy\/771-agnieszka-skolucka-pl\"><strong>dr Agnieszka Sko\u0142ucka<\/strong><\/a><\/li>\n<\/ul>\n<p>&nbsp;<\/p>\n<p><span style=\"font-size: 12pt;\"><strong>Struktura organizacyjna wydzia\u0142u<\/strong><\/span><\/p>\n<ul>\n<li>Szko\u0142a Filmowa im. Krzysztofa Kie\u015blowskiego Uniwersytetu \u015al\u0105skiego\n<ul>\n<li><a href=\"https:\/\/www.writv.us.edu.pl\/pl\/o-szkole\/instytut\"><strong>Instytut Sztuk Filmowych i Teatralnych<\/strong><\/a><\/li>\n<\/ul>\n<\/li>\n<\/ul>\n<p>\n<\/div>\r\n                    <\/div>\r\n                <\/div>[\/vc_column][vc_column width=&#8221;1\/3&#8243;][vc_single_image image=&#8221;218&#8243; img_size=&#8221;1300&#215;1300&#8243;][\/vc_column][\/vc_row][vc_row parallax=&#8221;content-moving&#8221;][vc_column][vc_single_image image=&#8221;216&#8243; img_size=&#8221;full&#8221;][\/vc_column][\/vc_row]<\/p>","protected":false},"excerpt":{"rendered":"<p>[vc_row][vc_column][vc_single_image image=&#8221;123&#8243; img_size=&#8221;full&#8221;][\/vc_column][\/vc_row][vc_row el_class=&#8221;container&#8221;][vc_column width=&#8221;2\/3&#8243;][\/vc_column][vc_column width=&#8221;1\/3&#8243;][vc_single_image image=&#8221;218&#8243; img_size=&#8221;1300&#215;1300&#8243;][\/vc_column][\/vc_row][vc_row parallax=&#8221;content-moving&#8221;][vc_column][vc_single_image image=&#8221;216&#8243; img_size=&#8221;full&#8221;][\/vc_column][\/vc_row] [&#8230;]<\/p>\n<p><a class=\"btn btn-secondary understrap-read-more-link\" href=\"https:\/\/us.edu.pl\/wydzial\/sf\/\">Read More&#8230;<\/a><\/p>\n","protected":false},"author":29,"featured_media":0,"parent":0,"menu_order":15,"comment_status":"closed","ping_status":"closed","template":"page-templates\/index-template.php","meta":{"_expiration-date-status":"","_expiration-date":0,"_expiration-date-type":"","_expiration-date-categories":[],"_expiration-date-options":[]},"acf":[],"_links":{"self":[{"href":"https:\/\/us.edu.pl\/wydzial\/sf\/wp-json\/wp\/v2\/pages\/7"}],"collection":[{"href":"https:\/\/us.edu.pl\/wydzial\/sf\/wp-json\/wp\/v2\/pages"}],"about":[{"href":"https:\/\/us.edu.pl\/wydzial\/sf\/wp-json\/wp\/v2\/types\/page"}],"author":[{"embeddable":true,"href":"https:\/\/us.edu.pl\/wydzial\/sf\/wp-json\/wp\/v2\/users\/29"}],"replies":[{"embeddable":true,"href":"https:\/\/us.edu.pl\/wydzial\/sf\/wp-json\/wp\/v2\/comments?post=7"}],"version-history":[{"count":11,"href":"https:\/\/us.edu.pl\/wydzial\/sf\/wp-json\/wp\/v2\/pages\/7\/revisions"}],"predecessor-version":[{"id":158043,"href":"https:\/\/us.edu.pl\/wydzial\/sf\/wp-json\/wp\/v2\/pages\/7\/revisions\/158043"}],"wp:attachment":[{"href":"https:\/\/us.edu.pl\/wydzial\/sf\/wp-json\/wp\/v2\/media?parent=7"}],"curies":[{"name":"wp","href":"https:\/\/api.w.org\/{rel}","templated":true}]}}

Strona główna

<p>[vc_row][vc_column][vc_single_image image=&#8221;123&#8243; img_size=&#8221;full&#8221;][/vc_column][/vc_row][vc_row el_class=&#8221;container&#8221;][vc_column width=&#8221;2/3&#8243;]
                <div class="text-modules">
                    <div class="container">
                        <h3 class="page-title text__title">Struktura organizacyjna</h3>
                        <div class="text-modules__content"><p><span style="font-size: 12pt;"><strong>Władze</strong></span></p>
<ul>
<li>Dziekan <a href="https://www.writv.us.edu.pl/pl/wykladowcy/89-doktorowicz-krystyna-pl"><strong>dr hab. Krystyna Doktorowicz, prof. UŚ</strong></a></li>
<li>Prodziekan ds. studenckich i kształcenia <a href="https://www.writv.us.edu.pl/pl/wykladowcy/447-forst-katarzyna-pl"><strong>dr Katarzyna Forst, prof. UŚ</strong></a></li>
<li>Prodziekan ds. nauki i twórczości artystycznej <a href="https://www.writv.us.edu.pl/pl/wykladowcy/88-lukaszewicz-jerzy-w"><strong>prof. dr hab. Jerzy Łukaszewicz</strong></a></li>
<li>Prodziekan ds. organizacji i projektów <a href="https://www.writv.us.edu.pl/pl/wykladowcy/771-agnieszka-skolucka-pl"><strong>dr Agnieszka Skołucka</strong></a></li>
</ul>
<p>&nbsp;</p>
<p><span style="font-size: 12pt;"><strong>Struktura organizacyjna wydziału</strong></span></p>
<ul>
<li>Szkoła Filmowa im. Krzysztofa Kieślowskiego Uniwersytetu Śląskiego
<ul>
<li><a href="https://www.writv.us.edu.pl/pl/o-szkole/instytut"><strong>Instytut Sztuk Filmowych i Teatralnych</strong></a></li>
</ul>
</li>
</ul>
<p>
</div>
                    </div>
                </div>[/vc_column][vc_column width=&#8221;1/3&#8243;][vc_single_image image=&#8221;218&#8243; img_size=&#8221;1300&#215;1300&#8243;][/vc_column][/vc_row][vc_row parallax=&#8221;content-moving&#8221;][vc_column][vc_single_image image=&#8221;216&#8243; img_size=&#8221;full&#8221;][/vc_column][/vc_row]</p>
