{"id":169071,"date":"2023-11-20T12:01:50","date_gmt":"2023-11-20T11:01:50","guid":{"rendered":"https:\/\/us.edu.pl\/wydzial\/wh\/?post_type=multimedia&#038;p=169071"},"modified":"2023-11-20T12:55:25","modified_gmt":"2023-11-20T11:55:25","slug":"fotorelacja-z-wykladu-rozkwit-mysli-muzulmanskiej-oraz-prezentacji-dziedzictwo-kulturowe-narodu-marokanskiego","status":"publish","type":"multimedia","link":"https:\/\/us.edu.pl\/wydzial\/wh\/en\/multimedia\/fotorelacja-z-wykladu-rozkwit-mysli-muzulmanskiej-oraz-prezentacji-dziedzictwo-kulturowe-narodu-marokanskiego\/","title":{"rendered":"(Polski) Fotorelacja z wyk\u0142adu \u201eRozkwit my\u015bli muzu\u0142ma\u0144skiej\u201d oraz prezentacji \u201eDziedzictwo kulturowe narodu maroka\u0144skiego\u201d"},"content":{"rendered":"<p class=\"qtranxs-available-languages-message qtranxs-available-languages-message-en\">Sorry, this entry is only available in <a href=\"https:\/\/us.edu.pl\/wydzial\/wh\/pl\/wp-json\/wp\/v2\/multimedia\/169071\" class=\"qtranxs-available-language-link qtranxs-available-language-link-pl\" title=\"Polski\">Polish<\/a>.<\/p>","protected":false},"excerpt":{"rendered":"<p>Sorry, this entry is only available in Polish. [&#8230;]<\/p>\n<p><a class=\"btn btn-secondary understrap-read-more-link\" href=\"https:\/\/us.edu.pl\/wydzial\/wh\/en\/multimedia\/fotorelacja-z-wykladu-rozkwit-mysli-muzulmanskiej-oraz-prezentacji-dziedzictwo-kulturowe-narodu-marokanskiego\/\">Read More&#8230;<\/a><\/p>\n","protected":false},"author":2430,"featured_media":169072,"template":"","meta":{"_expiration-date-status":"","_expiration-date":0,"_expiration-date-type":"","_expiration-date-categories":[],"_expiration-date-options":[]},"acf":[],"_links":{"self":[{"href":"https:\/\/us.edu.pl\/wydzial\/wh\/en\/wp-json\/wp\/v2\/multimedia\/169071"}],"collection":[{"href":"https:\/\/us.edu.pl\/wydzial\/wh\/en\/wp-json\/wp\/v2\/multimedia"}],"about":[{"href":"https:\/\/us.edu.pl\/wydzial\/wh\/en\/wp-json\/wp\/v2\/types\/multimedia"}],"author":[{"embeddable":true,"href":"https:\/\/us.edu.pl\/wydzial\/wh\/en\/wp-json\/wp\/v2\/users\/2430"}],"version-history":[{"count":0,"href":"https:\/\/us.edu.pl\/wydzial\/wh\/en\/wp-json\/wp\/v2\/multimedia\/169071\/revisions"}],"wp:featuredmedia":[{"embeddable":true,"href":"https:\/\/us.edu.pl\/wydzial\/wh\/en\/wp-json\/wp\/v2\/media\/169072"}],"wp:attachment":[{"href":"https:\/\/us.edu.pl\/wydzial\/wh\/en\/wp-json\/wp\/v2\/media?parent=169071"}],"curies":[{"name":"wp","href":"https:\/\/api.w.org\/{rel}","templated":true}]}}

(Polski) Fotorelacja z wykładu „Rozkwit myśli muzułmańskiej” oraz prezentacji „Dziedzictwo kulturowe narodu marokańskiego”
