{"id":11010,"date":"2021-02-26T09:45:27","date_gmt":"2021-02-26T08:45:27","guid":{"rendered":"https:\/\/us.edu.pl\/wydzial\/wh\/?post_type=event&#038;p=11010"},"modified":"2021-03-01T08:41:07","modified_gmt":"2021-03-01T07:41:07","slug":"edukacja-dla-klimatu-ksztalcenie-uniwersyteckie-i-szkolne-konferencja-online","status":"publish","type":"event","link":"https:\/\/us.edu.pl\/wydzial\/wh\/event\/edukacja-dla-klimatu-ksztalcenie-uniwersyteckie-i-szkolne-konferencja-online\/","title":{"rendered":"Edukacja dla klimatu \u2013 kszta\u0142cenie uniwersyteckie i szkolne \u2013 konferencja (online)"},"content":{"rendered":"<p>[vc_row][vc_column width=&#8221;2\/3&#8243;]\r\n                <div class=\"text-modules\">\r\n                    <div class=\"container\">\r\n                        \r\n                        <div class=\"text-modules__content\"><p>Interdyscyplinarne <a href=\"https:\/\/us.edu.pl\/nauka-i-badania\/centra-badawcze\/interdyscyplinarne-centrum-badan-nad-edukacja-humanistyczna\/\">Centrum Bada\u0144 nad Edukacj\u0105 Humanistyczn\u0105 Uniwersytetu \u015al\u0105skiego w Katowicach<\/a> zaprasza na mi\u0119dzynarodow\u0105 konferencj\u0119 pt. <strong>\u201eEdukacja dla klimatu \u2013 kszta\u0142cenie uniwersyteckie i szkolne\u201d<\/strong> \u2013 jest to kolejne wydarzenie projektu <a href=\"https:\/\/www.hec.us.edu.pl\/\">\u201eEdukacja humanistyczna V4 dla klimatu. Rozpoznania \u2013 dobre praktyki \u2013 rekomendacje\u201d<\/a>.<\/p>\n<p>Konferencja podsumowuje I etap bada\u0144 zwi\u0105zanych z analiz\u0105 materia\u0142\u00f3w dydaktycznych funkcjonuj\u0105cych w edukacji humanistycznej (program\u00f3w, podr\u0119cznik\u00f3w, tre\u015bci j\u0119zykowych, literackich i kulturowych) dokonan\u0105 z perspektywy zmian klimatycznych.<\/p>\n<p>&nbsp;<\/p>\n<p>Udzia\u0142 w konferencji jest bezp\u0142atny. Wymagana jest wcze\u015bniejsza rejestracja.<\/p>\n<p>Wystarczy <strong>do 10 marca<\/strong> napisa\u0107 na adres: <a href=\"mailto:rejestracjaV4@us.edu.pl\">rejestracjaV4@us.edu.pl<\/a>, zwrotnie otrzymaj\u0105 Pa\u0144stwo link do formularza rejestracyjnego oraz link do udzia\u0142u w wydarzeniu.<\/p>\n<\/div>\r\n                    <\/div>\r\n                <\/div>[\/vc_column][vc_column width=&#8221;1\/3&#8243;]\r\n                <div class=\"text-modules\">\r\n                    <div class=\"container\">\r\n                        \r\n                        <div class=\"text-modules__content\"><p><img class=\"alignnone wp-image-4714 size-full\" src=\"https:\/\/us.edu.pl\/wydzial\/wh\/wp-content\/uploads\/sites\/15\/ICBEH\/ICBEH_logo.jpg\" alt=\"Logo Interdyscyplinarnego Centrum Bada\u0144 nad Edukacj\u0105 Humanistyczn\u0105\" width=\"783\" height=\"231\" srcset=\"https:\/\/us.edu.pl\/wydzial\/wh\/wp-content\/uploads\/sites\/15\/ICBEH\/ICBEH_logo.jpg 783w, https:\/\/us.edu.pl\/wydzial\/wh\/wp-content\/uploads\/sites\/15\/ICBEH\/ICBEH_logo-300x89.jpg 300w, https:\/\/us.edu.pl\/wydzial\/wh\/wp-content\/uploads\/sites\/15\/ICBEH\/ICBEH_logo-768x227.jpg 768w, https:\/\/us.edu.pl\/wydzial\/wh\/wp-content\/uploads\/sites\/15\/ICBEH\/ICBEH_logo-575x170.jpg 575w\" sizes=\"(max-width: 783px) 100vw, 783px\" \/><\/p>\n<\/div>\r\n                    <\/div>\r\n                <\/div>\r\n                <div class=\"text-modules\">\r\n                    <div class=\"container\">\r\n                        \r\n                        <div class=\"text-modules__content\"><p><img class=\"alignnone wp-image-4717 size-full\" src=\"https:\/\/us.edu.pl\/wydzial\/wh\/wp-content\/uploads\/sites\/15\/ICBEH\/Visegrad-Fund.jpg\" alt=\"logo Funduszy Wyszehradzkich w j\u0119zyku angielskim\" width=\"401\" height=\"182\" srcset=\"https:\/\/us.edu.pl\/wydzial\/wh\/wp-content\/uploads\/sites\/15\/ICBEH\/Visegrad-Fund.jpg 401w, https:\/\/us.edu.pl\/wydzial\/wh\/wp-content\/uploads\/sites\/15\/ICBEH\/Visegrad-Fund-300x136.jpg 300w\" sizes=\"(max-width: 401px) 100vw, 401px\" \/><\/p>\n<\/div>\r\n                    <\/div>\r\n                <\/div>[\/vc_column][\/vc_row][vc_row][vc_column width=&#8221;1\/2&#8243;]\r\n                <div class=\"text-modules\">\r\n                    <div class=\"container\">\r\n                        \r\n                        <div class=\"text-modules__content\"><p><img class=\"alignnone wp-image-11078 size-large\" src=\"https:\/\/us.edu.pl\/wydzial\/wh\/wp-content\/uploads\/sites\/15\/ICBEH\/Edukacja-dla-klimatu_konferencja-11.03.2021_program_1-724x1024.png\" alt=\"plakat z programem konferencji cz.1\" width=\"640\" height=\"905\" \/><\/p>\n<\/div>\r\n                    <\/div>\r\n                <\/div>[\/vc_column][vc_column width=&#8221;1\/2&#8243;]\r\n                <div class=\"text-modules\">\r\n                    <div class=\"container\">\r\n                        \r\n                        <div class=\"text-modules__content\"><p><img class=\"alignnone wp-image-11081 size-large\" src=\"https:\/\/us.edu.pl\/wydzial\/wh\/wp-content\/uploads\/sites\/15\/ICBEH\/Edukacja-dla-klimatu_konferencja-11.03.2021_program_2-724x1024.png\" alt=\"plakat z programem konferencji cz.2\" width=\"640\" height=\"905\" srcset=\"https:\/\/us.edu.pl\/wydzial\/wh\/wp-content\/uploads\/sites\/15\/ICBEH\/Edukacja-dla-klimatu_konferencja-11.03.2021_program_2-724x1024.png 724w, https:\/\/us.edu.pl\/wydzial\/wh\/wp-content\/uploads\/sites\/15\/ICBEH\/Edukacja-dla-klimatu_konferencja-11.03.2021_program_2-212x300.png 212w, https:\/\/us.edu.pl\/wydzial\/wh\/wp-content\/uploads\/sites\/15\/ICBEH\/Edukacja-dla-klimatu_konferencja-11.03.2021_program_2-768x1086.png 768w, https:\/\/us.edu.pl\/wydzial\/wh\/wp-content\/uploads\/sites\/15\/ICBEH\/Edukacja-dla-klimatu_konferencja-11.03.2021_program_2-406x575.png 406w, https:\/\/us.edu.pl\/wydzial\/wh\/wp-content\/uploads\/sites\/15\/ICBEH\/Edukacja-dla-klimatu_konferencja-11.03.2021_program_2.png 1587w\" sizes=\"(max-width: 640px) 100vw, 640px\" \/><\/p>\n<\/div>\r\n                    <\/div>\r\n                <\/div>[\/vc_column][\/vc_row]<\/p>","protected":false},"excerpt":{"rendered":"<p>[vc_row][vc_column width=&#8221;2\/3&#8243;][\/vc_column][vc_column width=&#8221;1\/3&#8243;][\/vc_column][\/vc_row][vc_row][vc_column width=&#8221;1\/2&#8243;][\/vc_column][vc_column width=&#8221;1\/2&#8243;][\/vc_column][\/vc_row] [&#8230;]<\/p>\n<p><a class=\"btn btn-secondary understrap-read-more-link\" href=\"https:\/\/us.edu.pl\/wydzial\/wh\/event\/edukacja-dla-klimatu-ksztalcenie-uniwersyteckie-i-szkolne-konferencja-online\/\">Read More&#8230;<\/a><\/p>\n","protected":false},"author":1,"featured_media":0,"template":"","meta":{"_expiration-date-status":"saved","_expiration-date":0,"_expiration-date-type":"","_expiration-date-categories":[],"_expiration-date-options":[]},"acf":[],"_links":{"self":[{"href":"https:\/\/us.edu.pl\/wydzial\/wh\/wp-json\/wp\/v2\/event\/11010"}],"collection":[{"href":"https:\/\/us.edu.pl\/wydzial\/wh\/wp-json\/wp\/v2\/event"}],"about":[{"href":"https:\/\/us.edu.pl\/wydzial\/wh\/wp-json\/wp\/v2\/types\/event"}],"author":[{"embeddable":true,"href":"https:\/\/us.edu.pl\/wydzial\/wh\/wp-json\/wp\/v2\/users\/1"}],"version-history":[{"count":4,"href":"https:\/\/us.edu.pl\/wydzial\/wh\/wp-json\/wp\/v2\/event\/11010\/revisions"}],"predecessor-version":[{"id":11083,"href":"https:\/\/us.edu.pl\/wydzial\/wh\/wp-json\/wp\/v2\/event\/11010\/revisions\/11083"}],"wp:attachment":[{"href":"https:\/\/us.edu.pl\/wydzial\/wh\/wp-json\/wp\/v2\/media?parent=11010"}],"curies":[{"name":"wp","href":"https:\/\/api.w.org\/{rel}","templated":true}]}}

Edukacja dla klimatu – kształcenie uniwersyteckie i szkolne – konferencja (online)

<p>[vc_row][vc_column width=&#8221;2/3&#8243;]
                <div class="text-modules">
                    <div class="container">
                        
                        <div class="text-modules__content"><p>Interdyscyplinarne <a href="https://us.edu.pl/nauka-i-badania/centra-badawcze/interdyscyplinarne-centrum-badan-nad-edukacja-humanistyczna/">Centrum Badań nad Edukacją Humanistyczną Uniwersytetu Śląskiego w Katowicach</a> zaprasza na międzynarodową konferencję pt. <strong>„Edukacja dla klimatu – kształcenie uniwersyteckie i szkolne”</strong> – jest to kolejne wydarzenie projektu <a href="https://www.hec.us.edu.pl/">„Edukacja humanistyczna V4 dla klimatu. Rozpoznania – dobre praktyki – rekomendacje”</a>.</p>
<p>Konferencja podsumowuje I etap badań związanych z analizą materiałów dydaktycznych funkcjonujących w edukacji humanistycznej (programów, podręczników, treści językowych, literackich i kulturowych) dokonaną z perspektywy zmian klimatycznych.</p>
<p>&nbsp;</p>
<p>Udział w konferencji jest bezpłatny. Wymagana jest wcześniejsza rejestracja.</p>
<p>Wystarczy <strong>do 10 marca</strong> napisać na adres: <a href="mailto:rejestracjaV4@us.edu.pl">rejestracjaV4@us.edu.pl</a>, zwrotnie otrzymają Państwo link do formularza rejestracyjnego oraz link do udziału w wydarzeniu.</p>
</div>
                    </div>
                </div>[/vc_column][vc_column width=&#8221;1/3&#8243;]
                <div class="text-modules">
                    <div class="container">
                        
                        <div class="text-modules__content"><p><img class="alignnone wp-image-4714 size-full" src="https://us.edu.pl/wydzial/wh/wp-content/uploads/sites/15/ICBEH/ICBEH_logo.jpg" alt="Logo Interdyscyplinarnego Centrum Badań nad Edukacją Humanistyczną" width="783" height="231" srcset="https://us.edu.pl/wydzial/wh/wp-content/uploads/sites/15/ICBEH/ICBEH_logo.jpg 783w, https://us.edu.pl/wydzial/wh/wp-content/uploads/sites/15/ICBEH/ICBEH_logo-300x89.jpg 300w, https://us.edu.pl/wydzial/wh/wp-content/uploads/sites/15/ICBEH/ICBEH_logo-768x227.jpg 768w, https://us.edu.pl/wydzial/wh/wp-content/uploads/sites/15/ICBEH/ICBEH_logo-575x170.jpg 575w" sizes="(max-width: 783px) 100vw, 783px" /></p>
</div>
                    </div>
                </div>
                <div class="text-modules">
                    <div class="container">
                        
                        <div class="text-modules__content"><p><img class="alignnone wp-image-4717 size-full" src="https://us.edu.pl/wydzial/wh/wp-content/uploads/sites/15/ICBEH/Visegrad-Fund.jpg" alt="logo Funduszy Wyszehradzkich w języku angielskim" width="401" height="182" srcset="https://us.edu.pl/wydzial/wh/wp-content/uploads/sites/15/ICBEH/Visegrad-Fund.jpg 401w, https://us.edu.pl/wydzial/wh/wp-content/uploads/sites/15/ICBEH/Visegrad-Fund-300x136.jpg 300w" sizes="(max-width: 401px) 100vw, 401px" /></p>
</div>
                    </div>
                </div>[/vc_column][/vc_row][vc_row][vc_column width=&#8221;1/2&#8243;]
                <div class="text-modules">
                    <div class="container">
                        
                        <div class="text-modules__content"><p><img class="alignnone wp-image-11078 size-large" src="https://us.edu.pl/wydzial/wh/wp-content/uploads/sites/15/ICBEH/Edukacja-dla-klimatu_konferencja-11.03.2021_program_1-724x1024.png" alt="plakat z programem konferencji cz.1" width="640" height="905" /></p>
</div>
                    </div>
                </div>[/vc_column][vc_column width=&#8221;1/2&#8243;]
                <div class="text-modules">
                    <div class="container">
                        
                        <div class="text-modules__content"><p><img class="alignnone wp-image-11081 size-large" src="https://us.edu.pl/wydzial/wh/wp-content/uploads/sites/15/ICBEH/Edukacja-dla-klimatu_konferencja-11.03.2021_program_2-724x1024.png" alt="plakat z programem konferencji cz.2" width="640" height="905" srcset="https://us.edu.pl/wydzial/wh/wp-content/uploads/sites/15/ICBEH/Edukacja-dla-klimatu_konferencja-11.03.2021_program_2-724x1024.png 724w, https://us.edu.pl/wydzial/wh/wp-content/uploads/sites/15/ICBEH/Edukacja-dla-klimatu_konferencja-11.03.2021_program_2-212x300.png 212w, https://us.edu.pl/wydzial/wh/wp-content/uploads/sites/15/ICBEH/Edukacja-dla-klimatu_konferencja-11.03.2021_program_2-768x1086.png 768w, https://us.edu.pl/wydzial/wh/wp-content/uploads/sites/15/ICBEH/Edukacja-dla-klimatu_konferencja-11.03.2021_program_2-406x575.png 406w, https://us.edu.pl/wydzial/wh/wp-content/uploads/sites/15/ICBEH/Edukacja-dla-klimatu_konferencja-11.03.2021_program_2.png 1587w" sizes="(max-width: 640px) 100vw, 640px" /></p>
</div>
                    </div>
                </div>[/vc_column][/vc_row]</p>
