{"id":11341,"date":"2021-03-10T09:51:05","date_gmt":"2021-03-10T08:51:05","guid":{"rendered":"https:\/\/us.edu.pl\/wydzial\/wh\/?post_type=event&#038;p=11341"},"modified":"2021-05-10T12:38:19","modified_gmt":"2021-05-10T10:38:19","slug":"ix-miedzynarodowa-konferencja-magistrantow-online","status":"publish","type":"event","link":"https:\/\/us.edu.pl\/wydzial\/wh\/event\/ix-miedzynarodowa-konferencja-magistrantow-online\/","title":{"rendered":"IX Mi\u0119dzynarodowa Konferencja Magistrant\u00f3w (online)"},"content":{"rendered":"<p>[vc_row][vc_column width=&#8221;2\/3&#8243;]\r\n                <div class=\"text-modules\">\r\n                    <div class=\"container\">\r\n                        \r\n                        <div class=\"text-modules__content\"><p><strong>12 maja 2021 roku<\/strong> w przestrzeni wirtualnej Wydzia\u0142u Humanistycznego Uniwersytetu \u015al\u0105skiego w\u00a0Katowicach odb\u0119dzie si\u0119 <strong>IX Mi\u0119dzynarodowa Konferencja Magistrant\u00f3w<\/strong>. Konferencja organizowana jest przez <a href=\"http:\/\/www.sjikp.us.edu.pl\/pl\/strona-domowa\/\">Szko\u0142\u0119 J\u0119zyka i Kultury Polskiej<\/a>, <a href=\"https:\/\/www.facebook.com\/cjikcus\/\">Centrum J\u0119zyka i Kultury Chi\u0144skiej<\/a> oraz Ko\u0142o Naukowe Student\u00f3w Obcokrajowc\u00f3w \u201eWie\u017ca Babel\u201d. Udzia\u0142 w konferencji jest bezp\u0142atny. Konferencja jest realizowana w ramach projektu \u201eZ kinem polskim w \u015bwiat\u201d finansowanego ze \u015brodk\u00f3w NAWA w ramach programu Promocja J\u0119zyka Polskiego.<\/p>\n<p>Celem spotkania jest umo\u017cliwienie magistrantom, wyr\u00f3\u017cniaj\u0105cym si\u0119 studentom ostatniego roku studi\u00f3w licencjackich oraz doktorantom zaprezentowania fragment\u00f3w w\u0142asnych prac dyplomowych lub zagadnie\u0144 z nimi zwi\u0105zanych. Do udzia\u0142u w konferencji zapraszamy zar\u00f3wno obcokrajowc\u00f3w, jak i Polak\u00f3w studiuj\u0105cych na Pa\u0144stwa uczelniach.<\/p>\n<p>Pragniemy, aby nadchodz\u0105ca edycja konferencji odby\u0142a si\u0119 pod has\u0142em <strong>\u201eZ kultur\u0105 w Polsk\u0119 i w \u015bwiat\u201d<\/strong> i by\u0142a po\u015bwi\u0119cona spojrzeniu na wszelkie zagadnienia zwi\u0105zane z interkulturowo\u015bci\u0105, popularyzacj\u0105 i promocj\u0105 kultury, literatury i historii. Dzi\u0119ki otwartej formule mo\u017cliwe jest nadsy\u0142anie propozycji wyst\u0105pie\u0144 traktuj\u0105cych kultur\u0119 najszerzej jak to tylko mo\u017cliwe. Jeste\u015bmy tak\u017ce zainteresowani referatami ukazuj\u0105cymi szeroko poj\u0119t\u0105 kultur\u0119 w zupe\u0142nie nowych kontekstach (nie tylko humanistycznych!). Studenci-obcokrajowcy mog\u0105 zatem przedstawi\u0107 sw\u00f3j punkt widzenia na polsk\u0105 literatur\u0119, kultur\u0119 i j\u0119zyk, z kolei studenci polscy mog\u0105 zaprezentowa\u0107 podczas wyst\u0105pie\u0144 problematyk\u0119 interkulturow\u0105. Katowickie spotkania s\u0105 znakomit\u0105 okazj\u0105 do interesuj\u0105cych dyskusji w mi\u0119dzynarodowym gronie z udzia\u0142em i pod kierunkiem specjalist\u00f3w: j\u0119zykoznawc\u00f3w, kulturoznawc\u00f3w i literaturoznawc\u00f3w.<\/p>\n<p>Uczestnikami poprzednich edycji konferencji byli studenci Uniwersytetu \u015al\u0105skiego oraz innych o\u015brodk\u00f3w akademickich w kraju (m.in. Uniwersytetu Wroc\u0142awskiego, Uniwersytetu Warszawskiego, Uniwersytetu Jagiello\u0144skiego, Uniwersytetu Miko\u0142aja Kopernika w Toruniu), jak i za granic\u0105 (Uniwersytetu Bolo\u0144skiego, Bia\u0142oruskiego Uniwersytetu Pa\u0144stwowego, Narodowego Uniwersytetu Lwowskiego im. Iwana Franki, Uniwersytetu Federalnego Stanu Parana w Kurytybie). W konferencjach bior\u0105 udzia\u0142 r\u00f3wnie\u017c studenci uczelni o innych profilach (m.in. ASP czy politechniki). Pragniemy, aby tegoroczne spotkanie sta\u0142o si\u0119 forum wymiany do\u015bwiadcze\u0144 obcokrajowc\u00f3w i Polak\u00f3w zajmuj\u0105cych si\u0119 zagadnieniem genologii, studiuj\u0105cych w ca\u0142ej Polsce. B\u0119dziemy wdzi\u0119czni za rozpowszechnienie tej informacji w\u015br\u00f3d student\u00f3w Pa\u0144stwa Uniwersytetu.<\/p>\n<p><strong>Program wydarzenia<\/strong> (do pobrania wy\u017cej) <strong>jest interaktywny<\/strong> &#8211; klikni\u0119cie w odpowiedni\u0105 sekcj\u0119 lub referat &#8222;przenosi&#8221; do odpowiedniego pokoju na platformie Zoom.<\/p>\n<\/div>\r\n                    <\/div>\r\n                <\/div>[\/vc_column][vc_column width=&#8221;1\/3&#8243;][\/vc_column][\/vc_row]<\/p>","protected":false},"excerpt":{"rendered":"<p>[vc_row][vc_column width=&#8221;2\/3&#8243;][\/vc_column][vc_column width=&#8221;1\/3&#8243;][\/vc_column][\/vc_row] [&#8230;]<\/p>\n<p><a class=\"btn btn-secondary understrap-read-more-link\" href=\"https:\/\/us.edu.pl\/wydzial\/wh\/event\/ix-miedzynarodowa-konferencja-magistrantow-online\/\">Read More&#8230;<\/a><\/p>\n","protected":false},"author":1,"featured_media":11342,"template":"","meta":{"_expiration-date-status":"saved","_expiration-date":0,"_expiration-date-type":"","_expiration-date-categories":[],"_expiration-date-options":[]},"acf":[],"_links":{"self":[{"href":"https:\/\/us.edu.pl\/wydzial\/wh\/wp-json\/wp\/v2\/event\/11341"}],"collection":[{"href":"https:\/\/us.edu.pl\/wydzial\/wh\/wp-json\/wp\/v2\/event"}],"about":[{"href":"https:\/\/us.edu.pl\/wydzial\/wh\/wp-json\/wp\/v2\/types\/event"}],"author":[{"embeddable":true,"href":"https:\/\/us.edu.pl\/wydzial\/wh\/wp-json\/wp\/v2\/users\/1"}],"version-history":[{"count":10,"href":"https:\/\/us.edu.pl\/wydzial\/wh\/wp-json\/wp\/v2\/event\/11341\/revisions"}],"predecessor-version":[{"id":12388,"href":"https:\/\/us.edu.pl\/wydzial\/wh\/wp-json\/wp\/v2\/event\/11341\/revisions\/12388"}],"wp:featuredmedia":[{"embeddable":true,"href":"https:\/\/us.edu.pl\/wydzial\/wh\/wp-json\/wp\/v2\/media\/11342"}],"wp:attachment":[{"href":"https:\/\/us.edu.pl\/wydzial\/wh\/wp-json\/wp\/v2\/media?parent=11341"}],"curies":[{"name":"wp","href":"https:\/\/api.w.org\/{rel}","templated":true}]}}

IX Międzynarodowa Konferencja Magistrantów (online)

<p>[vc_row][vc_column width=&#8221;2/3&#8243;]
                <div class="text-modules">
                    <div class="container">
                        
                        <div class="text-modules__content"><p><strong>12 maja 2021 roku</strong> w przestrzeni wirtualnej Wydziału Humanistycznego Uniwersytetu Śląskiego w Katowicach odbędzie się <strong>IX Międzynarodowa Konferencja Magistrantów</strong>. Konferencja organizowana jest przez <a href="http://www.sjikp.us.edu.pl/pl/strona-domowa/">Szkołę Języka i Kultury Polskiej</a>, <a href="https://www.facebook.com/cjikcus/">Centrum Języka i Kultury Chińskiej</a> oraz Koło Naukowe Studentów Obcokrajowców „Wieża Babel”. Udział w konferencji jest bezpłatny. Konferencja jest realizowana w ramach projektu „Z kinem polskim w świat” finansowanego ze środków NAWA w ramach programu Promocja Języka Polskiego.</p>
<p>Celem spotkania jest umożliwienie magistrantom, wyróżniającym się studentom ostatniego roku studiów licencjackich oraz doktorantom zaprezentowania fragmentów własnych prac dyplomowych lub zagadnień z nimi związanych. Do udziału w konferencji zapraszamy zarówno obcokrajowców, jak i Polaków studiujących na Państwa uczelniach.</p>
<p>Pragniemy, aby nadchodząca edycja konferencji odbyła się pod hasłem <strong>„Z kulturą w Polskę i w świat”</strong> i była poświęcona spojrzeniu na wszelkie zagadnienia związane z interkulturowością, popularyzacją i promocją kultury, literatury i historii. Dzięki otwartej formule możliwe jest nadsyłanie propozycji wystąpień traktujących kulturę najszerzej jak to tylko możliwe. Jesteśmy także zainteresowani referatami ukazującymi szeroko pojętą kulturę w zupełnie nowych kontekstach (nie tylko humanistycznych!). Studenci-obcokrajowcy mogą zatem przedstawić swój punkt widzenia na polską literaturę, kulturę i język, z kolei studenci polscy mogą zaprezentować podczas wystąpień problematykę interkulturową. Katowickie spotkania są znakomitą okazją do interesujących dyskusji w międzynarodowym gronie z udziałem i pod kierunkiem specjalistów: językoznawców, kulturoznawców i literaturoznawców.</p>
<p>Uczestnikami poprzednich edycji konferencji byli studenci Uniwersytetu Śląskiego oraz innych ośrodków akademickich w kraju (m.in. Uniwersytetu Wrocławskiego, Uniwersytetu Warszawskiego, Uniwersytetu Jagiellońskiego, Uniwersytetu Mikołaja Kopernika w Toruniu), jak i za granicą (Uniwersytetu Bolońskiego, Białoruskiego Uniwersytetu Państwowego, Narodowego Uniwersytetu Lwowskiego im. Iwana Franki, Uniwersytetu Federalnego Stanu Parana w Kurytybie). W konferencjach biorą udział również studenci uczelni o innych profilach (m.in. ASP czy politechniki). Pragniemy, aby tegoroczne spotkanie stało się forum wymiany doświadczeń obcokrajowców i Polaków zajmujących się zagadnieniem genologii, studiujących w całej Polsce. Będziemy wdzięczni za rozpowszechnienie tej informacji wśród studentów Państwa Uniwersytetu.</p>
<p><strong>Program wydarzenia</strong> (do pobrania wyżej) <strong>jest interaktywny</strong> &#8211; kliknięcie w odpowiednią sekcję lub referat &#8222;przenosi&#8221; do odpowiedniego pokoju na platformie Zoom.</p>
</div>
                    </div>
                </div>[/vc_column][vc_column width=&#8221;1/3&#8243;][/vc_column][/vc_row]</p>
