{"id":11575,"date":"2021-03-17T14:02:30","date_gmt":"2021-03-17T13:02:30","guid":{"rendered":"https:\/\/us.edu.pl\/wydzial\/wh\/?post_type=event&#038;p=11575"},"modified":"2021-03-17T15:13:22","modified_gmt":"2021-03-17T14:13:22","slug":"wieczor-autorski-z-katarzyna-tubylewicz","status":"publish","type":"event","link":"https:\/\/us.edu.pl\/wydzial\/wh\/event\/wieczor-autorski-z-katarzyna-tubylewicz\/","title":{"rendered":"Wiecz\u00f3r autorski z Katarzyn\u0105 Tubylewicz"},"content":{"rendered":"<p>[vc_row][vc_column width=&#8221;2\/3&#8243;]\r\n                <div class=\"text-modules\">\r\n                    <div class=\"container\">\r\n                        \r\n                        <div class=\"text-modules__content\"><p>Zapraszamy na wiecz\u00f3r autorski z pisark\u0105, reporterk\u0105 i t\u0142umaczk\u0105 Katarzyn\u0105 Tubylewicz, podczas kt\u00f3rego porozmawiamy o r\u00f3\u017cnych odcieniach samotno\u015bci, Pippi L\u00e5ngstrump i innych samotniczkach i samotnikach, o byciu samym oraz o Szwecji. Spotkanie b\u0119dzie transmitowane na stronie Filologia germa\u0144ska U\u015a na Facebooku (adres strony: <a href=\"https:\/\/www.facebook.com\/filgermus\">https:\/\/www.facebook.com\/filgermus<\/a>).<\/p>\n<p><strong><img class=\"size-medium wp-image-11577 alignleft\" src=\"https:\/\/us.edu.pl\/wydzial\/wh\/wp-content\/uploads\/sites\/15\/Nieprzypisane\/Katarzyna-Tubylkiewicz-200x300.jpg\" alt=\"Katarzyna Tubylkiewicz\" width=\"200\" height=\"300\" srcset=\"https:\/\/us.edu.pl\/wydzial\/wh\/wp-content\/uploads\/sites\/15\/Nieprzypisane\/Katarzyna-Tubylkiewicz-200x300.jpg 200w, https:\/\/us.edu.pl\/wydzial\/wh\/wp-content\/uploads\/sites\/15\/Nieprzypisane\/Katarzyna-Tubylkiewicz-384x575.jpg 384w, https:\/\/us.edu.pl\/wydzial\/wh\/wp-content\/uploads\/sites\/15\/Nieprzypisane\/Katarzyna-Tubylkiewicz.jpg 534w\" sizes=\"(max-width: 200px) 100vw, 200px\" \/><\/strong><\/p>\n<p>&nbsp;<\/p>\n<p><strong>Katarzyna<\/strong> <strong>Tubylewicz<\/strong> &#8211; pisarka, kulturoznawczymi i t\u0142umaczka z j\u0119zyka szwedzkiego, autorka powie\u015bci \u201eBardzo zimna wiosna\u201d \u201eW\u0142asne miejsca\u201d i \u201eR\u00f3wie\u015bniczki\u201d, \u201cOstatnia powie\u015b\u0107 Marcela\u201d. Jej reporterskie ksi\u0105\u017cki to \u201cMorali\u015bci. Jak Szwedzi ucz\u0105 si\u0119 na b\u0142\u0119dach i inne historie\u201d i \u201eSztokholm. Miasto, kt\u00f3re t\u0119tni cisz\u0105\u201d. Jej najnowsza ksi\u0105\u017cka \u201eSamotny jak Szwed? O ludziach p\u00f3\u0142nocy, kt\u00f3rzy lubi\u0105 bywa\u0107 sami&#8221; wydawnictwa Wielka Litera to zbi\u00f3r reporta\u017cy, esej\u00f3w, i rozm\u00f3w o samotno\u015bci. Jak sama autorka przyznaje, ksi\u0105\u017cka stanowi opowie\u015b\u0107 o tym, czym samotno\u015b\u0107 jest, czym bywa, co nas w niej przera\u017ca, a co cieszy, jak nas zmienia, jakie wyzwania przed nami stawia.<\/p>\n<\/div>\r\n                    <\/div>\r\n                <\/div>[\/vc_column][vc_column width=&#8221;1\/3&#8243;]\r\n                <div class=\"text-modules\">\r\n                    <div class=\"container\">\r\n                        \r\n                        <div class=\"text-modules__content\"><p><img class=\"alignnone wp-image-11576 size-full\" src=\"https:\/\/us.edu.pl\/wydzial\/wh\/wp-content\/uploads\/sites\/15\/Nieprzypisane\/Samotny-jak-szwed.png\" alt=\"plakat spotkania autorskiego pt. Samotny jak szwed \" width=\"602\" height=\"883\" srcset=\"https:\/\/us.edu.pl\/wydzial\/wh\/wp-content\/uploads\/sites\/15\/Nieprzypisane\/Samotny-jak-szwed.png 602w, https:\/\/us.edu.pl\/wydzial\/wh\/wp-content\/uploads\/sites\/15\/Nieprzypisane\/Samotny-jak-szwed-205x300.png 205w, https:\/\/us.edu.pl\/wydzial\/wh\/wp-content\/uploads\/sites\/15\/Nieprzypisane\/Samotny-jak-szwed-392x575.png 392w\" sizes=\"(max-width: 602px) 100vw, 602px\" \/><\/p>\n<p>\n<\/div>\r\n                    <\/div>\r\n                <\/div>[\/vc_column][\/vc_row]<\/p>","protected":false},"excerpt":{"rendered":"<p>[vc_row][vc_column width=&#8221;2\/3&#8243;][\/vc_column][vc_column width=&#8221;1\/3&#8243;][\/vc_column][\/vc_row] [&#8230;]<\/p>\n<p><a class=\"btn btn-secondary understrap-read-more-link\" href=\"https:\/\/us.edu.pl\/wydzial\/wh\/event\/wieczor-autorski-z-katarzyna-tubylewicz\/\">Read More&#8230;<\/a><\/p>\n","protected":false},"author":2429,"featured_media":0,"template":"","meta":{"_expiration-date-status":"saved","_expiration-date":0,"_expiration-date-type":"","_expiration-date-categories":[],"_expiration-date-options":[]},"acf":[],"_links":{"self":[{"href":"https:\/\/us.edu.pl\/wydzial\/wh\/wp-json\/wp\/v2\/event\/11575"}],"collection":[{"href":"https:\/\/us.edu.pl\/wydzial\/wh\/wp-json\/wp\/v2\/event"}],"about":[{"href":"https:\/\/us.edu.pl\/wydzial\/wh\/wp-json\/wp\/v2\/types\/event"}],"author":[{"embeddable":true,"href":"https:\/\/us.edu.pl\/wydzial\/wh\/wp-json\/wp\/v2\/users\/2429"}],"version-history":[{"count":16,"href":"https:\/\/us.edu.pl\/wydzial\/wh\/wp-json\/wp\/v2\/event\/11575\/revisions"}],"predecessor-version":[{"id":11598,"href":"https:\/\/us.edu.pl\/wydzial\/wh\/wp-json\/wp\/v2\/event\/11575\/revisions\/11598"}],"wp:attachment":[{"href":"https:\/\/us.edu.pl\/wydzial\/wh\/wp-json\/wp\/v2\/media?parent=11575"}],"curies":[{"name":"wp","href":"https:\/\/api.w.org\/{rel}","templated":true}]}}

Wieczór autorski z Katarzyną Tubylewicz

<p>[vc_row][vc_column width=&#8221;2/3&#8243;]
                <div class="text-modules">
                    <div class="container">
                        
                        <div class="text-modules__content"><p>Zapraszamy na wieczór autorski z pisarką, reporterką i tłumaczką Katarzyną Tubylewicz, podczas którego porozmawiamy o różnych odcieniach samotności, Pippi Långstrump i innych samotniczkach i samotnikach, o byciu samym oraz o Szwecji. Spotkanie będzie transmitowane na stronie Filologia germańska UŚ na Facebooku (adres strony: <a href="https://www.facebook.com/filgermus">https://www.facebook.com/filgermus</a>).</p>
<p><strong><img class="size-medium wp-image-11577 alignleft" src="https://us.edu.pl/wydzial/wh/wp-content/uploads/sites/15/Nieprzypisane/Katarzyna-Tubylkiewicz-200x300.jpg" alt="Katarzyna Tubylkiewicz" width="200" height="300" srcset="https://us.edu.pl/wydzial/wh/wp-content/uploads/sites/15/Nieprzypisane/Katarzyna-Tubylkiewicz-200x300.jpg 200w, https://us.edu.pl/wydzial/wh/wp-content/uploads/sites/15/Nieprzypisane/Katarzyna-Tubylkiewicz-384x575.jpg 384w, https://us.edu.pl/wydzial/wh/wp-content/uploads/sites/15/Nieprzypisane/Katarzyna-Tubylkiewicz.jpg 534w" sizes="(max-width: 200px) 100vw, 200px" /></strong></p>
<p>&nbsp;</p>
<p><strong>Katarzyna</strong> <strong>Tubylewicz</strong> &#8211; pisarka, kulturoznawczymi i tłumaczka z języka szwedzkiego, autorka powieści „Bardzo zimna wiosna” „Własne miejsca” i „Rówieśniczki”, “Ostatnia powieść Marcela”. Jej reporterskie książki to “Moraliści. Jak Szwedzi uczą się na błędach i inne historie” i „Sztokholm. Miasto, które tętni ciszą”. Jej najnowsza książka „Samotny jak Szwed? O ludziach północy, którzy lubią bywać sami&#8221; wydawnictwa Wielka Litera to zbiór reportaży, esejów, i rozmów o samotności. Jak sama autorka przyznaje, książka stanowi opowieść o tym, czym samotność jest, czym bywa, co nas w niej przeraża, a co cieszy, jak nas zmienia, jakie wyzwania przed nami stawia.</p>
</div>
                    </div>
                </div>[/vc_column][vc_column width=&#8221;1/3&#8243;]
                <div class="text-modules">
                    <div class="container">
                        
                        <div class="text-modules__content"><p><img class="alignnone wp-image-11576 size-full" src="https://us.edu.pl/wydzial/wh/wp-content/uploads/sites/15/Nieprzypisane/Samotny-jak-szwed.png" alt="plakat spotkania autorskiego pt. Samotny jak szwed " width="602" height="883" srcset="https://us.edu.pl/wydzial/wh/wp-content/uploads/sites/15/Nieprzypisane/Samotny-jak-szwed.png 602w, https://us.edu.pl/wydzial/wh/wp-content/uploads/sites/15/Nieprzypisane/Samotny-jak-szwed-205x300.png 205w, https://us.edu.pl/wydzial/wh/wp-content/uploads/sites/15/Nieprzypisane/Samotny-jak-szwed-392x575.png 392w" sizes="(max-width: 602px) 100vw, 602px" /></p>
<p>
</div>
                    </div>
                </div>[/vc_column][/vc_row]</p>
