{"id":12937,"date":"2021-05-25T13:06:27","date_gmt":"2021-05-25T11:06:27","guid":{"rendered":"https:\/\/us.edu.pl\/wydzial\/wh\/?post_type=event&#038;p=12937"},"modified":"2021-05-25T13:11:54","modified_gmt":"2021-05-25T11:11:54","slug":"konferencja-andrzej-j-noras-wspomnienia-filozofia-rozmowa","status":"publish","type":"event","link":"https:\/\/us.edu.pl\/wydzial\/wh\/event\/konferencja-andrzej-j-noras-wspomnienia-filozofia-rozmowa\/","title":{"rendered":"Konferencja \u201eAndrzej J. Noras \u2013 wspomnienia, filozofia, rozmowa\u201d"},"content":{"rendered":"<p>[vc_row][vc_column width=&#8221;2\/3&#8243;]\r\n                <div class=\"text-modules\">\r\n                    <div class=\"container\">\r\n                        \r\n                        <div class=\"text-modules__content\"><p>Szanowni Pa\u0144stwo,<\/p>\n<p>w najbli\u017cszy pi\u0105tek odb\u0119dzie si\u0119 konferencja po\u015bwi\u0119cona \u015bp. Andrzejowi Norasowi.<\/p>\n<p>W imieniu Dyrektora Instytutu Filozofii U\u015a serdecznie zapraszamy do udzia\u0142u w konferencji pt. \u00bbAndrzej J. Noras \u2013 wspomnienia, filozofia, rozmowa\u00ab. Pragniemy, aby spotkanie sta\u0142o si\u0119 okazj\u0105 do rozmowy na temat osoby i filozofii naszego przedwcze\u015bnie zmar\u0142ego kolegi, przyjaciela i mistrza.<\/p>\n<p>&nbsp;<\/p>\n<p>Termin i miejsce konferencji:<\/p>\n<p>28 maja 2021 roku (pi\u0105tek), godz. 12:00-17:00, platforma Microsoft Teams<\/p>\n<p><a href=\"https:\/\/teams.microsoft.com\/l\/team\/19%3aThNh-UlvstMTX0jXHcfxwCXxmRZ9FC43QYO1pC3mtBY1%40thread.tacv2\/conversations?groupId=04df77fa-3eb8-4c37-9a67-d1b75cd31d28&amp;tenantId=50c76291-0c80-4444-a2fb-4f8ab168c311\">Link do spotkania.<\/a><\/p>\n<p>\n<\/div>\r\n                    <\/div>\r\n                <\/div>[\/vc_column][vc_column width=&#8221;1\/3&#8243;]\r\n                <div class=\"text-modules\">\r\n                    <div class=\"container\">\r\n                        \r\n                        <div class=\"text-modules__content\"><p><img class=\"alignnone wp-image-6877 size-full\" src=\"https:\/\/us.edu.pl\/wydzial\/wh\/wp-content\/uploads\/sites\/15\/Nieprzypisane\/IMG_9284-100_czb-600x400.jpg\" alt=\"zdj\u0119cie portretowe prof. Andrzeja Norasa\" width=\"600\" height=\"400\" srcset=\"https:\/\/us.edu.pl\/wydzial\/wh\/wp-content\/uploads\/sites\/15\/Nieprzypisane\/IMG_9284-100_czb-600x400.jpg 600w, https:\/\/us.edu.pl\/wydzial\/wh\/wp-content\/uploads\/sites\/15\/Nieprzypisane\/IMG_9284-100_czb-600x400-300x200.jpg 300w, https:\/\/us.edu.pl\/wydzial\/wh\/wp-content\/uploads\/sites\/15\/Nieprzypisane\/IMG_9284-100_czb-600x400-575x383.jpg 575w\" sizes=\"(max-width: 600px) 100vw, 600px\" \/><\/p>\n<\/div>\r\n                    <\/div>\r\n                <\/div>[\/vc_column][\/vc_row]<\/p>","protected":false},"excerpt":{"rendered":"<p>[vc_row][vc_column width=&#8221;2\/3&#8243;][\/vc_column][vc_column width=&#8221;1\/3&#8243;][\/vc_column][\/vc_row] [&#8230;]<\/p>\n<p><a class=\"btn btn-secondary understrap-read-more-link\" href=\"https:\/\/us.edu.pl\/wydzial\/wh\/event\/konferencja-andrzej-j-noras-wspomnienia-filozofia-rozmowa\/\">Read More&#8230;<\/a><\/p>\n","protected":false},"author":2430,"featured_media":0,"template":"","meta":{"_expiration-date-status":"saved","_expiration-date":0,"_expiration-date-type":"","_expiration-date-categories":[],"_expiration-date-options":[]},"acf":[],"_links":{"self":[{"href":"https:\/\/us.edu.pl\/wydzial\/wh\/wp-json\/wp\/v2\/event\/12937"}],"collection":[{"href":"https:\/\/us.edu.pl\/wydzial\/wh\/wp-json\/wp\/v2\/event"}],"about":[{"href":"https:\/\/us.edu.pl\/wydzial\/wh\/wp-json\/wp\/v2\/types\/event"}],"author":[{"embeddable":true,"href":"https:\/\/us.edu.pl\/wydzial\/wh\/wp-json\/wp\/v2\/users\/2430"}],"version-history":[{"count":2,"href":"https:\/\/us.edu.pl\/wydzial\/wh\/wp-json\/wp\/v2\/event\/12937\/revisions"}],"predecessor-version":[{"id":12945,"href":"https:\/\/us.edu.pl\/wydzial\/wh\/wp-json\/wp\/v2\/event\/12937\/revisions\/12945"}],"wp:attachment":[{"href":"https:\/\/us.edu.pl\/wydzial\/wh\/wp-json\/wp\/v2\/media?parent=12937"}],"curies":[{"name":"wp","href":"https:\/\/api.w.org\/{rel}","templated":true}]}}

<p>[vc_row][vc_column width=&#8221;2/3&#8243;]
                <div class="text-modules">
                    <div class="container">
                        
                        <div class="text-modules__content"><p>Szanowni Państwo,</p>
<p>w najbliższy piątek odbędzie się konferencja poświęcona śp. Andrzejowi Norasowi.</p>
<p>W imieniu Dyrektora Instytutu Filozofii UŚ serdecznie zapraszamy do udziału w konferencji pt. »Andrzej J. Noras – wspomnienia, filozofia, rozmowa«. Pragniemy, aby spotkanie stało się okazją do rozmowy na temat osoby i filozofii naszego przedwcześnie zmarłego kolegi, przyjaciela i mistrza.</p>
<p>&nbsp;</p>
<p>Termin i miejsce konferencji:</p>
<p>28 maja 2021 roku (piątek), godz. 12:00-17:00, platforma Microsoft Teams</p>
<p><a href="https://teams.microsoft.com/l/team/19%3aThNh-UlvstMTX0jXHcfxwCXxmRZ9FC43QYO1pC3mtBY1%40thread.tacv2/conversations?groupId=04df77fa-3eb8-4c37-9a67-d1b75cd31d28&amp;tenantId=50c76291-0c80-4444-a2fb-4f8ab168c311">Link do spotkania.</a></p>
<p>
</div>
                    </div>
                </div>[/vc_column][vc_column width=&#8221;1/3&#8243;]
                <div class="text-modules">
                    <div class="container">
                        
                        <div class="text-modules__content"><p><img class="alignnone wp-image-6877 size-full" src="https://us.edu.pl/wydzial/wh/wp-content/uploads/sites/15/Nieprzypisane/IMG_9284-100_czb-600x400.jpg" alt="zdjęcie portretowe prof. Andrzeja Norasa" width="600" height="400" srcset="https://us.edu.pl/wydzial/wh/wp-content/uploads/sites/15/Nieprzypisane/IMG_9284-100_czb-600x400.jpg 600w, https://us.edu.pl/wydzial/wh/wp-content/uploads/sites/15/Nieprzypisane/IMG_9284-100_czb-600x400-300x200.jpg 300w, https://us.edu.pl/wydzial/wh/wp-content/uploads/sites/15/Nieprzypisane/IMG_9284-100_czb-600x400-575x383.jpg 575w" sizes="(max-width: 600px) 100vw, 600px" /></p>
</div>
                    </div>
                </div>[/vc_column][/vc_row]</p>
