{"id":13475,"date":"2021-06-15T15:27:13","date_gmt":"2021-06-15T13:27:13","guid":{"rendered":"https:\/\/us.edu.pl\/wydzial\/wh\/?post_type=event&#038;p=13475"},"modified":"2021-06-15T15:27:13","modified_gmt":"2021-06-15T13:27:13","slug":"ix-edycja-miedzynarodowej-konferencji-na-temat-nominalizacji-jenom9","status":"publish","type":"event","link":"https:\/\/us.edu.pl\/wydzial\/wh\/event\/ix-edycja-miedzynarodowej-konferencji-na-temat-nominalizacji-jenom9\/","title":{"rendered":"IX edycja Mi\u0119dzynarodowej Konferencji na temat Nominalizacji (JENoM9)"},"content":{"rendered":"<p>[vc_row][vc_column width=&#8221;2\/3&#8243;]\r\n                <div class=\"text-modules\">\r\n                    <div class=\"container\">\r\n                        \r\n                        <div class=\"text-modules__content\"><p><a href=\"https:\/\/us.edu.pl\/instytut\/ij\/\">Instytut J\u0119zykoznawstwa U\u015a<\/a> oraz Instytut J\u0119zykoznawstwa KUL organizuj\u0105 wsp\u00f3lnie dziewi\u0105t\u0105 edycj\u0119 Mi\u0119dzynarodowej Konferencji na temat Nominalizacji JENoM, kt\u00f3ra odb\u0119dzie si\u0119 w trybie zdalnym (online) w dniach <strong>17-18 czerwca 2021 r.<\/strong><\/p>\n<p>Wyk\u0142ady plenarne wyg\u0142osz\u0105: <strong>Pius ten Hacken<\/strong> (Leopold-Franzens-Universit\u00e4t Innsbruck), <strong>Chiara Melloni<\/strong> (Universit\u00e0 di Verona) oraz <strong>Jim Wood<\/strong> (Yale University).<\/p>\n<p>Konferencja skierowana jest do j\u0119zykoznawc\u00f3w zajmuj\u0105cych si\u0119 nowatorskimi podej\u015bciami do bada\u0144 nad nominalizacjami przede wszystkim w ramach formalnej morfosk\u0142adni oraz formalnej semantyki.<\/p>\n<p>J\u0119zykiem roboczym konferencji jest j\u0119zyk angielski.<\/p>\n<p>Szczeg\u00f3\u0142owy program umieszczony jest na <a href=\"https:\/\/sites.google.com\/view\/nominalizations-jenom9\/program\">stronie konferencji<\/a>.<\/p>\n<p>Wi\u0119cej informacji u <a href=\"https:\/\/us.edu.pl\/instytut\/ij\/osoby\/bozena-cetnarowska\/\">prof. dr hab. Bo\u017ceny Cetnarowskiej<\/a>: <a href=\"mailto:bozena.cetnarowska@us.edu.pl\">bozena.cetnarowska@us.edu.pl<\/a><\/p>\n<\/div>\r\n                    <\/div>\r\n                <\/div>[\/vc_column][vc_column width=&#8221;1\/3&#8243;]\r\n                <div class=\"text-modules\">\r\n                    <div class=\"container\">\r\n                        \r\n                        <div class=\"text-modules__content\"><p><img class=\"alignnone wp-image-10761 size-full\" src=\"https:\/\/us.edu.pl\/wydzial\/wh\/wp-content\/uploads\/sites\/15\/OBRAZKI-WYR\u00d3\u017bNIAJ\u0104CE\/laptop-5448504_640.jpg\" alt=\"zbli\u017cenie na otwarty laptop widziany z boku\" width=\"640\" height=\"427\" srcset=\"https:\/\/us.edu.pl\/wydzial\/wh\/wp-content\/uploads\/sites\/15\/OBRAZKI-WYR\u00d3\u017bNIAJ\u0104CE\/laptop-5448504_640.jpg 640w, https:\/\/us.edu.pl\/wydzial\/wh\/wp-content\/uploads\/sites\/15\/OBRAZKI-WYR\u00d3\u017bNIAJ\u0104CE\/laptop-5448504_640-300x200.jpg 300w, https:\/\/us.edu.pl\/wydzial\/wh\/wp-content\/uploads\/sites\/15\/OBRAZKI-WYR\u00d3\u017bNIAJ\u0104CE\/laptop-5448504_640-575x384.jpg 575w\" sizes=\"(max-width: 640px) 100vw, 640px\" \/><\/p>\n<\/div>\r\n                    <\/div>\r\n                <\/div>[\/vc_column][\/vc_row]<\/p>","protected":false},"excerpt":{"rendered":"<p>[vc_row][vc_column width=&#8221;2\/3&#8243;][\/vc_column][vc_column width=&#8221;1\/3&#8243;][\/vc_column][\/vc_row] [&#8230;]<\/p>\n<p><a class=\"btn btn-secondary understrap-read-more-link\" href=\"https:\/\/us.edu.pl\/wydzial\/wh\/event\/ix-edycja-miedzynarodowej-konferencji-na-temat-nominalizacji-jenom9\/\">Read More&#8230;<\/a><\/p>\n","protected":false},"author":1,"featured_media":0,"template":"","meta":{"_expiration-date-status":"saved","_expiration-date":0,"_expiration-date-type":"","_expiration-date-categories":[],"_expiration-date-options":[]},"acf":[],"_links":{"self":[{"href":"https:\/\/us.edu.pl\/wydzial\/wh\/wp-json\/wp\/v2\/event\/13475"}],"collection":[{"href":"https:\/\/us.edu.pl\/wydzial\/wh\/wp-json\/wp\/v2\/event"}],"about":[{"href":"https:\/\/us.edu.pl\/wydzial\/wh\/wp-json\/wp\/v2\/types\/event"}],"author":[{"embeddable":true,"href":"https:\/\/us.edu.pl\/wydzial\/wh\/wp-json\/wp\/v2\/users\/1"}],"version-history":[{"count":3,"href":"https:\/\/us.edu.pl\/wydzial\/wh\/wp-json\/wp\/v2\/event\/13475\/revisions"}],"predecessor-version":[{"id":13478,"href":"https:\/\/us.edu.pl\/wydzial\/wh\/wp-json\/wp\/v2\/event\/13475\/revisions\/13478"}],"wp:attachment":[{"href":"https:\/\/us.edu.pl\/wydzial\/wh\/wp-json\/wp\/v2\/media?parent=13475"}],"curies":[{"name":"wp","href":"https:\/\/api.w.org\/{rel}","templated":true}]}}

IX edycja Międzynarodowej Konferencji na temat Nominalizacji (JENoM9)

<p>[vc_row][vc_column width=&#8221;2/3&#8243;]
                <div class="text-modules">
                    <div class="container">
                        
                        <div class="text-modules__content"><p><a href="https://us.edu.pl/instytut/ij/">Instytut Językoznawstwa UŚ</a> oraz Instytut Językoznawstwa KUL organizują wspólnie dziewiątą edycję Międzynarodowej Konferencji na temat Nominalizacji JENoM, która odbędzie się w trybie zdalnym (online) w dniach <strong>17-18 czerwca 2021 r.</strong></p>
<p>Wykłady plenarne wygłoszą: <strong>Pius ten Hacken</strong> (Leopold-Franzens-Universität Innsbruck), <strong>Chiara Melloni</strong> (Università di Verona) oraz <strong>Jim Wood</strong> (Yale University).</p>
<p>Konferencja skierowana jest do językoznawców zajmujących się nowatorskimi podejściami do badań nad nominalizacjami przede wszystkim w ramach formalnej morfoskładni oraz formalnej semantyki.</p>
<p>Językiem roboczym konferencji jest język angielski.</p>
<p>Szczegółowy program umieszczony jest na <a href="https://sites.google.com/view/nominalizations-jenom9/program">stronie konferencji</a>.</p>
<p>Więcej informacji u <a href="https://us.edu.pl/instytut/ij/osoby/bozena-cetnarowska/">prof. dr hab. Bożeny Cetnarowskiej</a>: <a href="mailto:bozena.cetnarowska@us.edu.pl">bozena.cetnarowska@us.edu.pl</a></p>
</div>
                    </div>
                </div>[/vc_column][vc_column width=&#8221;1/3&#8243;]
                <div class="text-modules">
                    <div class="container">
                        
                        <div class="text-modules__content"><p><img class="alignnone wp-image-10761 size-full" src="https://us.edu.pl/wydzial/wh/wp-content/uploads/sites/15/OBRAZKI-WYRÓŻNIAJĄCE/laptop-5448504_640.jpg" alt="zbliżenie na otwarty laptop widziany z boku" width="640" height="427" srcset="https://us.edu.pl/wydzial/wh/wp-content/uploads/sites/15/OBRAZKI-WYRÓŻNIAJĄCE/laptop-5448504_640.jpg 640w, https://us.edu.pl/wydzial/wh/wp-content/uploads/sites/15/OBRAZKI-WYRÓŻNIAJĄCE/laptop-5448504_640-300x200.jpg 300w, https://us.edu.pl/wydzial/wh/wp-content/uploads/sites/15/OBRAZKI-WYRÓŻNIAJĄCE/laptop-5448504_640-575x384.jpg 575w" sizes="(max-width: 640px) 100vw, 640px" /></p>
</div>
                    </div>
                </div>[/vc_column][/vc_row]</p>
